2020: Jan | Feb | Mar | Apr | May | Jun | Jul | Aug | Sep | Oct | Nov | Dec 
2019: Jan | Feb | Mar | Apr | May | Jun | Jul | Aug | Sep | Oct | Nov | Dec 
2018: Jan | Feb | Mar | Apr | May | Jun | Jul | Aug | Sep | Oct | Nov | Dec 
2017: Jan | Feb | Mar | Apr | May | Jun | Jul | Aug | Sep | Oct | Nov | Dec 
2016: Jan | Feb | Mar | Apr | May | Jun | Jul | Aug | Sep | Oct | Nov | Dec 
2015: Jan | Feb | Mar | Apr | May | Jun | Jul | Aug | Sep | Oct | Nov | Dec 
2014: Jan | Feb | Mar | Apr | May | Jun | Jul | Aug | Sep | Oct | Nov | Dec 
2013: Jan | Feb | Mar | Apr | May | Jun | Jul | Aug | Sep | Oct | Nov | Dec 
2012: Jan | Feb | Mar | Apr | May | Jun | Jul | Aug | Sep | Oct | Nov | Dec 
2011: Jan | Feb | Mar | Apr | May | Jun | Jul | Aug | Sep | Oct | Nov | Dec 
2010: Jan | Feb | Mar | Apr | May | Jun | Jul | Aug | Sep | Oct | Nov | Dec 
2009: Jan | Feb | Mar | Apr | May | Jun | Jul | Aug | Sep | Oct | Nov | Dec 
2008: Jan | Feb | Mar | Apr | May | Jun | Jul | Aug | Sep | Oct | Nov | Dec 
2007: Jan | Feb | Mar | Apr | May | Jun | Jul | Aug | Sep | Oct | Nov | Dec 

Report for 2015 03
MONTHLY CLIMATOLOGICAL SUMMARY for MAR. 2015 NAME: VantagePro2 CITY: Urswick STATE: Cumbria ELEV: 128 ft LAT: 54 09' 33" N LONG: 3 07' 24" W TEMPERATURE (C), RAIN (mm), WIND SPEED (mph) HEAT COOL AVG MEAN DEG DEG WIND DOM DAY TEMP HIGH TIME LOW TIME DAYS DAYS RAIN SPEED HIGH TIME DIR ------------------------------------------------------------------------------------ 1 4.9 7.6 0:10 0.8 15:50 13.4 0.0 6.0 3.5 24.0 4:20 SW 2 4.0 6.1 13:20 2.1 9:40 14.3 0.0 1.4 3.6 26.0 11:50 SW 3 4.4 6.3 13:50 2.4 5:50 13.9 0.0 0.2 3.0 26.0 18:20 SW 4 5.7 8.5 13:30 3.9 5:00 12.6 0.0 0.6 3.1 20.0 2:00 NW 5 7.4 8.7 13:00 6.2 6:30 10.9 0.0 0.0 3.5 19.0 15:20 SSE 6 7.6 8.7 23:10 6.7 6:20 10.7 0.0 0.0 3.5 25.0 22:40 SSE 7 8.6 9.4 12:30 8.2 4:20 9.7 0.0 0.0 7.6 29.0 8:50 SSE 8 6.2 9.2 3:20 -1.6 23:50 12.1 0.0 5.0 2.3 22.0 3:20 SSE 9 4.6 9.1 15:50 -2.2 0:50 13.7 0.0 7.2 2.2 18.0 15:50 SSE 10 5.1 9.4 13:50 -0.7 20:40 13.2 0.0 0.0 0.8 12.0 3:40 SW 11 4.4 8.6 16:50 0.2 0:10 13.9 0.0 8.8 1.1 13.0 15:00 SSE 12 7.1 11.1 13:50 1.3 0:20 11.3 0.0 20.6 1.6 16.0 23:40 SSE 13 4.7 7.6 12:30 0.9 21:00 13.6 0.0 1.4 0.7 14.0 0:10 NE 14 3.6 6.6 12:20 0.4 5:30 14.7 0.0 0.0 0.6 10.0 11:50 NE 15 5.6 9.2 15:20 0.9 2:20 12.7 0.0 0.0 0.9 9.0 12:50 NNE 16 5.3 7.7 14:40 2.8 5:00 13.0 0.0 0.0 0.1 7.0 0:20 NE 17 3.8 8.5 13:50 -1.2 00:00 14.4 0.0 0.0 0.1 4.0 12:50 ENE 18 3.2 11.7 13:00 -3.1 6:20 15.2 0.0 0.0 0.2 10.0 14:20 NW 19 5.4 11.7 12:50 -1.7 6:20 12.9 0.0 0.0 0.3 10.0 13:50 NW 20 6.8 9.6 14:30 3.2 23:30 11.5 0.0 0.4 1.3 16.0 17:40 NW 21 5.3 11.3 13:40 -0.9 00:00 13.0 0.0 0.0 0.6 11.0 10:10 NNE 22 3.0 10.1 13:50 -2.3 6:10 15.3 0.0 0.0 0.4 10.0 23:40 SSE 23 6.5 9.7 12:30 0.1 23:50 11.8 0.0 0.4 2.2 15.0 10:40 NW 24 3.6 8.0 13:30 -1.3 00:00 14.8 0.0 1.0 0.8 14.0 13:40 NW 25 3.7 10.2 13:50 -3.4 6:00 14.6 0.0 0.8 0.3 10.0 23:30 SSE 26 5.7 9.6 12:20 2.0 4:50 12.6 0.0 14.2 4.7 27.0 11:50 NW 27 6.3 9.9 14:10 2.3 19:50 12.0 0.0 0.0 0.9 12.0 1:10 NW 28 8.2 10.7 15:00 5.1 0:20 10.1 0.0 13.8 3.7 25.0 10:00 SSE 29 6.7 8.6 15:40 5.1 00:00 11.1 0.0 3.0 2.9 21.0 5:30 SW 30 6.3 9.2 21:50 3.5 5:30 12.0 0.0 20.4 4.5 26.0 14:30 SSE 31 6.1 8.4 13:10 2.9 22:40 12.2 0.0 0.8 7.8 33.0 12:00 NW ------------------------------------------------------------------------------------- 5.5 11.7 18 -3.4 25 397.2 0.0 105.9 2.2 33.0 31 SSE Max >= 32.0: 0 Max <= 0.0: 0 Min <= 0.0: 10 Min <= -18.0: 0 Max Rain: 20.60 ON 12/03/15 Days of Rain: 18 (> .2 mm) 9 (> 2 mm) 2 (> 20 mm) Heat Base: 18.3 Cool Base: 18.3 Method: Integration