2020: Jan | Feb | Mar | Apr | May | Jun | Jul | Aug | Sep | Oct | Nov | Dec 
2019: Jan | Feb | Mar | Apr | May | Jun | Jul | Aug | Sep | Oct | Nov | Dec 
2018: Jan | Feb | Mar | Apr | May | Jun | Jul | Aug | Sep | Oct | Nov | Dec 
2017: Jan | Feb | Mar | Apr | May | Jun | Jul | Aug | Sep | Oct | Nov | Dec 
2016: Jan | Feb | Mar | Apr | May | Jun | Jul | Aug | Sep | Oct | Nov | Dec 
2015: Jan | Feb | Mar | Apr | May | Jun | Jul | Aug | Sep | Oct | Nov | Dec 
2014: Jan | Feb | Mar | Apr | May | Jun | Jul | Aug | Sep | Oct | Nov | Dec 
2013: Jan | Feb | Mar | Apr | May | Jun | Jul | Aug | Sep | Oct | Nov | Dec 
2012: Jan | Feb | Mar | Apr | May | Jun | Jul | Aug | Sep | Oct | Nov | Dec 
2011: Jan | Feb | Mar | Apr | May | Jun | Jul | Aug | Sep | Oct | Nov | Dec 
2010: Jan | Feb | Mar | Apr | May | Jun | Jul | Aug | Sep | Oct | Nov | Dec 
2009: Jan | Feb | Mar | Apr | May | Jun | Jul | Aug | Sep | Oct | Nov | Dec 
2008: Jan | Feb | Mar | Apr | May | Jun | Jul | Aug | Sep | Oct | Nov | Dec 
2007: Jan | Feb | Mar | Apr | May | Jun | Jul | Aug | Sep | Oct | Nov | Dec 

Report for 2015 04
MONTHLY CLIMATOLOGICAL SUMMARY for APR. 2015 NAME: VantagePro2 CITY: Urswick STATE: Cumbria ELEV: 128 ft LAT: 54 09' 33" N LONG: 3 07' 24" W TEMPERATURE (C), RAIN (mm), WIND SPEED (mph) HEAT COOL AVG MEAN DEG DEG WIND DOM DAY TEMP HIGH TIME LOW TIME DAYS DAYS RAIN SPEED HIGH TIME DIR ------------------------------------------------------------------------------------ 1 5.6 7.9 15:00 2.7 0:50 12.7 0.0 3.6 3.4 26.0 4:40 NW 2 5.9 10.1 13:10 1.8 7:30 12.4 0.0 0.2 0.5 11.0 0:30 NW 3 7.1 9.8 12:30 4.7 3:30 11.2 0.0 6.6 1.6 18.0 14:50 NW 4 8.8 13.2 12:20 4.9 6:50 9.5 0.0 0.0 1.4 13.0 17:10 NW 5 7.1 9.8 16:50 3.3 1:20 11.3 0.0 0.2 0.1 6.0 17:50 NW 6 6.7 9.3 13:30 4.7 6:40 11.6 0.0 0.4 0.1 7.0 16:10 NW 7 7.4 12.7 15:10 3.7 23:30 10.9 0.0 0.2 0.5 11.0 16:10 NW 8 8.2 15.1 14:40 1.2 6:40 10.1 0.0 0.0 0.0 4.0 12:50 SSE 9 9.0 16.9 14:20 2.4 6:30 9.3 0.0 0.0 0.2 9.0 14:50 SSE 10 9.1 18.6 14:30 1.4 4:20 9.2 0.0 0.2 0.5 12.0 17:20 SSE 11 7.8 9.8 14:20 4.1 7:00 10.5 0.0 3.8 3.7 26.0 5:30 SSE 12 6.8 10.3 12:20 4.8 9:50 11.5 0.0 16.8 3.3 33.0 12:00 SSE 13 7.1 10.5 15:20 1.3 4:00 11.2 0.0 0.0 1.6 20.0 21:50 SSE 14 9.4 12.3 14:20 8.0 21:20 8.9 0.0 0.0 3.6 22.0 2:20 SSE 15 7.9 11.4 17:20 0.8 00:00 10.4 0.0 1.8 2.1 18.0 7:00 NW 16 6.8 12.6 12:40 0.0 1:30 11.5 0.0 0.0 0.0 4.0 12:40 ENE 17 10.0 16.1 14:50 5.8 23:50 8.3 0.0 0.0 0.2 6.0 2:00 NE 18 8.6 16.4 14:30 2.1 6:20 9.7 0.0 0.0 0.0 0.0 --- --- 19 7.3 14.3 17:10 -1.1 6:00 11.0 0.0 0.0 0.3 10.0 17:50 NNE 20 9.2 15.9 13:40 2.7 00:00 9.1 0.0 0.0 0.2 6.0 17:00 NW 21 9.1 17.3 17:40 -0.1 6:10 9.3 0.0 0.0 0.5 10.0 14:50 NW 22 10.8 17.7 12:50 2.8 5:50 7.5 0.0 0.0 0.4 9.0 16:10 NW 23 10.5 18.3 12:50 3.2 6:20 7.8 0.0 0.0 0.6 10.0 13:30 NW 24 7.9 11.1 14:40 2.9 6:10 10.4 0.0 2.2 1.0 16.0 23:50 SSE 25 7.8 10.0 9:00 0.7 22:40 10.5 0.0 0.0 3.3 20.0 0:10 NW 26 5.3 10.4 14:00 -2.4 5:20 13.0 0.0 0.0 2.1 17.0 18:20 NW 27 3.9 10.8 14:30 -4.4 6:30 14.4 0.0 2.8 1.7 18.0 17:40 SSE 28 6.6 9.6 14:30 3.7 4:10 11.7 0.0 1.0 4.0 26.0 16:30 SW 29 7.1 10.3 14:30 4.4 4:40 11.2 0.0 8.8 3.5 22.0 17:00 SSE 30 7.3 13.5 17:50 0.7 00:00 11.0 0.0 5.4 1.6 18.0 0:10 NNE ------------------------------------------------------------------------------------- 7.7 18.6 10 -4.4 27 316.9 0.0 54.0 1.4 33.0 12 SSE Max >= 32.0: 0 Max <= 0.0: 0 Min <= 0.0: 5 Min <= -18.0: 0 Max Rain: 16.79 ON 12/04/15 Days of Rain: 15 (> .2 mm) 8 (> 2 mm) 0 (> 20 mm) Heat Base: 18.3 Cool Base: 18.3 Method: Integration