2020: Jan | Feb | Mar | Apr | May | Jun | Jul | Aug | Sep | Oct | Nov | Dec 
2019: Jan | Feb | Mar | Apr | May | Jun | Jul | Aug | Sep | Oct | Nov | Dec 
2018: Jan | Feb | Mar | Apr | May | Jun | Jul | Aug | Sep | Oct | Nov | Dec 
2017: Jan | Feb | Mar | Apr | May | Jun | Jul | Aug | Sep | Oct | Nov | Dec 
2016: Jan | Feb | Mar | Apr | May | Jun | Jul | Aug | Sep | Oct | Nov | Dec 
2015: Jan | Feb | Mar | Apr | May | Jun | Jul | Aug | Sep | Oct | Nov | Dec 
2014: Jan | Feb | Mar | Apr | May | Jun | Jul | Aug | Sep | Oct | Nov | Dec 
2013: Jan | Feb | Mar | Apr | May | Jun | Jul | Aug | Sep | Oct | Nov | Dec 
2012: Jan | Feb | Mar | Apr | May | Jun | Jul | Aug | Sep | Oct | Nov | Dec 
2011: Jan | Feb | Mar | Apr | May | Jun | Jul | Aug | Sep | Oct | Nov | Dec 
2010: Jan | Feb | Mar | Apr | May | Jun | Jul | Aug | Sep | Oct | Nov | Dec 
2009: Jan | Feb | Mar | Apr | May | Jun | Jul | Aug | Sep | Oct | Nov | Dec 
2008: Jan | Feb | Mar | Apr | May | Jun | Jul | Aug | Sep | Oct | Nov | Dec 
2007: Jan | Feb | Mar | Apr | May | Jun | Jul | Aug | Sep | Oct | Nov | Dec 

Report for 2015 05
MONTHLY CLIMATOLOGICAL SUMMARY for MAY. 2015 NAME: VantagePro2 CITY: Urswick STATE: Cumbria ELEV: 128 ft LAT: 54 09' 33" N LONG: 3 07' 24" W TEMPERATURE (C), RAIN (mm), WIND SPEED (mph) HEAT COOL AVG MEAN DEG DEG WIND DOM DAY TEMP HIGH TIME LOW TIME DAYS DAYS RAIN SPEED HIGH TIME DIR ------------------------------------------------------------------------------------ 1 6.0 13.4 13:30 -1.7 5:40 12.3 0.0 0.0 0.4 7.0 12:40 NNE 2 5.7 8.1 10:10 2.3 5:40 12.6 0.0 8.0 1.3 14.0 23:30 E 3 9.2 12.8 18:40 6.1 1:00 9.1 0.0 29.2 2.3 16.0 2:10 SSE 4 11.1 15.2 13:30 8.5 5:10 7.2 0.0 0.2 1.7 18.0 1:10 SSE 5 9.9 13.1 17:10 8.2 21:30 8.4 0.0 13.2 3.2 26.0 12:00 SSE 6 8.7 11.4 15:40 7.3 7:50 9.6 0.0 9.2 3.9 21.0 18:30 SSE 7 8.4 12.1 14:20 1.8 23:20 9.9 0.0 0.0 1.2 14.0 3:00 NW 8 7.7 16.1 12:50 0.5 5:30 10.6 0.0 24.4 0.3 9.0 22:20 NNE 9 9.6 14.1 15:10 6.3 22:50 8.7 0.0 2.6 1.7 14.0 6:00 NW 10 10.9 15.0 15:10 5.7 2:00 7.4 0.0 0.4 1.2 17.0 15:10 SSE 11 11.9 14.7 14:50 10.3 00:00 6.4 0.0 16.6 4.4 27.0 12:50 SSE 12 10.9 13.1 13:20 9.2 00:00 7.4 0.0 0.0 4.0 21.0 7:30 SSE 13 10.0 15.0 17:50 2.3 6:00 8.3 0.0 0.0 0.7 11.0 13:30 NW 14 9.7 14.2 16:20 6.3 23:40 8.7 0.0 0.0 1.4 12.0 8:00 NNE 15 9.3 14.8 14:00 3.7 2:30 9.0 0.0 12.0 1.9 18.0 22:20 SSE 16 10.4 13.1 16:30 7.8 22:50 7.9 0.0 0.2 2.4 19.0 8:40 NW 17 9.8 13.0 12:40 8.1 4:10 8.4 0.0 3.4 3.1 20.0 21:50 SW 18 8.9 11.8 16:30 6.9 00:00 9.4 0.0 16.2 2.2 19.0 12:20 SSE 19 8.7 12.3 15:10 6.1 6:00 9.6 0.0 1.0 3.2 21.0 18:00 NW 20 10.1 13.8 17:40 7.4 3:30 8.2 0.0 0.6 3.2 18.0 13:00 NW 21 10.5 13.8 13:30 5.9 2:20 7.8 0.0 0.2 0.8 13.0 16:30 SSE 22 11.8 15.1 12:10 7.8 00:00 6.5 0.0 2.0 0.5 11.0 15:00 NW 23 11.4 16.0 12:20 6.8 23:20 6.9 0.0 0.0 0.4 11.0 13:50 SSE 24 10.9 13.7 13:40 7.9 0:10 7.4 0.0 9.4 2.3 20.0 14:10 NW 25 10.8 14.7 16:50 8.6 1:30 7.4 0.0 0.0 1.5 15.0 23:10 NW 26 10.6 14.2 15:30 6.7 5:30 7.7 0.0 0.0 2.8 17.0 15:20 NW 27 9.8 13.0 12:50 7.8 0:20 8.4 0.0 8.2 2.3 22.0 16:40 SSE 28 9.9 12.9 14:50 7.0 23:20 8.4 0.0 1.8 2.1 20.0 9:30 SW 29 9.1 12.3 13:50 6.6 5:00 9.2 0.0 7.6 1.7 16.0 3:10 NW 30 9.6 13.3 16:30 5.5 2:50 8.7 0.0 3.0 0.8 14.0 8:10 NW 31 9.8 12.3 15:40 7.5 22:50 8.5 0.0 12.8 2.2 19.0 13:00 NW ------------------------------------------------------------------------------------- 9.7 16.1 8 -1.7 1 265.8 0.0 182.2 2.0 27.0 11 NW Max >= 32.0: 0 Max <= 0.0: 0 Min <= 0.0: 1 Min <= -18.0: 0 Max Rain: 29.21 ON 03/05/15 Days of Rain: 23 (> .2 mm) 16 (> 2 mm) 2 (> 20 mm) Heat Base: 18.3 Cool Base: 18.3 Method: Integration