2020: Jan | Feb | Mar | Apr | May | Jun | Jul | Aug | Sep | Oct | Nov | Dec 
2019: Jan | Feb | Mar | Apr | May | Jun | Jul | Aug | Sep | Oct | Nov | Dec 
2018: Jan | Feb | Mar | Apr | May | Jun | Jul | Aug | Sep | Oct | Nov | Dec 
2017: Jan | Feb | Mar | Apr | May | Jun | Jul | Aug | Sep | Oct | Nov | Dec 
2016: Jan | Feb | Mar | Apr | May | Jun | Jul | Aug | Sep | Oct | Nov | Dec 
2015: Jan | Feb | Mar | Apr | May | Jun | Jul | Aug | Sep | Oct | Nov | Dec 
2014: Jan | Feb | Mar | Apr | May | Jun | Jul | Aug | Sep | Oct | Nov | Dec 
2013: Jan | Feb | Mar | Apr | May | Jun | Jul | Aug | Sep | Oct | Nov | Dec 
2012: Jan | Feb | Mar | Apr | May | Jun | Jul | Aug | Sep | Oct | Nov | Dec 
2011: Jan | Feb | Mar | Apr | May | Jun | Jul | Aug | Sep | Oct | Nov | Dec 
2010: Jan | Feb | Mar | Apr | May | Jun | Jul | Aug | Sep | Oct | Nov | Dec 
2009: Jan | Feb | Mar | Apr | May | Jun | Jul | Aug | Sep | Oct | Nov | Dec 
2008: Jan | Feb | Mar | Apr | May | Jun | Jul | Aug | Sep | Oct | Nov | Dec 
2007: Jan | Feb | Mar | Apr | May | Jun | Jul | Aug | Sep | Oct | Nov | Dec 

Report for 2015 06
MONTHLY CLIMATOLOGICAL SUMMARY for JUN. 2015 NAME: VantagePro2 CITY: Urswick STATE: Cumbria ELEV: 128 ft LAT: 54 09' 33" N LONG: 3 07' 24" W TEMPERATURE (C), RAIN (mm), WIND SPEED (mph) HEAT COOL AVG MEAN DEG DEG WIND DOM DAY TEMP HIGH TIME LOW TIME DAYS DAYS RAIN SPEED HIGH TIME DIR ------------------------------------------------------------------------------------ 1 8.7 11.8 11:40 6.8 21:10 9.6 0.0 24.4 3.8 26.0 20:40 SSE 2 10.8 15.1 16:40 7.8 0:10 7.5 0.0 0.0 3.5 23.0 4:00 SSE 3 11.2 15.2 17:10 4.9 23:40 7.2 0.0 0.0 1.0 13.0 13:50 SSW 4 12.6 22.6 18:20 3.5 4:10 6.2 0.5 0.0 0.1 7.0 13:00 SSE 5 13.3 15.7 16:30 9.6 0:10 5.0 0.0 0.0 2.0 19.0 21:40 SSE 6 11.7 14.7 14:10 9.6 4:10 6.6 0.0 0.0 5.2 28.0 14:30 SSE 7 11.2 14.8 13:40 5.1 00:00 7.1 0.0 0.0 1.6 16.0 15:10 NW 8 9.8 16.7 16:00 1.7 5:10 8.5 0.0 0.0 0.5 12.0 13:40 NNE 9 10.9 17.0 19:10 3.8 1:50 7.4 0.0 0.0 0.4 7.0 14:30 NW 10 12.7 20.6 18:40 4.0 5:20 5.9 0.3 0.0 0.3 7.0 15:00 NW 11 15.4 23.9 18:10 5.8 4:30 4.5 1.6 0.0 0.2 6.0 14:00 NNE 12 16.2 24.9 15:00 7.6 5:00 3.5 1.3 0.0 0.0 5.0 15:40 NNE 13 14.9 19.7 13:30 10.8 23:40 3.4 0.0 0.0 0.7 13.0 18:50 SSE 14 12.2 16.3 12:10 9.0 23:00 6.1 0.0 0.6 0.6 11.0 0:10 NNW 15 12.4 19.2 14:40 4.9 5:10 5.9 0.0 0.0 0.2 6.0 15:00 SSE 16 14.3 18.8 12:50 9.8 3:20 4.0 0.0 0.0 0.6 11.0 22:40 SSE 17 13.7 16.2 17:00 9.8 00:00 4.7 0.0 4.8 1.1 11.0 2:20 SSE 18 11.6 16.0 16:50 9.7 0:30 6.7 0.0 0.0 1.4 13.0 21:40 NW 19 11.8 15.4 14:10 10.3 1:40 6.5 0.0 0.0 1.4 13.0 1:10 NW 20 14.3 19.4 17:30 11.4 23:00 4.0 0.0 4.0 0.2 6.0 15:40 SSE 21 12.6 15.8 13:10 9.5 23:20 5.7 0.0 1.2 1.2 14.0 8:20 SSW 22 11.8 17.5 18:10 8.8 2:40 6.4 0.0 3.0 1.3 14.0 7:00 NNW 23 13.2 19.6 17:20 6.3 4:40 5.2 0.1 0.0 0.2 9.0 12:40 SSE 24 13.4 17.5 17:00 7.1 1:00 4.8 0.0 0.0 0.7 13.0 14:40 SSE 25 15.3 17.4 12:10 12.9 23:40 3.0 0.0 0.2 0.6 14.0 13:10 SSE 26 14.7 18.1 15:50 11.0 23:00 3.6 0.0 2.0 0.5 14.0 14:00 SSE 27 14.8 20.7 14:00 6.2 4:50 3.9 0.3 0.0 1.3 13.0 16:40 SSE 28 15.5 19.9 17:20 12.7 00:00 2.8 0.1 8.2 1.8 20.0 12:30 SSE 29 16.1 20.6 17:10 12.1 4:00 2.6 0.3 0.0 0.8 13.0 12:20 SSE 30 21.9 30.9 20:10 14.7 2:30 0.9 4.6 0.0 0.0 5.0 17:40 SE ------------------------------------------------------------------------------------- 13.3 30.9 30 1.7 8 159.2 9.2 48.4 1.1 28.0 6 SSE Max >= 32.0: 0 Max <= 0.0: 0 Min <= 0.0: 0 Min <= -18.0: 0 Max Rain: 24.41 ON 01/06/15 Days of Rain: 9 (> .2 mm) 6 (> 2 mm) 1 (> 20 mm) Heat Base: 18.3 Cool Base: 18.3 Method: Integration