2020: Jan | Feb | Mar | Apr | May | Jun | Jul | Aug | Sep | Oct | Nov | Dec 
2019: Jan | Feb | Mar | Apr | May | Jun | Jul | Aug | Sep | Oct | Nov | Dec 
2018: Jan | Feb | Mar | Apr | May | Jun | Jul | Aug | Sep | Oct | Nov | Dec 
2017: Jan | Feb | Mar | Apr | May | Jun | Jul | Aug | Sep | Oct | Nov | Dec 
2016: Jan | Feb | Mar | Apr | May | Jun | Jul | Aug | Sep | Oct | Nov | Dec 
2015: Jan | Feb | Mar | Apr | May | Jun | Jul | Aug | Sep | Oct | Nov | Dec 
2014: Jan | Feb | Mar | Apr | May | Jun | Jul | Aug | Sep | Oct | Nov | Dec 
2013: Jan | Feb | Mar | Apr | May | Jun | Jul | Aug | Sep | Oct | Nov | Dec 
2012: Jan | Feb | Mar | Apr | May | Jun | Jul | Aug | Sep | Oct | Nov | Dec 
2011: Jan | Feb | Mar | Apr | May | Jun | Jul | Aug | Sep | Oct | Nov | Dec 
2010: Jan | Feb | Mar | Apr | May | Jun | Jul | Aug | Sep | Oct | Nov | Dec 
2009: Jan | Feb | Mar | Apr | May | Jun | Jul | Aug | Sep | Oct | Nov | Dec 
2008: Jan | Feb | Mar | Apr | May | Jun | Jul | Aug | Sep | Oct | Nov | Dec 
2007: Jan | Feb | Mar | Apr | May | Jun | Jul | Aug | Sep | Oct | Nov | Dec 

Report for 2015 07
MONTHLY CLIMATOLOGICAL SUMMARY for JUL. 2015 NAME: VantagePro2 CITY: Urswick STATE: Cumbria ELEV: 128 ft LAT: 54 09' 33" N LONG: 3 07' 24" W TEMPERATURE (C), RAIN (mm), WIND SPEED (mph) HEAT COOL AVG MEAN DEG DEG WIND DOM DAY TEMP HIGH TIME LOW TIME DAYS DAYS RAIN SPEED HIGH TIME DIR ------------------------------------------------------------------------------------ 1 21.2 28.3 11:20 16.1 5:00 0.3 3.2 1.6 0.2 9.0 23:50 SE 2 15.7 20.1 11:20 9.8 23:50 2.7 0.1 4.6 0.3 11.0 17:30 SSE 3 17.6 26.3 17:00 9.1 3:00 2.9 2.1 0.4 0.3 9.0 23:00 SE 4 17.0 22.1 12:20 13.3 23:40 1.8 0.6 6.8 2.3 22.0 15:30 SSE 5 14.4 23.6 14:30 8.4 3:40 4.3 0.4 5.4 0.3 10.0 20:20 SSE 6 13.9 16.7 10:40 9.7 4:40 4.4 0.0 7.0 1.0 11.0 9:00 SSE 7 15.3 18.6 14:40 12.6 23:00 3.0 0.0 1.8 2.8 22.0 17:10 SSE 8 14.0 18.6 13:30 10.8 00:00 4.3 0.0 1.2 2.5 18.0 15:00 NNW 9 12.7 16.8 18:40 8.1 5:50 5.6 0.0 0.0 0.7 13.0 11:30 NNW 10 16.7 25.3 16:40 10.0 0:10 2.9 1.4 0.8 0.2 10.0 18:10 SSE 11 15.7 18.8 13:50 14.0 7:00 2.7 0.0 4.8 2.5 23.0 23:40 SSE 12 15.3 19.3 17:20 10.9 23:40 3.0 0.0 0.8 1.6 23.0 1:30 SSE 13 14.8 17.4 20:00 11.1 0:10 3.4 0.0 11.0 0.4 11.0 14:10 SSE 14 14.8 19.7 15:10 12.0 00:00 3.5 0.0 0.0 0.6 11.0 14:20 NNW 15 13.1 17.8 17:30 7.4 5:20 5.2 0.0 0.0 1.6 15.0 12:40 NNW 16 15.4 23.4 15:50 7.1 4:20 3.9 1.0 0.0 0.5 10.0 18:40 E 17 15.4 18.1 15:00 13.3 5:30 2.9 0.0 16.0 3.7 24.0 18:20 SSE 18 14.7 17.7 15:10 12.4 4:30 3.7 0.0 0.0 4.1 24.0 10:10 SSE 19 14.2 17.8 17:00 8.7 00:00 4.2 0.0 11.0 1.7 27.0 6:10 SSE 20 14.6 18.3 12:00 8.6 0:40 3.8 0.0 1.2 1.6 21.0 18:20 SSE 21 15.3 17.9 14:40 12.6 00:00 3.0 0.0 0.2 3.2 19.0 12:50 SSE 22 13.2 17.2 17:10 8.4 4:00 5.1 0.0 0.4 0.3 11.0 18:40 SSE 23 14.6 17.7 13:40 12.2 23:20 3.8 0.0 0.0 0.9 14.0 12:50 SSE 24 13.3 18.1 11:30 8.5 3:10 5.0 0.0 0.0 0.1 5.0 15:10 NNW 25 13.2 17.8 13:00 7.5 5:50 5.1 0.0 0.0 0.9 15.0 13:20 NNW 26 12.1 15.3 10:50 8.7 2:20 6.3 0.0 7.2 0.3 9.0 15:00 NNW 27 13.6 15.8 12:50 11.7 00:00 4.7 0.0 10.6 0.0 6.0 15:10 NNW 28 12.3 15.7 13:00 10.3 00:00 6.0 0.0 7.8 0.6 13.0 12:30 NNW 29 13.0 17.3 14:30 8.7 5:20 5.3 0.0 2.6 1.1 15.0 15:40 NNW 30 12.6 16.4 17:50 8.3 23:40 5.7 0.0 0.0 1.5 16.0 14:00 NNW 31 13.4 17.3 14:20 8.0 0:40 4.9 0.0 0.0 1.8 16.0 23:20 SSE ------------------------------------------------------------------------------------- 14.6 28.3 1 7.1 16 123.2 8.9 103.2 1.3 27.0 19 SSE Max >= 32.0: 0 Max <= 0.0: 0 Min <= 0.0: 0 Min <= -18.0: 0 Max Rain: 16.00 ON 17/07/15 Days of Rain: 21 (> .2 mm) 12 (> 2 mm) 0 (> 20 mm) Heat Base: 18.3 Cool Base: 18.3 Method: Integration