2020: Jan | Feb | Mar | Apr | May | Jun | Jul | Aug | Sep | Oct | Nov | Dec 
2019: Jan | Feb | Mar | Apr | May | Jun | Jul | Aug | Sep | Oct | Nov | Dec 
2018: Jan | Feb | Mar | Apr | May | Jun | Jul | Aug | Sep | Oct | Nov | Dec 
2017: Jan | Feb | Mar | Apr | May | Jun | Jul | Aug | Sep | Oct | Nov | Dec 
2016: Jan | Feb | Mar | Apr | May | Jun | Jul | Aug | Sep | Oct | Nov | Dec 
2015: Jan | Feb | Mar | Apr | May | Jun | Jul | Aug | Sep | Oct | Nov | Dec 
2014: Jan | Feb | Mar | Apr | May | Jun | Jul | Aug | Sep | Oct | Nov | Dec 
2013: Jan | Feb | Mar | Apr | May | Jun | Jul | Aug | Sep | Oct | Nov | Dec 
2012: Jan | Feb | Mar | Apr | May | Jun | Jul | Aug | Sep | Oct | Nov | Dec 
2011: Jan | Feb | Mar | Apr | May | Jun | Jul | Aug | Sep | Oct | Nov | Dec 
2010: Jan | Feb | Mar | Apr | May | Jun | Jul | Aug | Sep | Oct | Nov | Dec 
2009: Jan | Feb | Mar | Apr | May | Jun | Jul | Aug | Sep | Oct | Nov | Dec 
2008: Jan | Feb | Mar | Apr | May | Jun | Jul | Aug | Sep | Oct | Nov | Dec 
2007: Jan | Feb | Mar | Apr | May | Jun | Jul | Aug | Sep | Oct | Nov | Dec 

Report for 2015 08
MONTHLY CLIMATOLOGICAL SUMMARY for AUG. 2015 NAME: VantagePro2 CITY: Urswick STATE: Cumbria ELEV: 128 ft LAT: 54 09' 33" N LONG: 3 07' 24" W TEMPERATURE (C), RAIN (mm), WIND SPEED (mph) HEAT COOL AVG MEAN DEG DEG WIND DOM DAY TEMP HIGH TIME LOW TIME DAYS DAYS RAIN SPEED HIGH TIME DIR ------------------------------------------------------------------------------------ 1 14.6 18.4 18:00 11.6 5:30 3.7 0.0 1.2 1.5 18.0 13:40 SSE 2 15.1 18.7 14:00 11.9 5:10 3.2 0.0 2.0 0.1 10.0 2:10 SSE 3 16.7 19.1 17:20 13.2 23:40 1.7 0.0 0.6 1.9 19.0 12:50 SSE 4 15.0 17.7 15:00 13.0 6:00 3.3 0.0 1.2 5.4 28.0 13:30 SSE 5 15.7 20.9 15:30 13.6 5:20 2.7 0.1 2.2 1.5 19.0 0:10 SSE 6 15.2 18.2 18:10 8.8 00:00 3.2 0.0 0.4 0.8 14.0 11:40 SSE 7 13.5 21.3 20:00 6.3 5:10 5.2 0.4 0.0 0.3 10.0 15:40 SSE 8 14.0 20.6 17:30 5.5 5:30 4.7 0.4 0.4 1.1 15.0 21:10 SSE 9 15.1 17.9 14:50 12.7 1:40 3.2 0.0 15.6 1.7 16.0 14:30 SSE 10 16.2 18.7 17:30 13.3 00:00 2.1 0.0 1.8 1.8 19.0 13:40 SSE 11 13.9 19.2 14:40 8.1 23:50 4.4 0.0 0.0 0.3 10.0 15:10 NNW 12 13.9 22.6 18:30 6.3 6:00 5.1 0.7 0.0 0.1 6.0 13:10 NNW 13 15.8 23.2 14:20 8.7 5:40 3.4 0.9 5.2 0.0 5.0 14:00 NNE 14 14.8 16.3 16:10 11.2 00:00 3.5 0.0 24.2 0.1 10.0 19:50 NNW 15 12.4 16.9 18:10 6.7 5:50 5.9 0.0 0.0 0.5 13.0 16:30 SSE 16 13.3 19.6 13:30 6.8 0:10 5.1 0.1 0.0 0.2 7.0 14:50 SSE 17 13.2 20.4 14:20 6.8 2:20 5.4 0.3 0.0 0.2 10.0 15:10 NNW 18 13.8 18.7 12:40 7.9 6:00 4.6 0.0 0.0 0.4 11.0 13:00 NNW 19 15.6 19.4 11:40 13.6 7:00 2.7 0.1 8.4 1.0 11.0 12:30 SSE 20 17.2 21.1 17:40 14.8 0:10 1.5 0.4 2.0 1.0 11.0 13:30 SSE 21 17.3 20.1 12:10 15.6 00:00 1.2 0.2 6.8 1.3 14.0 10:10 SSE 22 16.2 19.5 15:40 12.9 6:10 2.2 0.1 31.8 0.0 7.0 0:20 SSE 23 17.6 23.6 14:50 13.6 23:10 1.8 1.0 18.0 0.9 18.0 16:30 NNW 24 14.5 18.3 14:10 11.0 23:10 3.8 0.0 0.6 0.2 12.0 17:20 NNW 25 14.4 19.4 16:10 8.4 5:30 4.0 0.0 3.4 0.9 22.0 22:30 SSE 26 15.4 18.2 14:30 13.7 5:20 2.9 0.0 5.6 3.7 21.0 10:40 SSE 27 14.3 16.9 14:20 11.8 4:20 4.0 0.0 2.8 2.9 18.0 0:10 SSE 28 15.3 17.7 14:40 13.2 5:40 3.0 0.0 0.8 3.8 20.0 10:50 SSE 29 15.6 18.6 17:40 12.3 23:10 2.7 0.0 0.0 3.1 18.0 11:40 SSE 30 14.2 18.7 13:30 9.9 23:40 4.2 0.0 0.0 0.0 6.0 14:40 NNW 31 12.8 18.9 12:20 9.9 7:20 5.5 0.0 3.2 0.0 4.0 15:00 NNW ------------------------------------------------------------------------------------- 14.9 23.6 23 5.5 8 109.7 4.7 138.3 1.2 28.0 4 SSE Max >= 32.0: 0 Max <= 0.0: 0 Min <= 0.0: 0 Min <= -18.0: 0 Max Rain: 31.80 ON 22/08/15 Days of Rain: 22 (> .2 mm) 14 (> 2 mm) 2 (> 20 mm) Heat Base: 18.3 Cool Base: 18.3 Method: Integration