2020: Jan | Feb | Mar | Apr | May | Jun | Jul | Aug | Sep | Oct | Nov | Dec 
2019: Jan | Feb | Mar | Apr | May | Jun | Jul | Aug | Sep | Oct | Nov | Dec 
2018: Jan | Feb | Mar | Apr | May | Jun | Jul | Aug | Sep | Oct | Nov | Dec 
2017: Jan | Feb | Mar | Apr | May | Jun | Jul | Aug | Sep | Oct | Nov | Dec 
2016: Jan | Feb | Mar | Apr | May | Jun | Jul | Aug | Sep | Oct | Nov | Dec 
2015: Jan | Feb | Mar | Apr | May | Jun | Jul | Aug | Sep | Oct | Nov | Dec 
2014: Jan | Feb | Mar | Apr | May | Jun | Jul | Aug | Sep | Oct | Nov | Dec 
2013: Jan | Feb | Mar | Apr | May | Jun | Jul | Aug | Sep | Oct | Nov | Dec 
2012: Jan | Feb | Mar | Apr | May | Jun | Jul | Aug | Sep | Oct | Nov | Dec 
2011: Jan | Feb | Mar | Apr | May | Jun | Jul | Aug | Sep | Oct | Nov | Dec 
2010: Jan | Feb | Mar | Apr | May | Jun | Jul | Aug | Sep | Oct | Nov | Dec 
2009: Jan | Feb | Mar | Apr | May | Jun | Jul | Aug | Sep | Oct | Nov | Dec 
2008: Jan | Feb | Mar | Apr | May | Jun | Jul | Aug | Sep | Oct | Nov | Dec 
2007: Jan | Feb | Mar | Apr | May | Jun | Jul | Aug | Sep | Oct | Nov | Dec 

Report for 2015 09
MONTHLY CLIMATOLOGICAL SUMMARY for SEP. 2015 NAME: VantagePro2 CITY: Urswick STATE: Cumbria ELEV: 128 ft LAT: 54 09' 33" N LONG: 3 07' 24" W TEMPERATURE (C), RAIN (mm), WIND SPEED (mph) HEAT COOL AVG MEAN DEG DEG WIND DOM DAY TEMP HIGH TIME LOW TIME DAYS DAYS RAIN SPEED HIGH TIME DIR ------------------------------------------------------------------------------------ 1 12.8 17.2 14:00 8.3 4:20 5.5 0.0 1.0 0.5 12.0 15:30 NNW 2 12.3 17.1 13:50 8.6 7:10 6.0 0.0 0.0 0.6 13.0 16:00 NNW 3 11.5 16.3 13:30 6.4 2:50 6.8 0.0 0.0 0.7 11.0 14:30 NNW 4 11.6 16.6 13:20 4.4 6:30 6.7 0.0 0.0 0.7 13.0 14:20 NNW 5 11.2 15.6 13:50 5.9 22:40 7.1 0.0 0.0 0.5 12.0 16:40 NNW 6 10.3 16.8 15:00 3.3 6:00 8.0 0.0 0.0 0.6 14.0 16:30 NNW 7 10.4 17.8 14:40 3.4 5:40 7.9 0.0 0.0 0.2 7.0 15:50 NNW 8 12.3 20.5 15:00 5.6 5:40 6.2 0.2 0.2 0.0 7.0 16:10 SSE 9 12.2 15.7 17:00 6.4 1:20 6.2 0.0 0.0 0.1 6.0 12:10 NNW 10 14.9 20.9 15:00 9.9 7:30 3.8 0.5 0.0 0.3 6.0 22:10 NNW 11 15.3 21.5 14:30 11.1 5:00 3.5 0.5 0.0 0.7 11.0 22:30 NNW 12 13.2 15.0 17:40 12.1 5:00 5.1 0.0 21.2 1.3 16.0 15:30 SSE 13 13.6 19.5 15:00 9.9 00:00 4.8 0.0 0.0 0.3 10.0 1:00 SSE 14 11.8 16.8 13:50 7.7 6:50 6.5 0.0 0.0 0.0 3.0 12:40 NNE 15 12.8 16.6 13:20 8.6 22:00 5.5 0.0 0.0 0.8 12.0 14:40 NNW 16 10.7 18.6 13:10 4.8 6:30 7.6 0.0 0.0 0.0 5.0 12:20 NNW 17 10.4 16.4 13:50 2.8 4:10 7.9 0.0 0.4 0.4 11.0 12:30 SSE 18 12.8 18.4 14:10 7.3 00:00 5.5 0.0 1.4 0.1 6.0 1:50 SSE 19 10.4 18.1 13:50 4.9 7:00 7.8 0.0 0.2 0.0 6.0 14:10 SSE 20 12.6 15.9 14:20 6.2 0:10 5.7 0.0 0.8 1.0 12.0 16:50 SSE 21 12.6 14.6 15:00 10.3 22:50 5.7 0.0 9.8 1.1 12.0 10:40 SSE 22 11.4 15.3 13:50 6.7 7:30 6.9 0.0 0.2 1.3 13.0 16:00 NNW 23 12.1 14.8 18:30 7.6 6:30 6.2 0.0 0.0 1.1 15.0 15:10 SSE 24 12.6 14.9 13:20 10.8 4:40 5.7 0.0 0.2 2.3 20.0 14:00 SSE 25 12.4 14.9 14:20 11.1 7:30 5.9 0.0 0.0 0.9 15.0 12:30 NNW 26 12.5 18.0 14:50 6.9 00:00 5.8 0.0 0.0 0.0 4.0 15:00 SSE 27 9.9 18.3 14:50 3.9 7:30 8.4 0.0 0.2 0.0 5.0 12:30 SSE 28 11.5 18.2 14:20 5.8 4:00 6.8 0.0 0.0 0.0 4.0 9:50 NNE 29 11.8 16.7 12:20 7.6 23:40 6.5 0.0 0.2 0.1 6.0 15:30 NNW 30 10.8 18.1 14:40 4.4 7:20 7.5 0.0 0.2 0.1 5.0 11:00 NNE ------------------------------------------------------------------------------------- 12.0 21.5 11 2.8 17 189.6 1.2 36.0 0.5 20.0 24 SSE Max >= 32.0: 0 Max <= 0.0: 0 Min <= 0.0: 0 Min <= -18.0: 0 Max Rain: 21.21 ON 12/09/15 Days of Rain: 13 (> .2 mm) 2 (> 2 mm) 1 (> 20 mm) Heat Base: 18.3 Cool Base: 18.3 Method: Integration