2020: Jan | Feb | Mar | Apr | May | Jun | Jul | Aug | Sep | Oct | Nov | Dec 
2019: Jan | Feb | Mar | Apr | May | Jun | Jul | Aug | Sep | Oct | Nov | Dec 
2018: Jan | Feb | Mar | Apr | May | Jun | Jul | Aug | Sep | Oct | Nov | Dec 
2017: Jan | Feb | Mar | Apr | May | Jun | Jul | Aug | Sep | Oct | Nov | Dec 
2016: Jan | Feb | Mar | Apr | May | Jun | Jul | Aug | Sep | Oct | Nov | Dec 
2015: Jan | Feb | Mar | Apr | May | Jun | Jul | Aug | Sep | Oct | Nov | Dec 
2014: Jan | Feb | Mar | Apr | May | Jun | Jul | Aug | Sep | Oct | Nov | Dec 
2013: Jan | Feb | Mar | Apr | May | Jun | Jul | Aug | Sep | Oct | Nov | Dec 
2012: Jan | Feb | Mar | Apr | May | Jun | Jul | Aug | Sep | Oct | Nov | Dec 
2011: Jan | Feb | Mar | Apr | May | Jun | Jul | Aug | Sep | Oct | Nov | Dec 
2010: Jan | Feb | Mar | Apr | May | Jun | Jul | Aug | Sep | Oct | Nov | Dec 
2009: Jan | Feb | Mar | Apr | May | Jun | Jul | Aug | Sep | Oct | Nov | Dec 
2008: Jan | Feb | Mar | Apr | May | Jun | Jul | Aug | Sep | Oct | Nov | Dec 
2007: Jan | Feb | Mar | Apr | May | Jun | Jul | Aug | Sep | Oct | Nov | Dec 

Report for 2015 10
MONTHLY CLIMATOLOGICAL SUMMARY for OCT. 2015 NAME: VantagePro2 CITY: Urswick STATE: Cumbria ELEV: 128 ft LAT: 54 09' 33" N LONG: 3 07' 24" W TEMPERATURE (C), RAIN (mm), WIND SPEED (mph) HEAT COOL AVG MEAN DEG DEG WIND DOM DAY TEMP HIGH TIME LOW TIME DAYS DAYS RAIN SPEED HIGH TIME DIR ------------------------------------------------------------------------------------ 1 9.1 19.2 14:40 3.6 7:00 9.3 0.0 0.0 0.0 4.0 16:00 NE 2 7.4 14.8 14:30 1.5 6:30 10.9 0.0 0.2 0.0 5.0 15:00 SSE 3 7.6 14.3 13:50 0.8 6:50 10.7 0.0 0.2 0.0 6.0 16:10 NNW 4 9.7 14.9 14:40 5.8 1:40 8.6 0.0 0.0 0.0 4.0 00:00 NNE 5 13.4 16.9 16:20 9.2 0:10 4.9 0.0 7.0 1.2 10.0 6:40 NNW 6 15.9 19.7 14:30 14.1 23:10 2.4 0.1 3.2 0.1 7.0 8:20 SSE 7 11.7 14.2 3:20 5.0 23:50 6.6 0.0 18.2 1.3 16.0 14:00 NNW 8 8.7 15.2 12:50 3.8 8:00 9.6 0.0 0.0 0.1 9.0 12:30 SSE 9 9.9 15.7 16:10 3.7 6:30 8.4 0.0 0.4 0.0 1.0 8:00 SE 10 11.2 15.3 14:10 7.7 8:10 7.2 0.0 0.0 0.0 1.0 14:40 NNE 11 9.9 14.2 12:00 3.9 23:30 8.4 0.0 0.0 0.0 6.0 11:50 NNE 12 8.1 13.3 14:40 3.8 3:20 10.3 0.0 0.0 0.6 14.0 12:10 NNE 13 9.3 13.6 15:00 4.7 8:20 9.0 0.0 0.0 0.0 5.0 0:10 NNE 14 6.4 14.0 14:10 1.1 8:50 11.9 0.0 0.0 0.0 3.0 15:00 NNE 15 7.0 13.0 14:50 1.3 6:50 11.3 0.0 0.0 0.0 5.0 13:10 NNW 16 8.9 12.7 15:30 2.4 00:00 9.3 0.0 0.0 0.1 5.0 13:30 NNE 17 6.0 13.3 13:00 1.1 4:00 12.3 0.0 0.2 0.0 6.0 12:00 NNE 18 10.1 13.4 13:10 5.4 0:10 8.2 0.0 0.0 0.0 5.0 13:30 NNW 19 10.3 14.3 14:00 8.2 8:20 8.0 0.0 0.6 0.0 3.0 14:40 NNW 20 9.2 12.7 15:40 2.6 4:10 9.2 0.0 4.4 0.5 13.0 23:20 SSE 21 13.1 14.7 14:10 10.9 1:40 5.2 0.0 22.0 2.4 20.0 2:40 SSE 22 11.3 13.3 1:50 4.9 23:40 7.0 0.0 0.2 2.4 18.0 2:40 SW 23 10.3 12.2 13:50 4.9 0:10 8.0 0.0 0.6 1.3 13.0 13:10 SSE 24 10.0 11.7 9:30 8.5 22:10 8.3 0.0 3.6 1.7 18.0 14:40 SSE 25 9.6 11.7 12:30 8.1 4:20 8.8 0.0 0.4 0.6 11.0 13:30 SSE 26 9.8 12.9 12:50 6.8 7:00 8.5 0.0 0.0 0.6 7.0 0:40 SSE 27 11.9 14.5 14:30 9.3 7:00 6.4 0.0 3.0 1.1 10.0 13:30 NNE 28 11.3 12.7 0:10 9.2 17:20 7.0 0.0 3.4 0.0 5.0 23:20 SSE 29 9.8 12.4 13:40 4.9 21:10 8.5 0.0 5.8 0.9 14.0 10:20 SSE 30 10.9 14.6 22:40 7.3 0:40 7.4 0.0 9.4 0.2 6.0 12:40 SSE 31 13.1 14.6 1:10 12.1 23:20 5.3 0.0 7.4 0.0 5.0 5:10 SSE ------------------------------------------------------------------------------------- 10.0 19.7 6 0.8 3 256.8 0.1 90.2 0.5 20.0 21 SSE Max >= 32.0: 0 Max <= 0.0: 0 Min <= 0.0: 0 Min <= -18.0: 0 Max Rain: 22.00 ON 21/10/15 Days of Rain: 19 (> .2 mm) 11 (> 2 mm) 1 (> 20 mm) Heat Base: 18.3 Cool Base: 18.3 Method: Integration