2020: Jan | Feb | Mar | Apr | May | Jun | Jul | Aug | Sep | Oct | Nov | Dec 
2019: Jan | Feb | Mar | Apr | May | Jun | Jul | Aug | Sep | Oct | Nov | Dec 
2018: Jan | Feb | Mar | Apr | May | Jun | Jul | Aug | Sep | Oct | Nov | Dec 
2017: Jan | Feb | Mar | Apr | May | Jun | Jul | Aug | Sep | Oct | Nov | Dec 
2016: Jan | Feb | Mar | Apr | May | Jun | Jul | Aug | Sep | Oct | Nov | Dec 
2015: Jan | Feb | Mar | Apr | May | Jun | Jul | Aug | Sep | Oct | Nov | Dec 
2014: Jan | Feb | Mar | Apr | May | Jun | Jul | Aug | Sep | Oct | Nov | Dec 
2013: Jan | Feb | Mar | Apr | May | Jun | Jul | Aug | Sep | Oct | Nov | Dec 
2012: Jan | Feb | Mar | Apr | May | Jun | Jul | Aug | Sep | Oct | Nov | Dec 
2011: Jan | Feb | Mar | Apr | May | Jun | Jul | Aug | Sep | Oct | Nov | Dec 
2010: Jan | Feb | Mar | Apr | May | Jun | Jul | Aug | Sep | Oct | Nov | Dec 
2009: Jan | Feb | Mar | Apr | May | Jun | Jul | Aug | Sep | Oct | Nov | Dec 
2008: Jan | Feb | Mar | Apr | May | Jun | Jul | Aug | Sep | Oct | Nov | Dec 
2007: Jan | Feb | Mar | Apr | May | Jun | Jul | Aug | Sep | Oct | Nov | Dec 

Report for 2015 11
MONTHLY CLIMATOLOGICAL SUMMARY for NOV. 2015 NAME: VantagePro2 CITY: Urswick STATE: Cumbria ELEV: 128 ft LAT: 54 09' 33" N LONG: 3 07' 24" W TEMPERATURE (C), RAIN (mm), WIND SPEED (mph) HEAT COOL AVG MEAN DEG DEG WIND DOM DAY TEMP HIGH TIME LOW TIME DAYS DAYS RAIN SPEED HIGH TIME DIR ------------------------------------------------------------------------------------ 1 11.6 12.6 12:20 10.2 5:10 6.7 0.0 0.0 0.0 3.0 6:20 SSE 2 8.1 12.0 14:20 4.2 7:20 10.2 0.0 0.4 0.0 3.0 14:50 SSE 3 6.8 8.3 00:00 4.4 2:20 11.5 0.0 2.0 0.0 5.0 9:00 SSE 4 10.6 12.3 14:00 8.3 0:10 7.7 0.0 0.8 0.0 1.0 0:10 NE 5 11.9 13.6 15:40 9.1 5:40 6.4 0.0 9.8 0.2 11.0 00:00 SSE 6 12.6 13.9 14:40 11.6 9:00 5.7 0.0 7.2 1.1 14.0 12:30 SSE 7 10.8 12.2 1:10 9.4 18:20 7.5 0.0 11.8 0.8 13.0 14:20 SSE 8 10.0 13.1 15:40 8.2 20:20 8.3 0.0 14.8 2.4 19.0 15:40 SSE 9 12.6 14.2 20:40 9.4 0:10 5.7 0.0 13.4 7.2 28.0 8:00 SSE 10 14.1 15.1 12:30 13.4 00:00 4.3 0.0 0.2 6.6 26.0 6:30 SSE 11 12.6 13.6 13:40 9.8 21:20 5.7 0.0 11.8 3.9 22.0 13:20 SSE 12 10.7 12.9 17:30 6.7 6:50 7.6 0.0 6.4 2.9 27.0 18:30 SSE 13 7.7 9.4 1:20 5.3 7:20 10.6 0.0 6.4 4.1 25.0 3:20 SW 14 8.7 13.4 22:20 6.9 7:00 9.6 0.0 24.6 2.7 31.0 22:40 SW 15 13.3 13.8 13:20 12.4 23:00 5.0 0.0 9.0 6.2 33.0 7:10 SSE 16 9.1 13.4 0:30 7.5 6:40 9.2 0.0 2.0 2.9 29.0 0:50 SW 17 8.8 12.9 15:50 6.5 6:00 9.5 0.0 10.6 1.8 21.0 22:10 SW 18 10.3 12.3 13:00 7.5 0:10 8.0 0.0 20.2 3.5 20.0 19:20 SW 19 8.9 10.9 13:50 7.1 23:10 9.4 0.0 1.0 1.5 15.0 0:30 SW 20 5.6 8.2 12:00 1.6 23:00 12.7 0.0 3.0 2.6 18.0 16:40 SW 21 1.8 3.8 13:20 -2.6 17:20 16.5 0.0 0.2 2.2 20.0 3:50 NNW 22 1.7 6.1 12:50 -3.1 23:40 16.6 0.0 0.0 0.2 7.0 13:30 NNW 23 3.8 9.8 20:50 -3.4 3:50 14.5 0.0 7.2 1.4 19.0 18:30 SE 24 7.5 9.2 12:10 5.8 22:00 10.8 0.0 5.4 1.5 16.0 14:40 NNW 25 8.3 10.1 13:30 6.4 0:10 9.9 0.0 0.0 1.9 13.0 0:30 NNW 26 10.0 11.4 20:40 8.1 3:40 8.3 0.0 3.4 0.4 7.0 21:40 SSE 27 8.4 11.3 0:40 3.1 19:20 9.8 0.0 7.4 2.8 20.0 17:20 SSE 28 7.1 8.7 16:40 4.7 0:10 11.2 0.0 3.6 3.6 24.0 10:00 SW 29 8.2 11.7 12:10 4.5 21:40 10.2 0.0 1.4 3.9 30.0 12:00 SW 30 4.9 10.7 12:20 0.1 21:20 13.4 0.0 14.6 0.7 21.0 12:10 SW ------------------------------------------------------------------------------------- 8.9 15.1 10 -3.4 23 282.7 0.0 198.6 2.3 33.0 15 SSE Max >= 32.0: 0 Max <= 0.0: 0 Min <= 0.0: 3 Min <= -18.0: 0 Max Rain: 24.61 ON 14/11/15 Days of Rain: 27 (> .2 mm) 21 (> 2 mm) 2 (> 20 mm) Heat Base: 18.3 Cool Base: 18.3 Method: Integration