2020: Jan | Feb | Mar | Apr | May | Jun | Jul | Aug | Sep | Oct | Nov | Dec 
2019: Jan | Feb | Mar | Apr | May | Jun | Jul | Aug | Sep | Oct | Nov | Dec 
2018: Jan | Feb | Mar | Apr | May | Jun | Jul | Aug | Sep | Oct | Nov | Dec 
2017: Jan | Feb | Mar | Apr | May | Jun | Jul | Aug | Sep | Oct | Nov | Dec 
2016: Jan | Feb | Mar | Apr | May | Jun | Jul | Aug | Sep | Oct | Nov | Dec 
2015: Jan | Feb | Mar | Apr | May | Jun | Jul | Aug | Sep | Oct | Nov | Dec 
2014: Jan | Feb | Mar | Apr | May | Jun | Jul | Aug | Sep | Oct | Nov | Dec 
2013: Jan | Feb | Mar | Apr | May | Jun | Jul | Aug | Sep | Oct | Nov | Dec 
2012: Jan | Feb | Mar | Apr | May | Jun | Jul | Aug | Sep | Oct | Nov | Dec 
2011: Jan | Feb | Mar | Apr | May | Jun | Jul | Aug | Sep | Oct | Nov | Dec 
2010: Jan | Feb | Mar | Apr | May | Jun | Jul | Aug | Sep | Oct | Nov | Dec 
2009: Jan | Feb | Mar | Apr | May | Jun | Jul | Aug | Sep | Oct | Nov | Dec 
2008: Jan | Feb | Mar | Apr | May | Jun | Jul | Aug | Sep | Oct | Nov | Dec 
2007: Jan | Feb | Mar | Apr | May | Jun | Jul | Aug | Sep | Oct | Nov | Dec 

Report for 2015 12
MONTHLY CLIMATOLOGICAL SUMMARY for DEC. 2015 NAME: VantagePro2 CITY: Urswick STATE: Cumbria ELEV: 128 ft LAT: 54 09' 33" N LONG: 3 07' 24" W TEMPERATURE (C), RAIN (mm), WIND SPEED (mph) HEAT COOL AVG MEAN DEG DEG WIND DOM DAY TEMP HIGH TIME LOW TIME DAYS DAYS RAIN SPEED HIGH TIME DIR ------------------------------------------------------------------------------------ 1 8.0 11.9 14:00 1.3 0:20 10.3 0.0 13.2 2.3 22.0 12:20 SE 2 9.2 12.0 13:40 1.8 23:20 9.1 0.0 1.4 1.9 20.0 7:50 SE 3 6.8 10.7 15:50 2.5 0:10 11.5 0.0 23.2 1.0 19.0 21:20 NNW 4 9.6 11.7 20:30 5.6 0:40 8.7 0.0 3.4 4.6 28.0 23:10 SE 5 10.4 11.2 23:20 10.2 1:20 7.8 0.0 30.8 7.9 32.0 10:40 SE 6 7.3 12.1 7:30 1.7 19:20 11.0 0.0 3.0 2.6 27.0 6:50 SE 7 9.8 13.4 13:40 4.9 0:10 8.5 0.0 2.2 0.4 10.0 11:10 SSE 8 9.2 10.9 4:30 6.4 22:20 9.1 0.0 2.6 1.9 18.0 13:10 SE 9 9.4 10.9 11:40 6.6 0:20 8.9 0.0 7.0 4.0 25.0 22:40 SE 10 7.6 9.5 0:10 5.0 00:00 10.7 0.0 9.4 1.8 16.0 2:20 SW 11 6.7 7.7 17:50 5.0 0:10 11.6 0.0 0.2 2.0 16.0 9:10 SW 12 2.9 6.5 1:10 -1.6 22:50 15.3 0.0 17.4 0.7 13.0 14:20 NNW 13 1.3 5.2 23:20 -3.2 7:10 17.0 0.0 2.4 0.0 3.0 13:20 NNW 14 6.6 7.7 13:20 4.9 0:10 11.7 0.0 0.6 0.1 4.0 19:20 NNW 15 8.2 10.5 00:00 7.3 5:00 10.1 0.0 3.8 0.6 7.0 12:30 NNW 16 11.2 11.6 18:40 10.5 0:10 7.1 0.0 5.2 1.2 14.0 6:30 SW 17 11.1 11.8 12:30 10.2 6:40 7.2 0.0 2.0 1.8 17.0 20:30 SE 18 11.0 11.8 23:30 10.3 17:50 7.3 0.0 0.4 2.4 17.0 3:20 SE 19 11.7 12.9 8:20 10.6 19:40 6.6 0.0 15.8 0.8 13.0 8:20 SE 20 9.9 11.0 11:40 8.2 23:30 8.4 0.0 7.4 3.7 22.0 10:30 SE 21 8.6 10.2 12:50 6.8 11:00 9.7 0.0 9.8 2.5 15.0 12:30 SSE 22 9.8 11.9 6:30 7.8 1:20 8.5 0.0 19.6 3.9 27.0 6:30 SE 23 8.2 9.6 1:40 6.7 5:20 10.1 0.0 0.8 3.2 22.0 1:30 SSE 24 7.8 10.3 5:30 5.8 18:10 10.5 0.0 6.8 3.3 21.0 7:30 SW 25 7.1 11.6 22:50 4.8 16:20 11.2 0.0 19.2 1.5 19.0 0:10 SE 26 10.2 11.8 1:40 6.8 00:00 8.2 0.0 28.0 2.2 18.0 2:50 SE 27 6.3 9.6 22:50 1.2 9:20 12.0 0.0 5.6 0.1 12.0 0:40 NNW 28 10.2 11.3 8:00 8.7 0:10 8.1 0.0 0.2 0.4 7.0 23:20 SW 29 9.2 11.1 1:30 8.1 10:30 9.1 0.0 3.2 1.3 14.0 23:30 SE 30 9.0 11.7 7:10 4.8 22:40 9.3 0.0 10.4 2.5 23.0 16:10 SSE 31 6.1 7.6 10:50 4.2 22:50 12.2 0.0 12.2 1.9 19.0 7:40 SE ------------------------------------------------------------------------------------- 8.4 13.4 7 -3.2 13 306.6 0.0 267.2 2.1 32.0 5 SE Max >= 32.0: 0 Max <= 0.0: 0 Min <= 0.0: 2 Min <= -18.0: 0 Max Rain: 30.81 ON 05/12/15 Days of Rain: 31 (> .2 mm) 25 (> 2 mm) 3 (> 20 mm) Heat Base: 18.3 Cool Base: 18.3 Method: Integration