2020: Jan | Feb | Mar | Apr | May | Jun | Jul | Aug | Sep | Oct | Nov | Dec 
2019: Jan | Feb | Mar | Apr | May | Jun | Jul | Aug | Sep | Oct | Nov | Dec 
2018: Jan | Feb | Mar | Apr | May | Jun | Jul | Aug | Sep | Oct | Nov | Dec 
2017: Jan | Feb | Mar | Apr | May | Jun | Jul | Aug | Sep | Oct | Nov | Dec 
2016: Jan | Feb | Mar | Apr | May | Jun | Jul | Aug | Sep | Oct | Nov | Dec 
2015: Jan | Feb | Mar | Apr | May | Jun | Jul | Aug | Sep | Oct | Nov | Dec 
2014: Jan | Feb | Mar | Apr | May | Jun | Jul | Aug | Sep | Oct | Nov | Dec 
2013: Jan | Feb | Mar | Apr | May | Jun | Jul | Aug | Sep | Oct | Nov | Dec 
2012: Jan | Feb | Mar | Apr | May | Jun | Jul | Aug | Sep | Oct | Nov | Dec 
2011: Jan | Feb | Mar | Apr | May | Jun | Jul | Aug | Sep | Oct | Nov | Dec 
2010: Jan | Feb | Mar | Apr | May | Jun | Jul | Aug | Sep | Oct | Nov | Dec 
2009: Jan | Feb | Mar | Apr | May | Jun | Jul | Aug | Sep | Oct | Nov | Dec 
2008: Jan | Feb | Mar | Apr | May | Jun | Jul | Aug | Sep | Oct | Nov | Dec 
2007: Jan | Feb | Mar | Apr | May | Jun | Jul | Aug | Sep | Oct | Nov | Dec 

Report for 2016
ANNUAL CLIMATOLOGICAL SUMMARY NAME: VantagePro2 CITY: Urswick STATE: Cumbria ELEV: 128 ft LAT: 54 09' 33" N LONG: 3 07' 24" W TEMPERATURE (C), HEAT BASE 18.3, COOL BASE 18.3 DEP. HEAT COOL MEAN MEAN FROM DEG DEG MAX MAX MIN MIN YR MO MAX MIN MEAN NORM DAYS DAYS HI DATE LOW DATE >=32 <=0 <=0 <=-18 ------------------------------------------------------------------------------------ 16 1 7.2 2.7 5.2 1.4 408 0 11.7 24 -5.0 16 0 0 7 0 16 2 7.2 0.7 4.0 0.1 414 0 11.1 1 -5.3 25 0 0 12 0 16 3 9.7 1.1 5.4 -0.4 399 0 13.9 13 -3.9 8 0 0 11 0 16 4 11.8 2.2 6.8 -0.8 344 0 19.3 21 -3.2 17 0 0 8 0 16 5 18.2 6.7 12.4 1.7 194 10 25.2 9 -1.1 14 0 0 1 0 16 6 20.6 10.6 15.3 1.8 107 18 29.3 5 4.3 3 0 0 0 0 16 7 19.5 11.4 15.5 -0.4 99 12 32.0 19 6.6 6 1 0 0 0 16 8 19.6 11.7 15.6 -0.1 92 8 24.6 16 6.8 15 0 0 0 0 16 9 18.3 11.4 14.9 1.6 109 6 24.7 7 6.2 18 0 0 0 0 16 10 13.6 6.5 10.0 -0.0 259 0 16.8 4 1.3 25 0 0 0 0 16 11 7.7 0.5 4.3 -2.2 421 0 13.7 14 -5.0 26 0 0 15 0 16 12 8.7 3.8 6.6 1.9 362 0 12.1 7 -3.4 29 0 0 5 0 ------------------------------------------------------------------------------------ 13.5 5.8 9.7 0.4 3207 54 32.0 JUL -5.3 FEB 1 0 59 0 PRECIPITATION (mm) DEP. MAX DAYS OF RAIN FROM OBS. OVER YR MO TOTAL NORM DAY DATE .2 2 20 --------------------------------------------- 16 1 171.6 77.6 20.8 3 27 19 1 16 2 108.6 41.6 16.0 21 21 12 0 16 3 94.8 21.8 29.6 1 16 9 1 16 4 88.3 28.3 14.8 2 22 12 0 16 5 44.4 -14.6 12.8 1 12 7 0 16 6 143.0 77.0 27.6 19 16 11 4 16 7 85.6 28.6 14.8 20 18 10 0 16 8 136.6 64.6 36.2 22 20 12 3 16 9 109.6 29.6 16.2 26 20 12 0 16 10 33.6 -59.4 8.0 18 15 5 0 16 11 119.6 26.6 17.2 8 19 15 0 16 12 76.0 -25.0 16.8 8 21 11 0 --------------------------------------------- 1211.7 296.7 36.2 AUG 227 135 9 WIND SPEED (mph) DOM YR MO AVG. HI DATE DIR --------------------------------- 16 1 1.3 29.0 29 NNW 16 2 1.3 27.0 21 NNW 16 3 0.8 24.0 2 NNW 16 4 0.9 21.0 29 NNW 16 5 0.5 19.0 2 NNW 16 6 0.3 20.0 19 SE 16 7 0.7 20.0 10 SE 16 8 0.7 26.0 20 SSE 16 9 0.9 28.0 28 SSE 16 10 0.3 19.0 18 NNW 16 11 0.5 18.0 16 NNW 16 12 0.9 28.0 26 SSE --------------------------------- 0.8 29.0 JAN NNW