2020: Jan | Feb | Mar | Apr | May | Jun | Jul | Aug | Sep | Oct | Nov | Dec 
2019: Jan | Feb | Mar | Apr | May | Jun | Jul | Aug | Sep | Oct | Nov | Dec 
2018: Jan | Feb | Mar | Apr | May | Jun | Jul | Aug | Sep | Oct | Nov | Dec 
2017: Jan | Feb | Mar | Apr | May | Jun | Jul | Aug | Sep | Oct | Nov | Dec 
2016: Jan | Feb | Mar | Apr | May | Jun | Jul | Aug | Sep | Oct | Nov | Dec 
2015: Jan | Feb | Mar | Apr | May | Jun | Jul | Aug | Sep | Oct | Nov | Dec 
2014: Jan | Feb | Mar | Apr | May | Jun | Jul | Aug | Sep | Oct | Nov | Dec 
2013: Jan | Feb | Mar | Apr | May | Jun | Jul | Aug | Sep | Oct | Nov | Dec 
2012: Jan | Feb | Mar | Apr | May | Jun | Jul | Aug | Sep | Oct | Nov | Dec 
2011: Jan | Feb | Mar | Apr | May | Jun | Jul | Aug | Sep | Oct | Nov | Dec 
2010: Jan | Feb | Mar | Apr | May | Jun | Jul | Aug | Sep | Oct | Nov | Dec 
2009: Jan | Feb | Mar | Apr | May | Jun | Jul | Aug | Sep | Oct | Nov | Dec 
2008: Jan | Feb | Mar | Apr | May | Jun | Jul | Aug | Sep | Oct | Nov | Dec 
2007: Jan | Feb | Mar | Apr | May | Jun | Jul | Aug | Sep | Oct | Nov | Dec 

Report for 2016 01
MONTHLY CLIMATOLOGICAL SUMMARY for JAN. 2016 NAME: VantagePro2 CITY: Urswick STATE: Cumbria ELEV: 128 ft LAT: 54 09' 33" N LONG: 3 07' 24" W TEMPERATURE (C), RAIN (mm), WIND SPEED (mph) HEAT COOL AVG MEAN DEG DEG WIND DOM DAY TEMP HIGH TIME LOW TIME DAYS DAYS RAIN SPEED HIGH TIME DIR ------------------------------------------------------------------------------------ 1 4.0 6.3 23:00 -1.3 5:40 14.3 0.0 0.6 0.5 11.0 21:10 NNW 2 7.4 8.2 15:00 6.1 0:10 10.8 0.0 9.0 0.5 7.0 5:10 NNW 3 6.7 7.9 0:10 5.6 9:20 11.7 0.0 20.8 0.2 9.0 15:50 NNW 4 6.2 6.8 23:50 5.6 7:10 12.1 0.0 0.2 0.6 7.0 23:50 NNW 5 6.4 7.9 13:50 3.9 20:00 11.9 0.0 5.4 0.3 6.0 6:00 NNW 6 6.0 7.5 14:10 3.3 9:40 12.3 0.0 0.2 0.1 6.0 22:00 SW 7 5.6 6.7 9:50 4.6 23:00 12.7 0.0 12.8 1.2 20.0 9:50 SW 8 4.2 7.4 13:50 -0.4 3:20 14.1 0.0 7.4 0.3 12.0 13:10 SE 9 5.7 7.6 12:20 3.9 1:00 12.6 0.0 20.0 0.3 15.0 23:50 NNW 10 5.8 7.1 13:00 4.0 6:40 12.5 0.0 4.8 2.6 21.0 3:00 SW 11 3.4 5.8 23:40 1.2 5:50 14.9 0.0 2.4 0.2 11.0 22:20 SW 12 4.2 5.9 0:30 2.1 8:10 14.1 0.0 5.6 2.3 15.0 22:40 NNW 13 3.6 5.4 13:50 0.8 9:10 14.7 0.0 10.0 0.8 13.0 1:20 SE 14 1.9 3.3 14:00 0.8 18:30 16.4 0.0 0.0 2.4 15.0 14:30 NNW 15 1.6 5.0 12:30 -3.2 00:00 16.7 0.0 0.4 1.6 16.0 12:30 NNW 16 -1.4 0.6 12:30 -5.0 7:20 19.7 0.0 0.0 0.0 2.0 2:50 NNW 17 0.3 2.1 23:50 -1.5 8:40 18.0 0.0 0.2 0.0 3.0 10:00 NNW 18 2.4 3.6 13:20 1.3 2:30 15.9 0.0 2.0 0.0 3.0 12:10 NNW 19 3.0 4.9 13:20 0.3 00:00 15.3 0.0 0.0 0.0 1.0 12:50 NNW 20 0.8 5.9 14:00 -2.4 8:10 17.4 0.0 0.0 0.0 2.0 22:40 NNW 21 3.4 6.1 21:10 -0.1 0:10 14.9 0.0 10.2 0.3 7.0 23:40 SW 22 7.4 10.5 14:20 5.3 0:10 10.8 0.0 3.8 1.8 15.0 13:10 SE 23 7.6 8.7 1:10 5.4 7:30 10.7 0.0 6.2 0.4 11.0 0:50 SE 24 10.2 11.7 23:00 7.8 0:50 8.1 0.0 2.6 1.8 20.0 10:20 SE 25 9.3 11.3 0:20 6.8 19:30 9.0 0.0 0.2 1.3 22.0 16:50 SSE 26 8.8 10.9 16:30 6.6 7:10 9.5 0.0 16.4 3.7 27.0 13:50 SE 27 8.1 10.9 11:00 4.1 18:40 10.2 0.0 9.8 3.5 22.0 8:10 SW 28 7.5 9.8 00:00 4.7 0:20 10.8 0.0 4.2 4.2 22.0 10:50 SW 29 8.9 10.4 8:20 6.7 18:20 9.4 0.0 1.0 4.4 29.0 8:30 SW 30 4.5 7.3 0:10 3.8 2:10 13.8 0.0 1.2 2.6 20.0 0:50 SW 31 6.1 10.4 22:30 4.0 10:30 12.3 0.0 14.2 1.5 19.0 22:00 SW ------------------------------------------------------------------------------------- 5.2 11.7 24 -5.0 16 407.5 0.0 171.6 1.3 29.0 29 NNW Max >= 32.0: 0 Max <= 0.0: 0 Min <= 0.0: 7 Min <= -18.0: 0 Max Rain: 20.80 ON 03/01/16 Days of Rain: 27 (> .2 mm) 19 (> 2 mm) 1 (> 20 mm) Heat Base: 18.3 Cool Base: 18.3 Method: Integration