2020: Jan | Feb | Mar | Apr | May | Jun | Jul | Aug | Sep | Oct | Nov | Dec 
2019: Jan | Feb | Mar | Apr | May | Jun | Jul | Aug | Sep | Oct | Nov | Dec 
2018: Jan | Feb | Mar | Apr | May | Jun | Jul | Aug | Sep | Oct | Nov | Dec 
2017: Jan | Feb | Mar | Apr | May | Jun | Jul | Aug | Sep | Oct | Nov | Dec 
2016: Jan | Feb | Mar | Apr | May | Jun | Jul | Aug | Sep | Oct | Nov | Dec 
2015: Jan | Feb | Mar | Apr | May | Jun | Jul | Aug | Sep | Oct | Nov | Dec 
2014: Jan | Feb | Mar | Apr | May | Jun | Jul | Aug | Sep | Oct | Nov | Dec 
2013: Jan | Feb | Mar | Apr | May | Jun | Jul | Aug | Sep | Oct | Nov | Dec 
2012: Jan | Feb | Mar | Apr | May | Jun | Jul | Aug | Sep | Oct | Nov | Dec 
2011: Jan | Feb | Mar | Apr | May | Jun | Jul | Aug | Sep | Oct | Nov | Dec 
2010: Jan | Feb | Mar | Apr | May | Jun | Jul | Aug | Sep | Oct | Nov | Dec 
2009: Jan | Feb | Mar | Apr | May | Jun | Jul | Aug | Sep | Oct | Nov | Dec 
2008: Jan | Feb | Mar | Apr | May | Jun | Jul | Aug | Sep | Oct | Nov | Dec 
2007: Jan | Feb | Mar | Apr | May | Jun | Jul | Aug | Sep | Oct | Nov | Dec 

Report for 2016 02
MONTHLY CLIMATOLOGICAL SUMMARY for FEB. 2016 NAME: VantagePro2 CITY: Urswick STATE: Cumbria ELEV: 128 ft LAT: 54 09' 33" N LONG: 3 07' 24" W TEMPERATURE (C), RAIN (mm), WIND SPEED (mph) HEAT COOL AVG MEAN DEG DEG WIND DOM DAY TEMP HIGH TIME LOW TIME DAYS DAYS RAIN SPEED HIGH TIME DIR ------------------------------------------------------------------------------------ 1 9.1 11.1 11:00 6.7 23:50 9.2 0.0 0.8 5.0 26.0 12:20 SW 2 6.1 7.6 14:20 4.1 23:00 12.2 0.0 0.4 3.3 25.0 2:30 SW 3 5.1 6.7 14:20 3.1 2:50 13.3 0.0 2.8 1.8 17.0 10:10 SW 4 8.2 9.4 18:50 5.2 0:50 10.1 0.0 6.2 1.2 14.0 3:10 SW 5 7.8 9.6 14:10 4.2 00:00 10.5 0.0 13.0 2.2 17.0 11:20 SE 6 5.7 8.1 18:30 1.7 2:40 12.6 0.0 5.4 0.7 14.0 18:30 SSE 7 6.2 8.2 12:20 4.2 18:50 12.1 0.0 8.2 3.8 22.0 11:20 SE 8 6.7 7.9 14:30 5.9 23:50 11.6 0.0 5.0 3.6 21.0 9:20 SW 9 5.0 5.9 0:10 3.3 17:40 13.3 0.0 0.6 1.5 20.0 2:40 SW 10 3.6 6.8 13:30 0.4 8:30 14.7 0.0 0.0 0.8 13.0 14:30 NNW 11 1.7 5.9 15:30 -2.2 7:20 16.6 0.0 1.4 0.0 3.0 0:10 NNW 12 4.0 6.9 12:50 2.3 23:00 14.3 0.0 0.0 0.6 7.0 8:00 NNW 13 2.9 6.6 13:40 0.4 00:00 15.4 0.0 0.0 0.5 6.0 0:50 NNW 14 1.5 5.2 13:20 -1.4 20:40 16.8 0.0 0.0 0.6 12.0 14:20 NNW 15 0.4 5.4 13:30 -3.3 23:50 17.8 0.0 0.0 0.5 9.0 7:50 NNW 16 2.1 5.6 15:50 -3.6 0:40 16.2 0.0 9.0 1.1 12.0 00:00 SSE 17 3.7 5.2 8:30 -0.6 23:40 14.7 0.0 12.0 0.9 14.0 8:50 NNW 18 2.1 7.3 13:30 -4.1 6:30 16.2 0.0 1.2 0.3 9.0 13:50 SSE 19 5.4 8.4 19:10 1.7 5:10 12.9 0.0 8.2 2.2 20.0 19:20 SE 20 6.8 7.6 0:10 5.9 4:40 11.5 0.0 9.0 2.2 18.0 2:00 SW 21 7.7 10.2 13:10 4.8 22:20 10.6 0.0 16.0 3.0 27.0 13:10 SW 22 4.5 6.4 15:00 1.1 23:30 13.8 0.0 0.0 0.8 13.0 2:00 NNW 23 1.0 7.2 12:50 -3.3 00:00 17.3 0.0 0.2 0.3 9.0 13:30 NNW 24 0.0 6.2 14:00 -4.8 3:20 18.3 0.0 0.4 0.1 7.0 17:10 NNW 25 0.1 5.1 13:10 -5.3 4:50 18.2 0.0 0.4 0.0 5.0 13:20 NNW 26 2.9 7.8 13:40 0.9 7:00 15.4 0.0 1.6 0.0 4.0 18:00 NNW 27 2.8 7.1 13:50 -0.9 23:20 15.5 0.0 0.0 0.0 4.0 11:20 NNW 28 1.8 8.3 14:20 -2.3 22:20 16.5 0.0 0.0 0.0 5.0 12:20 NNW 29 2.2 5.1 14:10 -2.6 0:40 16.1 0.0 6.8 1.0 12.0 18:20 SSE ------------------------------------------------------------------------------------- 4.0 11.1 1 -5.3 25 413.7 0.0 108.6 1.3 27.0 21 NNW Max >= 32.0: 0 Max <= 0.0: 0 Min <= 0.0: 12 Min <= -18.0: 0 Max Rain: 16.00 ON 21/02/16 Days of Rain: 21 (> .2 mm) 12 (> 2 mm) 0 (> 20 mm) Heat Base: 18.3 Cool Base: 18.3 Method: Integration