2020: Jan | Feb | Mar | Apr | May | Jun | Jul | Aug | Sep | Oct | Nov | Dec 
2019: Jan | Feb | Mar | Apr | May | Jun | Jul | Aug | Sep | Oct | Nov | Dec 
2018: Jan | Feb | Mar | Apr | May | Jun | Jul | Aug | Sep | Oct | Nov | Dec 
2017: Jan | Feb | Mar | Apr | May | Jun | Jul | Aug | Sep | Oct | Nov | Dec 
2016: Jan | Feb | Mar | Apr | May | Jun | Jul | Aug | Sep | Oct | Nov | Dec 
2015: Jan | Feb | Mar | Apr | May | Jun | Jul | Aug | Sep | Oct | Nov | Dec 
2014: Jan | Feb | Mar | Apr | May | Jun | Jul | Aug | Sep | Oct | Nov | Dec 
2013: Jan | Feb | Mar | Apr | May | Jun | Jul | Aug | Sep | Oct | Nov | Dec 
2012: Jan | Feb | Mar | Apr | May | Jun | Jul | Aug | Sep | Oct | Nov | Dec 
2011: Jan | Feb | Mar | Apr | May | Jun | Jul | Aug | Sep | Oct | Nov | Dec 
2010: Jan | Feb | Mar | Apr | May | Jun | Jul | Aug | Sep | Oct | Nov | Dec 
2009: Jan | Feb | Mar | Apr | May | Jun | Jul | Aug | Sep | Oct | Nov | Dec 
2008: Jan | Feb | Mar | Apr | May | Jun | Jul | Aug | Sep | Oct | Nov | Dec 
2007: Jan | Feb | Mar | Apr | May | Jun | Jul | Aug | Sep | Oct | Nov | Dec 

Report for 2016 03
MONTHLY CLIMATOLOGICAL SUMMARY for MAR. 2016 NAME: VantagePro2 CITY: Urswick STATE: Cumbria ELEV: 128 ft LAT: 54 09' 33" N LONG: 3 07' 24" W TEMPERATURE (C), RAIN (mm), WIND SPEED (mph) HEAT COOL AVG MEAN DEG DEG WIND DOM DAY TEMP HIGH TIME LOW TIME DAYS DAYS RAIN SPEED HIGH TIME DIR ------------------------------------------------------------------------------------ 1 7.3 10.4 13:10 3.5 23:00 11.0 0.0 29.6 2.7 23.0 6:50 SW 2 4.3 6.0 19:30 0.6 8:20 14.0 0.0 9.4 4.7 24.0 19:20 NNW 3 3.7 7.8 14:00 -1.1 2:10 14.6 0.0 12.2 0.1 6.0 13:00 SE 4 2.8 5.6 13:00 0.1 4:20 15.5 0.0 14.2 1.7 17.0 13:00 NNW 5 4.0 8.6 12:10 0.7 5:10 14.3 0.0 0.0 1.3 12.0 14:20 NNW 6 1.7 5.7 13:10 -1.7 1:00 16.6 0.0 0.6 0.5 11.0 16:10 NNW 7 1.4 8.3 13:50 -3.8 23:50 16.9 0.0 0.0 0.2 6.0 0:40 NNW 8 4.1 8.3 14:50 -3.9 0:30 14.2 0.0 1.6 0.3 11.0 10:20 SE 9 4.3 7.8 12:50 -1.4 00:00 14.0 0.0 1.6 1.3 14.0 12:50 NNW 10 2.8 9.8 12:10 -2.3 3:10 15.4 0.0 0.2 0.0 4.0 11:30 NNW 11 4.3 10.2 14:10 -2.2 7:10 14.0 0.0 0.0 0.0 3.0 13:10 SE 12 5.9 7.6 16:30 3.2 1:10 12.3 0.0 2.6 0.0 1.0 7:10 SSE 13 8.8 13.9 14:10 5.4 00:00 9.5 0.0 0.0 0.0 3.0 20:10 NNW 14 6.1 12.7 13:20 0.2 6:30 12.2 0.0 0.0 0.2 6.0 1:10 NNW 15 7.8 12.6 12:10 3.6 0:40 10.5 0.0 0.0 0.3 7.0 12:10 NNW 16 6.8 11.1 14:30 1.1 00:00 11.5 0.0 0.0 0.8 11.0 15:30 NNW 17 3.2 11.3 12:40 -2.0 6:40 15.1 0.0 0.0 0.1 6.0 14:00 NNW 18 4.7 12.0 13:10 -1.6 4:20 13.6 0.0 0.2 0.0 5.0 13:40 NNW 19 5.9 11.7 13:40 1.4 21:10 12.3 0.0 0.0 0.1 6.0 15:30 NNW 20 6.0 11.6 12:10 -0.5 23:40 12.3 0.0 0.0 0.2 10.0 16:10 NNW 21 6.6 11.3 13:50 -0.4 0:20 11.8 0.0 0.0 0.4 11.0 13:10 NNW 22 7.3 9.5 12:50 4.9 7:20 11.0 0.0 0.0 0.3 7.0 11:30 NNW 23 6.5 7.8 11:40 4.5 19:30 11.8 0.0 0.0 0.2 9.0 12:30 SE 24 7.1 8.5 16:20 5.3 00:00 11.2 0.0 6.8 1.2 20.0 12:10 SE 25 7.4 11.4 13:50 2.4 6:30 10.9 0.0 0.0 0.6 12.0 12:10 SE 26 8.0 10.7 14:20 5.4 20:40 10.3 0.0 6.8 2.5 21.0 23:50 SSE 27 6.9 9.1 13:20 4.9 00:00 10.9 0.0 2.6 2.9 18.0 18:20 SE 28 5.6 9.0 12:20 3.5 21:50 12.7 0.0 1.8 0.9 14.0 9:10 NNW 29 5.9 9.5 14:50 2.6 7:20 12.4 0.0 3.2 0.7 14.0 15:20 SE 30 5.5 10.1 15:10 0.8 00:00 12.8 0.0 1.4 0.2 11.0 12:20 SSE 31 5.1 11.8 13:20 0.6 5:00 13.2 0.0 0.0 0.0 9.0 15:30 SE ------------------------------------------------------------------------------------- 5.4 13.9 13 -3.9 8 399.0 0.0 94.8 0.8 24.0 2 NNW Max >= 32.0: 0 Max <= 0.0: 0 Min <= 0.0: 11 Min <= -18.0: 0 Max Rain: 29.59 ON 01/03/16 Days of Rain: 16 (> .2 mm) 9 (> 2 mm) 1 (> 20 mm) Heat Base: 18.3 Cool Base: 18.3 Method: Integration