2020: Jan | Feb | Mar | Apr | May | Jun | Jul | Aug | Sep | Oct | Nov | Dec 
2019: Jan | Feb | Mar | Apr | May | Jun | Jul | Aug | Sep | Oct | Nov | Dec 
2018: Jan | Feb | Mar | Apr | May | Jun | Jul | Aug | Sep | Oct | Nov | Dec 
2017: Jan | Feb | Mar | Apr | May | Jun | Jul | Aug | Sep | Oct | Nov | Dec 
2016: Jan | Feb | Mar | Apr | May | Jun | Jul | Aug | Sep | Oct | Nov | Dec 
2015: Jan | Feb | Mar | Apr | May | Jun | Jul | Aug | Sep | Oct | Nov | Dec 
2014: Jan | Feb | Mar | Apr | May | Jun | Jul | Aug | Sep | Oct | Nov | Dec 
2013: Jan | Feb | Mar | Apr | May | Jun | Jul | Aug | Sep | Oct | Nov | Dec 
2012: Jan | Feb | Mar | Apr | May | Jun | Jul | Aug | Sep | Oct | Nov | Dec 
2011: Jan | Feb | Mar | Apr | May | Jun | Jul | Aug | Sep | Oct | Nov | Dec 
2010: Jan | Feb | Mar | Apr | May | Jun | Jul | Aug | Sep | Oct | Nov | Dec 
2009: Jan | Feb | Mar | Apr | May | Jun | Jul | Aug | Sep | Oct | Nov | Dec 
2008: Jan | Feb | Mar | Apr | May | Jun | Jul | Aug | Sep | Oct | Nov | Dec 
2007: Jan | Feb | Mar | Apr | May | Jun | Jul | Aug | Sep | Oct | Nov | Dec 

Report for 2016 04
MONTHLY CLIMATOLOGICAL SUMMARY for APR. 2016 NAME: VantagePro2 CITY: Urswick STATE: Cumbria ELEV: 128 ft LAT: 54 09' 33" N LONG: 3 07' 24" W TEMPERATURE (C), RAIN (mm), WIND SPEED (mph) HEAT COOL AVG MEAN DEG DEG WIND DOM DAY TEMP HIGH TIME LOW TIME DAYS DAYS RAIN SPEED HIGH TIME DIR ------------------------------------------------------------------------------------ 1 5.7 7.8 21:30 1.4 0:30 12.6 0.0 8.0 1.4 13.0 14:50 SSE 2 7.8 9.3 16:00 5.8 00:00 10.5 0.0 14.8 0.3 10.0 1:30 SSE 3 9.0 13.3 14:00 5.7 0:20 9.3 0.0 3.6 0.1 6.0 15:30 SSE 4 8.3 9.3 16:00 7.2 21:20 9.9 0.0 12.8 0.6 10.0 13:10 SSE 5 8.2 10.8 14:20 6.8 8:10 10.2 0.0 3.4 0.9 16.0 10:30 SW 6 6.9 8.9 12:40 5.3 23:20 11.4 0.0 3.2 2.1 19.0 9:10 SW 7 7.8 11.7 14:50 4.9 0:30 10.5 0.0 2.4 2.1 16.0 16:10 NNW 8 6.6 11.1 13:40 0.4 7:00 11.7 0.0 4.0 0.5 10.0 13:50 SE 9 5.2 11.1 13:50 -0.1 00:00 13.1 0.0 2.8 0.3 10.0 2:50 NNW 10 5.6 12.2 12:30 -1.2 2:00 12.7 0.0 0.2 0.6 9.0 14:20 NNW 11 9.3 15.3 14:10 4.9 1:00 9.0 0.0 1.2 1.8 10.0 7:30 NNW 12 7.8 9.7 13:30 6.7 0:50 10.5 0.0 11.4 0.0 4.0 0:50 NNW 13 8.7 13.6 13:40 5.6 6:40 9.6 0.0 1.4 0.0 6.0 14:10 NNW 14 8.8 14.3 13:20 5.9 5:40 9.5 0.0 0.2 0.0 4.0 12:10 NNW 15 6.7 9.7 15:10 3.3 23:50 11.6 0.0 0.8 0.3 9.0 17:00 NNW 16 4.8 10.9 12:30 -1.4 6:30 13.5 0.0 0.2 0.9 14.0 15:50 NNW 17 4.7 11.5 14:00 -3.2 6:40 13.7 0.0 0.0 0.8 14.0 21:50 SSE 18 8.4 11.4 12:40 3.8 23:10 9.9 0.0 0.0 1.5 15.0 11:10 SW 19 7.0 15.1 13:00 0.9 6:50 11.3 0.0 0.0 0.1 6.0 4:30 NNW 20 8.3 18.2 17:40 0.6 6:10 10.0 0.0 0.0 0.0 4.0 11:30 SE 21 10.6 19.3 15:10 1.6 6:00 7.8 0.1 0.0 0.1 6.0 23:00 NNW 22 8.1 16.1 13:30 2.3 00:00 10.3 0.0 0.0 0.1 6.0 20:20 NNW 23 5.9 11.8 13:10 -1.4 5:10 12.4 0.0 0.0 0.9 17.0 12:00 NNW 24 6.6 11.6 14:50 0.1 3:20 11.8 0.0 1.0 0.6 11.0 15:20 NNW 25 7.3 11.7 16:30 3.3 00:00 11.0 0.0 0.4 2.7 17.0 13:10 NNW 26 4.9 11.1 13:40 0.5 2:30 13.4 0.0 0.0 2.7 18.0 15:30 NNW 27 2.9 8.9 15:10 -2.2 6:00 15.4 0.0 1.0 0.4 12.0 15:10 NNW 28 3.1 6.6 10:30 -2.2 0:40 15.2 0.0 10.6 0.8 16.0 11:40 NNW 29 4.9 9.6 14:20 1.4 23:30 13.4 0.0 4.2 3.1 21.0 14:10 NNW 30 5.2 11.0 14:00 -1.7 4:20 13.1 0.0 0.8 0.4 12.0 8:30 NNW ------------------------------------------------------------------------------------- 6.8 19.3 21 -3.2 17 344.2 0.1 88.3 0.9 21.0 29 NNW Max >= 32.0: 0 Max <= 0.0: 0 Min <= 0.0: 8 Min <= -18.0: 0 Max Rain: 14.81 ON 02/04/16 Days of Rain: 22 (> .2 mm) 12 (> 2 mm) 0 (> 20 mm) Heat Base: 18.3 Cool Base: 18.3 Method: Integration