2020: Jan | Feb | Mar | Apr | May | Jun | Jul | Aug | Sep | Oct | Nov | Dec 
2019: Jan | Feb | Mar | Apr | May | Jun | Jul | Aug | Sep | Oct | Nov | Dec 
2018: Jan | Feb | Mar | Apr | May | Jun | Jul | Aug | Sep | Oct | Nov | Dec 
2017: Jan | Feb | Mar | Apr | May | Jun | Jul | Aug | Sep | Oct | Nov | Dec 
2016: Jan | Feb | Mar | Apr | May | Jun | Jul | Aug | Sep | Oct | Nov | Dec 
2015: Jan | Feb | Mar | Apr | May | Jun | Jul | Aug | Sep | Oct | Nov | Dec 
2014: Jan | Feb | Mar | Apr | May | Jun | Jul | Aug | Sep | Oct | Nov | Dec 
2013: Jan | Feb | Mar | Apr | May | Jun | Jul | Aug | Sep | Oct | Nov | Dec 
2012: Jan | Feb | Mar | Apr | May | Jun | Jul | Aug | Sep | Oct | Nov | Dec 
2011: Jan | Feb | Mar | Apr | May | Jun | Jul | Aug | Sep | Oct | Nov | Dec 
2010: Jan | Feb | Mar | Apr | May | Jun | Jul | Aug | Sep | Oct | Nov | Dec 
2009: Jan | Feb | Mar | Apr | May | Jun | Jul | Aug | Sep | Oct | Nov | Dec 
2008: Jan | Feb | Mar | Apr | May | Jun | Jul | Aug | Sep | Oct | Nov | Dec 
2007: Jan | Feb | Mar | Apr | May | Jun | Jul | Aug | Sep | Oct | Nov | Dec 

Report for 2016 05
MONTHLY CLIMATOLOGICAL SUMMARY for MAY. 2016 NAME: VantagePro2 CITY: Urswick STATE: Cumbria ELEV: 128 ft LAT: 54 09' 33" N LONG: 3 07' 24" W TEMPERATURE (C), RAIN (mm), WIND SPEED (mph) HEAT COOL AVG MEAN DEG DEG WIND DOM DAY TEMP HIGH TIME LOW TIME DAYS DAYS RAIN SPEED HIGH TIME DIR ------------------------------------------------------------------------------------ 1 7.9 10.2 22:40 2.8 0:10 10.3 0.0 12.8 1.2 12.0 12:20 SSE 2 9.9 12.7 14:10 7.1 21:50 8.3 0.0 6.4 1.9 19.0 9:20 SSE 3 9.3 12.6 13:30 6.5 1:00 9.0 0.0 0.0 1.3 16.0 9:30 SW 4 9.6 14.7 17:30 3.9 00:00 8.8 0.0 0.0 1.0 14.0 18:00 SSE 5 10.0 16.7 14:10 2.8 4:10 8.3 0.0 0.0 0.5 11.0 12:30 SSE 6 13.8 21.5 14:10 7.1 5:20 4.9 0.4 0.0 0.0 2.0 15:20 SSE 7 14.8 21.8 14:10 9.8 4:20 3.9 0.4 0.6 0.3 7.0 17:40 NNW 8 17.2 24.6 13:00 11.0 3:10 2.6 1.5 0.0 0.1 4.0 4:30 NNW 9 18.4 25.2 12:50 12.6 6:10 1.9 2.0 0.0 0.6 10.0 15:20 NNW 10 15.9 22.6 12:30 12.3 00:00 2.9 0.6 0.8 0.6 12.0 12:10 NNW 11 15.0 21.1 14:40 11.2 5:00 3.6 0.3 4.2 0.7 11.0 15:20 NNW 12 16.7 23.1 13:10 12.3 4:50 2.7 1.1 0.0 1.0 9.0 11:00 NNW 13 11.8 18.1 13:20 6.3 00:00 6.5 0.0 0.0 0.7 6.0 7:40 NW 14 7.5 14.4 14:10 -1.1 5:30 10.8 0.0 0.0 0.4 11.0 16:40 NNE 15 8.7 15.7 13:20 0.9 4:50 9.6 0.0 0.0 0.2 10.0 14:20 NNE 16 8.8 14.7 13:00 0.9 5:00 9.5 0.0 0.0 0.5 11.0 19:30 NNE 17 10.9 17.1 16:40 2.2 5:10 7.4 0.0 0.4 0.8 12.0 15:50 SE 18 12.1 15.7 17:20 8.8 00:00 6.3 0.0 2.2 0.6 14.0 0:50 SE 19 10.9 14.4 12:10 5.9 3:50 7.4 0.0 1.0 0.6 12.0 20:30 SE 20 12.4 16.5 14:30 10.1 0:10 5.8 0.0 5.8 0.6 12.0 13:10 SSE 21 12.7 15.8 15:50 10.6 00:00 5.6 0.0 7.6 1.4 18.0 13:50 SE 22 12.4 17.0 12:50 6.1 00:00 5.9 0.0 0.0 0.2 9.0 0:10 SE 23 11.4 16.8 14:30 4.1 5:00 6.9 0.0 0.0 0.5 11.0 18:00 NNE 24 11.7 21.3 12:40 4.9 5:10 6.7 0.1 0.0 0.1 6.0 12:50 NW 25 9.6 15.1 14:20 3.3 4:50 8.7 0.0 0.2 0.0 4.0 13:30 NNW 26 10.9 13.9 17:20 8.3 1:50 7.4 0.0 2.4 0.0 3.0 13:40 N 27 13.9 20.6 17:00 9.2 22:30 4.6 0.2 0.0 0.0 5.0 14:50 SE 28 14.6 22.8 14:20 8.3 4:40 4.3 0.6 0.0 0.0 5.0 14:50 NW 29 14.7 22.1 17:30 7.1 5:40 4.2 0.6 0.0 0.1 5.0 11:20 NNE 30 14.5 24.2 13:00 7.1 4:40 4.6 0.8 0.0 0.1 5.0 14:00 NNW 31 15.2 22.7 16:10 6.4 3:20 4.1 1.0 0.0 0.7 9.0 15:30 NNW ------------------------------------------------------------------------------------- 12.4 25.2 9 -1.1 14 193.6 9.7 44.4 0.5 19.0 2 NNW Max >= 32.0: 0 Max <= 0.0: 0 Min <= 0.0: 1 Min <= -18.0: 0 Max Rain: 12.80 ON 01/05/16 Days of Rain: 12 (> .2 mm) 7 (> 2 mm) 0 (> 20 mm) Heat Base: 18.3 Cool Base: 18.3 Method: Integration