2020: Jan | Feb | Mar | Apr | May | Jun | Jul | Aug | Sep | Oct | Nov | Dec 
2019: Jan | Feb | Mar | Apr | May | Jun | Jul | Aug | Sep | Oct | Nov | Dec 
2018: Jan | Feb | Mar | Apr | May | Jun | Jul | Aug | Sep | Oct | Nov | Dec 
2017: Jan | Feb | Mar | Apr | May | Jun | Jul | Aug | Sep | Oct | Nov | Dec 
2016: Jan | Feb | Mar | Apr | May | Jun | Jul | Aug | Sep | Oct | Nov | Dec 
2015: Jan | Feb | Mar | Apr | May | Jun | Jul | Aug | Sep | Oct | Nov | Dec 
2014: Jan | Feb | Mar | Apr | May | Jun | Jul | Aug | Sep | Oct | Nov | Dec 
2013: Jan | Feb | Mar | Apr | May | Jun | Jul | Aug | Sep | Oct | Nov | Dec 
2012: Jan | Feb | Mar | Apr | May | Jun | Jul | Aug | Sep | Oct | Nov | Dec 
2011: Jan | Feb | Mar | Apr | May | Jun | Jul | Aug | Sep | Oct | Nov | Dec 
2010: Jan | Feb | Mar | Apr | May | Jun | Jul | Aug | Sep | Oct | Nov | Dec 
2009: Jan | Feb | Mar | Apr | May | Jun | Jul | Aug | Sep | Oct | Nov | Dec 
2008: Jan | Feb | Mar | Apr | May | Jun | Jul | Aug | Sep | Oct | Nov | Dec 
2007: Jan | Feb | Mar | Apr | May | Jun | Jul | Aug | Sep | Oct | Nov | Dec 

Report for 2016 06
MONTHLY CLIMATOLOGICAL SUMMARY for JUN. 2016 NAME: VantagePro2 CITY: Urswick STATE: Cumbria ELEV: 128 ft LAT: 54 09' 33" N LONG: 3 07' 24" W TEMPERATURE (C), RAIN (mm), WIND SPEED (mph) HEAT COOL AVG MEAN DEG DEG WIND DOM DAY TEMP HIGH TIME LOW TIME DAYS DAYS RAIN SPEED HIGH TIME DIR ------------------------------------------------------------------------------------ 1 14.1 20.4 13:40 7.4 00:00 4.4 0.2 0.0 0.5 6.0 11:00 NW 2 12.8 21.6 12:50 4.7 2:20 5.8 0.3 0.0 0.1 6.0 13:30 NNE 3 13.1 20.4 17:40 4.3 5:30 5.4 0.2 0.0 0.3 9.0 15:30 NNE 4 18.2 24.9 15:40 11.6 0:30 1.9 1.9 0.0 0.0 5.0 18:30 NW 5 19.7 29.3 17:50 11.0 5:30 2.0 3.4 0.0 0.1 4.0 11:10 SE 6 20.4 28.8 17:30 11.6 5:40 1.5 3.6 0.0 0.1 5.0 13:00 SE 7 18.1 24.8 12:20 12.8 4:50 1.7 1.5 0.0 0.3 9.0 17:50 NNE 8 18.2 25.2 18:40 14.3 1:50 1.5 1.3 0.0 0.1 6.0 13:10 NNE 9 18.6 23.9 14:40 14.4 4:50 1.4 1.7 0.0 0.1 9.0 16:00 SE 10 17.6 23.2 15:10 14.3 3:40 1.7 1.0 1.0 0.0 6.0 14:00 SE 11 16.0 18.2 11:30 13.9 2:00 2.3 0.0 21.4 0.0 2.0 21:30 SE 12 16.6 23.0 12:20 13.7 3:40 2.3 0.5 0.8 0.1 7.0 13:00 SE 13 14.4 17.3 16:20 12.2 2:10 3.9 0.0 5.0 0.0 6.0 16:10 SSE 14 15.5 21.6 13:50 11.8 6:00 3.3 0.4 2.4 0.0 5.0 17:00 NNE 15 14.4 19.4 15:50 10.4 5:30 3.9 0.0 3.6 0.1 6.0 13:50 NNE 16 14.1 20.3 12:00 11.4 23:50 4.3 0.0 7.2 0.0 4.0 11:50 NW 17 13.5 17.6 15:00 10.7 2:30 4.8 0.0 0.2 0.2 11.0 13:40 NNE 18 14.0 18.4 16:40 9.4 5:20 4.3 0.0 0.0 0.1 6.0 13:50 SE 19 14.8 17.3 13:40 11.3 5:20 3.5 0.0 27.6 1.4 20.0 22:40 SE 20 15.7 19.4 18:00 12.3 23:30 2.6 0.1 0.4 1.1 16.0 3:10 SSE 21 15.8 19.7 17:40 12.3 0:40 2.6 0.1 0.0 0.5 12.0 20:10 SSE 22 16.4 20.8 20:10 9.8 00:00 2.4 0.5 0.0 0.8 13.0 11:10 SE 23 14.8 22.3 13:10 7.9 4:50 4.2 0.7 0.0 0.2 10.0 14:40 SE 24 15.1 19.2 18:20 8.7 23:30 3.2 0.0 0.6 0.5 11.0 15:50 SE 25 13.8 19.7 18:50 7.4 2:00 4.5 0.0 0.0 0.4 10.0 17:20 NNE 26 13.9 16.7 12:00 12.5 6:40 4.4 0.0 8.8 0.5 9.0 9:10 NNE 27 13.3 16.0 12:20 11.4 14:30 5.0 0.0 2.0 0.7 13.0 8:50 SSE 28 10.9 14.6 14:40 6.1 4:50 7.4 0.0 23.2 0.0 9.0 17:00 SE 29 12.5 16.9 17:10 8.4 1:00 5.8 0.0 22.2 0.7 17.0 14:30 SSE 30 13.2 16.8 13:30 10.1 5:40 5.1 0.0 16.6 0.8 13.0 13:30 SE ------------------------------------------------------------------------------------- 15.3 29.3 5 4.3 3 107.1 17.6 143.0 0.3 20.0 19 SE Max >= 32.0: 0 Max <= 0.0: 0 Min <= 0.0: 0 Min <= -18.0: 0 Max Rain: 27.61 ON 19/06/16 Days of Rain: 16 (> .2 mm) 11 (> 2 mm) 4 (> 20 mm) Heat Base: 18.3 Cool Base: 18.3 Method: Integration