2020: Jan | Feb | Mar | Apr | May | Jun | Jul | Aug | Sep | Oct | Nov | Dec 
2019: Jan | Feb | Mar | Apr | May | Jun | Jul | Aug | Sep | Oct | Nov | Dec 
2018: Jan | Feb | Mar | Apr | May | Jun | Jul | Aug | Sep | Oct | Nov | Dec 
2017: Jan | Feb | Mar | Apr | May | Jun | Jul | Aug | Sep | Oct | Nov | Dec 
2016: Jan | Feb | Mar | Apr | May | Jun | Jul | Aug | Sep | Oct | Nov | Dec 
2015: Jan | Feb | Mar | Apr | May | Jun | Jul | Aug | Sep | Oct | Nov | Dec 
2014: Jan | Feb | Mar | Apr | May | Jun | Jul | Aug | Sep | Oct | Nov | Dec 
2013: Jan | Feb | Mar | Apr | May | Jun | Jul | Aug | Sep | Oct | Nov | Dec 
2012: Jan | Feb | Mar | Apr | May | Jun | Jul | Aug | Sep | Oct | Nov | Dec 
2011: Jan | Feb | Mar | Apr | May | Jun | Jul | Aug | Sep | Oct | Nov | Dec 
2010: Jan | Feb | Mar | Apr | May | Jun | Jul | Aug | Sep | Oct | Nov | Dec 
2009: Jan | Feb | Mar | Apr | May | Jun | Jul | Aug | Sep | Oct | Nov | Dec 
2008: Jan | Feb | Mar | Apr | May | Jun | Jul | Aug | Sep | Oct | Nov | Dec 
2007: Jan | Feb | Mar | Apr | May | Jun | Jul | Aug | Sep | Oct | Nov | Dec 

Report for 2016 07
MONTHLY CLIMATOLOGICAL SUMMARY for JUL. 2016 NAME: VantagePro2 CITY: Urswick STATE: Cumbria ELEV: 128 ft LAT: 54 09' 33" N LONG: 3 07' 24" W TEMPERATURE (C), RAIN (mm), WIND SPEED (mph) HEAT COOL AVG MEAN DEG DEG WIND DOM DAY TEMP HIGH TIME LOW TIME DAYS DAYS RAIN SPEED HIGH TIME DIR ------------------------------------------------------------------------------------ 1 12.6 15.6 11:50 9.5 21:50 5.7 0.0 3.6 1.4 17.0 17:10 SSE 2 12.6 17.1 14:30 9.9 2:30 5.7 0.0 0.8 1.4 17.0 16:20 SSE 3 13.8 17.6 14:30 10.7 0:30 4.5 0.0 0.0 0.3 11.0 11:30 SSE 4 14.1 19.4 13:00 9.9 5:40 4.2 0.0 5.8 0.6 13.0 21:20 SE 5 13.9 17.6 13:50 9.1 00:00 4.4 0.0 0.2 0.9 13.0 17:20 NNE 6 13.1 17.3 16:00 6.6 3:40 5.2 0.0 0.0 0.6 11.0 23:10 SE 7 16.1 19.2 18:20 13.9 7:50 2.2 0.0 0.8 0.8 17.0 2:00 SE 8 15.7 18.8 18:30 11.9 23:10 2.6 0.0 1.4 1.0 17.0 16:20 SSE 9 15.9 17.1 19:00 12.8 0:10 2.4 0.0 9.4 2.0 18.0 23:30 SE 10 15.9 18.6 16:10 14.3 3:30 2.4 0.0 1.0 3.3 20.0 16:00 SE 11 14.4 17.6 16:50 10.1 23:50 3.9 0.0 5.8 0.9 15.0 0:10 SSE 12 13.7 17.9 14:30 8.8 0:50 4.6 0.0 0.0 0.5 11.0 14:40 NNE 13 13.6 17.9 14:00 9.2 5:00 4.7 0.0 0.0 0.5 12.0 16:10 NNE 14 13.8 18.8 13:00 6.9 6:00 4.5 0.0 0.0 0.3 9.0 13:40 NNE 15 14.8 18.3 17:40 11.1 1:50 3.5 0.0 12.4 1.2 15.0 21:00 SE 16 16.3 19.1 12:40 13.3 22:20 2.0 0.0 0.4 0.7 15.0 1:40 SSE 17 15.6 19.9 18:10 12.3 23:30 2.8 0.1 0.0 0.3 10.0 10:40 SSE 18 18.3 25.5 17:40 12.2 1:30 1.6 1.6 0.0 0.0 1.0 10:40 SE 19 22.8 32.0 17:50 13.2 1:00 1.1 5.7 0.0 0.0 0.0 --- --- 20 19.7 23.7 13:20 14.4 00:00 0.5 1.9 14.8 0.2 10.0 7:00 SSE 21 16.7 20.8 18:00 10.9 4:30 2.1 0.5 0.0 0.5 10.0 10:50 SE 22 17.4 22.6 13:20 12.4 5:10 1.7 0.9 0.0 0.0 1.0 9:50 SE 23 16.3 22.3 15:00 10.6 6:00 2.6 0.6 0.0 0.2 6.0 14:20 SE 24 16.8 19.3 14:40 15.4 23:40 1.5 0.0 2.8 0.2 10.0 20:00 SE 25 15.2 17.8 17:00 13.2 4:30 3.1 0.0 0.0 0.5 12.0 10:10 SSE 26 15.7 18.1 16:50 13.7 0:10 2.6 0.0 7.6 0.8 12.0 23:40 SE 27 15.7 19.4 13:40 11.7 23:10 2.7 0.0 9.6 1.0 16.0 0:10 NE 28 14.5 16.8 18:40 11.8 2:40 3.8 0.0 7.0 0.1 7.0 16:50 SE 29 16.9 21.3 18:10 12.8 22:40 1.9 0.5 1.8 0.2 7.0 14:30 NE 30 14.4 18.6 17:40 10.4 3:30 3.9 0.0 0.0 0.2 10.0 18:20 SSE 31 13.9 18.5 13:40 9.0 5:30 4.4 0.0 0.4 0.3 9.0 13:00 SSE ------------------------------------------------------------------------------------- 15.5 32.0 19 6.6 6 98.9 12.1 85.6 0.7 20.0 10 SE Max >= 32.0: 1 Max <= 0.0: 0 Min <= 0.0: 0 Min <= -18.0: 0 Max Rain: 14.81 ON 20/07/16 Days of Rain: 18 (> .2 mm) 10 (> 2 mm) 0 (> 20 mm) Heat Base: 18.3 Cool Base: 18.3 Method: Integration