2020: Jan | Feb | Mar | Apr | May | Jun | Jul | Aug | Sep | Oct | Nov | Dec 
2019: Jan | Feb | Mar | Apr | May | Jun | Jul | Aug | Sep | Oct | Nov | Dec 
2018: Jan | Feb | Mar | Apr | May | Jun | Jul | Aug | Sep | Oct | Nov | Dec 
2017: Jan | Feb | Mar | Apr | May | Jun | Jul | Aug | Sep | Oct | Nov | Dec 
2016: Jan | Feb | Mar | Apr | May | Jun | Jul | Aug | Sep | Oct | Nov | Dec 
2015: Jan | Feb | Mar | Apr | May | Jun | Jul | Aug | Sep | Oct | Nov | Dec 
2014: Jan | Feb | Mar | Apr | May | Jun | Jul | Aug | Sep | Oct | Nov | Dec 
2013: Jan | Feb | Mar | Apr | May | Jun | Jul | Aug | Sep | Oct | Nov | Dec 
2012: Jan | Feb | Mar | Apr | May | Jun | Jul | Aug | Sep | Oct | Nov | Dec 
2011: Jan | Feb | Mar | Apr | May | Jun | Jul | Aug | Sep | Oct | Nov | Dec 
2010: Jan | Feb | Mar | Apr | May | Jun | Jul | Aug | Sep | Oct | Nov | Dec 
2009: Jan | Feb | Mar | Apr | May | Jun | Jul | Aug | Sep | Oct | Nov | Dec 
2008: Jan | Feb | Mar | Apr | May | Jun | Jul | Aug | Sep | Oct | Nov | Dec 
2007: Jan | Feb | Mar | Apr | May | Jun | Jul | Aug | Sep | Oct | Nov | Dec 

Report for 2016 08
MONTHLY CLIMATOLOGICAL SUMMARY for AUG. 2016 NAME: VantagePro2 CITY: Urswick STATE: Cumbria ELEV: 128 ft LAT: 54 09' 33" N LONG: 3 07' 24" W TEMPERATURE (C), RAIN (mm), WIND SPEED (mph) HEAT COOL AVG MEAN DEG DEG WIND DOM DAY TEMP HIGH TIME LOW TIME DAYS DAYS RAIN SPEED HIGH TIME DIR ------------------------------------------------------------------------------------ 1 15.1 20.6 14:20 10.8 1:30 3.3 0.1 1.4 0.1 7.0 13:40 SE 2 16.1 18.2 18:20 13.9 5:20 2.2 0.0 3.4 0.2 10.0 21:40 NW 3 16.1 18.9 12:50 15.2 6:00 2.2 0.0 2.6 3.3 20.0 12:20 SE 4 15.8 18.5 13:00 14.1 23:50 2.6 0.0 1.4 1.0 13.0 2:20 SSE 5 15.1 19.9 14:40 9.7 6:10 3.3 0.2 0.0 0.1 7.0 19:50 SE 6 15.2 21.0 14:50 7.2 6:10 3.5 0.4 0.0 0.8 18.0 22:20 SE 7 16.4 18.7 14:40 13.4 23:20 1.9 0.0 2.0 3.5 21.0 1:00 SSE 8 14.3 17.5 14:10 11.1 23:40 4.0 0.0 0.0 2.0 25.0 1:30 NNE 9 12.7 16.3 17:40 9.2 2:20 5.6 0.0 1.2 1.0 12.0 11:00 NNE 10 13.1 16.8 13:40 10.3 5:30 5.2 0.0 6.0 0.1 10.0 19:30 SSE 11 14.9 18.4 17:00 12.7 0:20 3.4 0.0 7.6 1.3 13.0 18:40 SSE 12 16.2 18.8 14:20 14.2 6:00 2.1 0.0 0.2 2.4 18.0 13:10 SSE 13 15.7 18.4 14:10 13.9 9:50 2.6 0.0 0.6 0.7 18.0 2:40 SSE 14 14.7 19.2 14:40 8.9 00:00 3.6 0.0 0.0 0.0 5.0 16:30 SSE 15 14.8 23.8 14:00 6.8 3:40 4.6 1.1 0.0 0.0 3.0 23:20 NW 16 16.9 24.6 13:50 10.9 5:30 2.9 1.5 0.0 0.0 4.0 23:00 NW 17 16.3 22.9 17:40 10.6 5:50 3.0 1.0 0.0 0.0 5.0 0:30 NW 18 17.6 23.1 17:50 13.2 1:50 1.9 1.2 0.0 0.1 6.0 23:50 NNW 19 15.1 16.8 18:20 13.1 22:20 3.2 0.0 21.0 0.4 10.0 21:10 NW 20 14.8 15.6 18:20 13.7 8:20 3.5 0.0 28.2 2.1 26.0 15:30 SE 21 15.8 19.0 13:50 14.6 1:40 2.5 0.0 9.2 0.3 13.0 15:40 SE 22 16.3 18.8 17:10 10.9 00:00 2.0 0.0 36.2 1.1 13.0 2:30 SSE 23 17.4 23.5 14:00 10.7 0:30 1.9 1.0 6.4 0.0 6.0 14:40 SE 24 16.7 22.4 14:00 12.6 7:00 2.3 0.6 0.0 0.0 4.0 13:20 NNE 25 16.3 19.1 14:20 13.1 0:10 2.0 0.0 0.2 0.0 0.0 --- --- 26 15.4 19.3 14:30 10.1 5:20 2.9 0.0 0.0 0.7 15.0 17:00 SSE 27 16.1 21.6 14:30 11.7 6:30 2.7 0.5 1.8 0.0 5.0 21:40 NNW 28 15.7 19.8 17:40 12.4 00:00 2.7 0.1 4.2 0.0 3.0 15:30 NW 29 13.9 18.9 13:40 9.3 6:50 4.4 0.0 0.2 0.0 6.0 12:40 SSE 30 16.5 18.9 14:50 13.2 0:10 1.8 0.0 0.0 0.2 9.0 11:10 SSE 31 15.8 17.9 15:00 12.3 22:30 2.4 0.0 2.8 0.6 17.0 13:30 SSE ------------------------------------------------------------------------------------- 15.6 24.6 16 6.8 15 92.5 8.1 136.6 0.7 26.0 20 SSE Max >= 32.0: 0 Max <= 0.0: 0 Min <= 0.0: 0 Min <= -18.0: 0 Max Rain: 36.19 ON 22/08/16 Days of Rain: 20 (> .2 mm) 12 (> 2 mm) 3 (> 20 mm) Heat Base: 18.3 Cool Base: 18.3 Method: Integration