2020: Jan | Feb | Mar | Apr | May | Jun | Jul | Aug | Sep | Oct | Nov | Dec 
2019: Jan | Feb | Mar | Apr | May | Jun | Jul | Aug | Sep | Oct | Nov | Dec 
2018: Jan | Feb | Mar | Apr | May | Jun | Jul | Aug | Sep | Oct | Nov | Dec 
2017: Jan | Feb | Mar | Apr | May | Jun | Jul | Aug | Sep | Oct | Nov | Dec 
2016: Jan | Feb | Mar | Apr | May | Jun | Jul | Aug | Sep | Oct | Nov | Dec 
2015: Jan | Feb | Mar | Apr | May | Jun | Jul | Aug | Sep | Oct | Nov | Dec 
2014: Jan | Feb | Mar | Apr | May | Jun | Jul | Aug | Sep | Oct | Nov | Dec 
2013: Jan | Feb | Mar | Apr | May | Jun | Jul | Aug | Sep | Oct | Nov | Dec 
2012: Jan | Feb | Mar | Apr | May | Jun | Jul | Aug | Sep | Oct | Nov | Dec 
2011: Jan | Feb | Mar | Apr | May | Jun | Jul | Aug | Sep | Oct | Nov | Dec 
2010: Jan | Feb | Mar | Apr | May | Jun | Jul | Aug | Sep | Oct | Nov | Dec 
2009: Jan | Feb | Mar | Apr | May | Jun | Jul | Aug | Sep | Oct | Nov | Dec 
2008: Jan | Feb | Mar | Apr | May | Jun | Jul | Aug | Sep | Oct | Nov | Dec 
2007: Jan | Feb | Mar | Apr | May | Jun | Jul | Aug | Sep | Oct | Nov | Dec 

Report for 2016 09
MONTHLY CLIMATOLOGICAL SUMMARY for SEP. 2016 NAME: VantagePro2 CITY: Urswick STATE: Cumbria ELEV: 128 ft LAT: 54 09' 33" N LONG: 3 07' 24" W TEMPERATURE (C), RAIN (mm), WIND SPEED (mph) HEAT COOL AVG MEAN DEG DEG WIND DOM DAY TEMP HIGH TIME LOW TIME DAYS DAYS RAIN SPEED HIGH TIME DIR ------------------------------------------------------------------------------------ 1 14.2 17.8 13:20 9.3 5:10 4.1 0.0 3.4 1.5 20.0 22:20 SE 2 15.8 18.4 13:10 14.2 5:50 2.5 0.0 0.0 1.0 16.0 0:50 SSE 3 13.8 15.8 21:20 10.4 4:40 4.4 0.0 15.0 0.4 13.0 23:30 SE 4 15.3 18.8 13:20 12.7 22:40 3.0 0.0 0.2 0.7 14.0 4:00 NNE 5 16.1 19.3 17:30 12.9 0:10 2.3 0.1 2.6 0.2 9.0 18:50 SE 6 18.4 21.3 15:30 16.8 23:10 0.4 0.6 0.0 0.5 11.0 10:00 SE 7 19.4 24.7 13:50 16.9 3:30 0.4 1.5 0.0 0.0 5.0 0:40 SE 8 16.5 18.6 1:30 13.8 9:20 1.8 0.0 11.0 1.5 19.0 15:50 SE 9 16.3 18.1 15:30 14.2 00:00 2.0 0.0 12.6 2.8 18.0 21:30 SE 10 12.6 16.8 15:10 7.6 22:10 5.7 0.0 0.0 0.1 9.0 0:30 SSE 11 15.0 19.1 16:50 9.6 7:30 3.3 0.1 0.0 1.6 15.0 12:40 SE 12 17.1 20.5 15:30 13.8 4:40 1.7 0.5 0.4 0.6 10.0 17:10 SE 13 19.0 23.9 13:00 16.9 00:00 0.1 0.9 3.4 0.0 6.0 10:00 SE 14 19.1 23.9 14:00 14.6 3:40 1.0 1.8 0.0 0.3 5.0 11:30 NNW 15 17.0 22.9 14:10 13.4 6:40 2.0 0.7 0.0 0.0 5.0 18:30 NNE 16 14.4 17.4 13:40 11.3 23:50 3.9 0.0 1.0 1.8 14.0 17:30 NNE 17 11.8 18.4 12:40 6.9 23:50 6.4 0.0 0.0 0.1 10.0 15:40 NNE 18 12.7 16.8 13:20 6.2 1:10 5.6 0.0 1.0 0.2 7.0 10:30 SE 19 13.4 18.3 14:20 8.5 21:50 4.9 0.0 0.0 0.1 6.0 9:50 NNW 20 11.6 17.4 13:20 7.2 6:40 6.8 0.0 0.0 0.0 6.0 13:20 NNE 21 14.2 17.9 13:00 8.6 0:10 4.1 0.0 13.2 0.1 10.0 13:20 SE 22 13.3 15.4 14:10 11.1 7:30 5.0 0.0 9.2 0.7 13.0 4:50 SSE 23 13.8 17.1 15:20 9.0 7:30 4.5 0.0 0.2 1.1 13.0 13:10 SSE 24 15.3 17.7 15:40 12.6 3:30 3.0 0.0 0.2 0.8 13.0 23:00 SE 25 13.7 15.8 0:10 11.0 22:30 4.6 0.0 6.6 1.3 19.0 16:10 SSE 26 11.4 14.2 17:30 7.8 3:50 6.9 0.0 16.2 0.3 11.0 16:40 SE 27 14.5 16.6 13:40 12.8 3:20 3.8 0.0 1.2 1.2 17.0 11:00 SSE 28 15.4 17.2 17:00 14.1 4:30 2.9 0.0 8.6 3.3 28.0 22:50 SSE 29 13.6 15.7 1:00 11.1 21:30 4.7 0.0 1.4 3.1 22.0 0:30 SW 30 11.3 14.5 15:00 7.0 23:30 7.0 0.0 2.2 0.4 10.0 12:20 SSE ------------------------------------------------------------------------------------- 14.9 24.7 7 6.2 18 108.8 6.2 109.6 0.9 28.0 28 SSE Max >= 32.0: 0 Max <= 0.0: 0 Min <= 0.0: 0 Min <= -18.0: 0 Max Rain: 16.21 ON 26/09/16 Days of Rain: 20 (> .2 mm) 12 (> 2 mm) 0 (> 20 mm) Heat Base: 18.3 Cool Base: 18.3 Method: Integration