2020: Jan | Feb | Mar | Apr | May | Jun | Jul | Aug | Sep | Oct | Nov | Dec 
2019: Jan | Feb | Mar | Apr | May | Jun | Jul | Aug | Sep | Oct | Nov | Dec 
2018: Jan | Feb | Mar | Apr | May | Jun | Jul | Aug | Sep | Oct | Nov | Dec 
2017: Jan | Feb | Mar | Apr | May | Jun | Jul | Aug | Sep | Oct | Nov | Dec 
2016: Jan | Feb | Mar | Apr | May | Jun | Jul | Aug | Sep | Oct | Nov | Dec 
2015: Jan | Feb | Mar | Apr | May | Jun | Jul | Aug | Sep | Oct | Nov | Dec 
2014: Jan | Feb | Mar | Apr | May | Jun | Jul | Aug | Sep | Oct | Nov | Dec 
2013: Jan | Feb | Mar | Apr | May | Jun | Jul | Aug | Sep | Oct | Nov | Dec 
2012: Jan | Feb | Mar | Apr | May | Jun | Jul | Aug | Sep | Oct | Nov | Dec 
2011: Jan | Feb | Mar | Apr | May | Jun | Jul | Aug | Sep | Oct | Nov | Dec 
2010: Jan | Feb | Mar | Apr | May | Jun | Jul | Aug | Sep | Oct | Nov | Dec 
2009: Jan | Feb | Mar | Apr | May | Jun | Jul | Aug | Sep | Oct | Nov | Dec 
2008: Jan | Feb | Mar | Apr | May | Jun | Jul | Aug | Sep | Oct | Nov | Dec 
2007: Jan | Feb | Mar | Apr | May | Jun | Jul | Aug | Sep | Oct | Nov | Dec 

Report for 2016 10
MONTHLY CLIMATOLOGICAL SUMMARY for OCT. 2016 NAME: VantagePro2 CITY: Urswick STATE: Cumbria ELEV: 128 ft LAT: 54 09' 33" N LONG: 3 07' 24" W TEMPERATURE (C), RAIN (mm), WIND SPEED (mph) HEAT COOL AVG MEAN DEG DEG WIND DOM DAY TEMP HIGH TIME LOW TIME DAYS DAYS RAIN SPEED HIGH TIME DIR ------------------------------------------------------------------------------------ 1 10.0 13.7 15:00 5.6 00:00 8.3 0.0 5.2 0.0 6.0 3:40 NNW 2 7.4 14.5 14:50 1.9 7:40 10.9 0.0 0.2 0.0 0.0 --- --- 3 9.2 15.9 13:40 3.7 2:30 9.1 0.0 0.0 0.0 4.0 12:10 NNW 4 13.0 16.8 13:40 8.6 0:10 5.3 0.0 0.2 0.2 6.0 21:50 NNW 5 12.4 15.8 12:20 8.6 23:50 5.9 0.0 0.0 0.6 11.0 11:00 NNW 6 10.3 15.3 14:10 5.3 5:20 7.9 0.0 0.0 0.4 6.0 10:30 NNW 7 11.7 13.8 12:50 9.1 0:10 6.6 0.0 0.0 0.0 5.0 13:30 NNW 8 11.5 15.5 13:40 8.8 7:40 6.8 0.0 0.0 0.0 1.0 0:50 NNW 9 9.5 14.2 15:10 5.3 20:10 8.8 0.0 0.0 0.0 4.0 15:20 NNW 10 8.6 13.0 13:50 4.7 22:50 9.7 0.0 0.6 0.0 3.0 12:20 NNW 11 9.3 13.4 14:40 5.1 1:00 9.0 0.0 0.0 0.1 6.0 16:40 NNW 12 9.8 14.2 14:30 6.9 8:20 8.5 0.0 1.2 0.0 4.0 2:30 NNW 13 9.0 12.3 13:00 6.3 0:40 9.3 0.0 0.8 0.2 6.0 11:50 NNW 14 9.3 12.8 15:00 5.2 7:30 8.9 0.0 0.2 0.0 5.0 10:40 NNW 15 10.0 13.4 15:10 6.9 6:30 8.3 0.0 0.8 0.1 10.0 15:10 NNW 16 10.8 14.7 15:30 7.7 6:40 7.4 0.0 2.0 0.4 9.0 13:50 SE 17 11.8 14.3 14:10 10.1 5:40 6.5 0.0 6.2 1.8 18.0 7:50 SSE 18 9.8 12.1 2:30 7.4 6:00 8.5 0.0 8.0 1.8 19.0 3:10 NNE 19 9.4 12.8 15:50 5.6 6:20 8.9 0.0 0.0 0.1 5.0 8:10 NNW 20 9.8 13.7 13:10 5.7 00:00 8.5 0.0 0.0 0.0 3.0 16:10 NNW 21 8.4 12.9 17:00 4.6 00:00 9.9 0.0 0.0 0.0 1.0 12:20 SE 22 6.8 11.6 14:40 2.3 5:00 11.5 0.0 0.0 0.0 2.0 12:30 NNW 23 7.9 10.7 14:20 5.8 0:10 10.4 0.0 0.0 0.3 7.0 13:40 NNW 24 6.3 11.2 15:40 3.4 4:10 11.9 0.0 0.0 0.0 2.0 6:30 NNW 25 7.4 12.5 14:30 1.3 7:20 10.9 0.0 1.0 0.0 4.0 11:10 SE 26 12.3 13.4 14:30 10.2 0:10 6.0 0.0 1.6 0.7 13.0 13:10 SSE 27 13.2 14.0 14:10 12.0 2:30 5.1 0.0 0.0 2.5 18.0 13:50 SSE 28 11.7 14.0 0:30 9.1 21:20 6.6 0.0 1.0 0.4 15.0 0:50 SSE 29 11.7 13.2 13:00 10.7 4:40 6.6 0.0 4.6 0.0 4.0 10:10 SE 30 10.7 12.3 12:30 9.8 18:10 7.6 0.0 0.0 0.0 2.0 13:30 SE 31 9.4 13.2 14:30 5.4 21:10 8.9 0.0 0.0 0.0 1.0 1:00 E ------------------------------------------------------------------------------------- 10.0 16.8 4 1.3 25 258.7 0.0 33.6 0.3 19.0 18 NNW Max >= 32.0: 0 Max <= 0.0: 0 Min <= 0.0: 0 Min <= -18.0: 0 Max Rain: 8.00 ON 18/10/16 Days of Rain: 15 (> .2 mm) 5 (> 2 mm) 0 (> 20 mm) Heat Base: 18.3 Cool Base: 18.3 Method: Integration