2020: Jan | Feb | Mar | Apr | May | Jun | Jul | Aug | Sep | Oct | Nov | Dec 
2019: Jan | Feb | Mar | Apr | May | Jun | Jul | Aug | Sep | Oct | Nov | Dec 
2018: Jan | Feb | Mar | Apr | May | Jun | Jul | Aug | Sep | Oct | Nov | Dec 
2017: Jan | Feb | Mar | Apr | May | Jun | Jul | Aug | Sep | Oct | Nov | Dec 
2016: Jan | Feb | Mar | Apr | May | Jun | Jul | Aug | Sep | Oct | Nov | Dec 
2015: Jan | Feb | Mar | Apr | May | Jun | Jul | Aug | Sep | Oct | Nov | Dec 
2014: Jan | Feb | Mar | Apr | May | Jun | Jul | Aug | Sep | Oct | Nov | Dec 
2013: Jan | Feb | Mar | Apr | May | Jun | Jul | Aug | Sep | Oct | Nov | Dec 
2012: Jan | Feb | Mar | Apr | May | Jun | Jul | Aug | Sep | Oct | Nov | Dec 
2011: Jan | Feb | Mar | Apr | May | Jun | Jul | Aug | Sep | Oct | Nov | Dec 
2010: Jan | Feb | Mar | Apr | May | Jun | Jul | Aug | Sep | Oct | Nov | Dec 
2009: Jan | Feb | Mar | Apr | May | Jun | Jul | Aug | Sep | Oct | Nov | Dec 
2008: Jan | Feb | Mar | Apr | May | Jun | Jul | Aug | Sep | Oct | Nov | Dec 
2007: Jan | Feb | Mar | Apr | May | Jun | Jul | Aug | Sep | Oct | Nov | Dec 

Report for 2016 11
MONTHLY CLIMATOLOGICAL SUMMARY for NOV. 2016 NAME: VantagePro2 CITY: Urswick STATE: Cumbria ELEV: 128 ft LAT: 54 09' 33" N LONG: 3 07' 24" W TEMPERATURE (C), RAIN (mm), WIND SPEED (mph) HEAT COOL AVG MEAN DEG DEG WIND DOM DAY TEMP HIGH TIME LOW TIME DAYS DAYS RAIN SPEED HIGH TIME DIR ------------------------------------------------------------------------------------ 1 6.1 9.8 11:00 -0.1 23:10 12.2 0.0 0.0 0.0 4.0 7:40 NNW 2 3.0 9.0 13:20 -0.6 7:40 15.3 0.0 0.2 0.1 7.0 12:20 NNW 3 6.9 9.8 23:00 2.2 0:10 11.4 0.0 3.8 0.3 10.0 19:10 SSE 4 6.8 9.7 14:30 1.1 21:50 11.5 0.0 1.0 0.2 10.0 17:10 NNE 5 4.8 6.9 13:30 2.6 20:00 13.5 0.0 0.0 1.5 14.0 9:40 NNE 6 4.0 7.6 12:50 0.6 3:20 14.3 0.0 0.0 1.0 11.0 9:00 NNE 7 1.9 6.5 12:30 -3.2 22:30 16.4 0.0 0.0 0.0 7.0 10:50 NNW 8 0.4 3.8 12:50 -4.7 4:40 17.9 0.0 17.2 0.1 6.0 23:00 NNW 9 2.4 4.9 15:20 0.3 19:10 15.8 0.0 10.6 0.0 3.0 0:20 NNW 10 4.6 8.1 13:10 -0.2 00:00 13.7 0.0 9.8 1.1 16.0 10:50 NNW 11 3.2 7.1 13:40 -1.9 6:00 15.1 0.0 8.0 0.2 10.0 22:20 SSE 12 8.2 10.9 12:00 5.9 00:00 10.1 0.0 15.6 0.5 13.0 3:20 NNW 13 6.0 10.3 23:40 1.6 5:00 12.3 0.0 3.2 0.1 6.0 23:20 SE 14 11.8 13.7 23:50 10.1 4:20 6.5 0.0 8.4 0.5 12.0 21:50 SSE 15 10.4 13.7 0:10 6.1 17:30 7.9 0.0 3.8 0.6 12.0 7:10 SW 16 8.6 10.4 7:50 6.2 18:50 9.7 0.0 4.4 1.9 18.0 7:20 SW 17 5.7 7.7 0:20 3.5 22:10 12.7 0.0 12.2 1.3 16.0 8:30 SW 18 3.5 4.7 12:50 1.5 18:30 14.8 0.0 11.6 0.6 12.0 0:40 NNW 19 3.3 6.1 13:30 0.8 17:40 15.0 0.0 3.8 0.1 12.0 15:50 SSE 20 1.2 5.6 11:50 -2.6 23:20 17.1 0.0 0.0 0.1 6.0 5:50 NNW 21 2.9 5.3 11:50 -2.4 2:00 15.4 0.0 3.6 2.6 15.0 16:50 NNW 22 5.1 6.5 12:10 3.5 00:00 13.3 0.0 2.0 1.7 15.0 2:40 NNW 23 3.8 6.9 13:40 -0.7 20:40 14.5 0.0 0.0 0.0 3.0 11:20 NNW 24 0.1 5.6 13:40 -2.8 8:10 18.2 0.0 0.2 0.0 2.0 13:20 NNW 25 -0.8 4.7 13:40 -3.3 2:30 19.1 0.0 0.0 0.0 1.0 11:10 NNE 26 0.3 5.8 14:00 -5.0 6:50 18.0 0.0 0.2 0.0 0.0 --- --- 27 5.9 7.8 13:30 3.7 1:00 12.3 0.0 0.0 0.1 5.0 13:40 NNW 28 3.6 7.3 13:30 -2.1 00:00 14.7 0.0 0.0 0.0 4.0 14:00 NNW 29 -1.2 4.6 13:50 -4.4 7:20 19.5 0.0 0.0 0.0 1.0 14:10 SSE 30 5.4 9.5 12:00 -1.4 0:20 12.9 0.0 0.0 0.2 11.0 12:00 NW ------------------------------------------------------------------------------------- 4.3 13.7 14 -5.0 26 421.1 0.0 119.6 0.5 18.0 16 NNW Max >= 32.0: 0 Max <= 0.0: 0 Min <= 0.0: 15 Min <= -18.0: 0 Max Rain: 17.20 ON 08/11/16 Days of Rain: 19 (> .2 mm) 15 (> 2 mm) 0 (> 20 mm) Heat Base: 18.3 Cool Base: 18.3 Method: Integration