2020: Jan | Feb | Mar | Apr | May | Jun | Jul | Aug | Sep | Oct | Nov | Dec 
2019: Jan | Feb | Mar | Apr | May | Jun | Jul | Aug | Sep | Oct | Nov | Dec 
2018: Jan | Feb | Mar | Apr | May | Jun | Jul | Aug | Sep | Oct | Nov | Dec 
2017: Jan | Feb | Mar | Apr | May | Jun | Jul | Aug | Sep | Oct | Nov | Dec 
2016: Jan | Feb | Mar | Apr | May | Jun | Jul | Aug | Sep | Oct | Nov | Dec 
2015: Jan | Feb | Mar | Apr | May | Jun | Jul | Aug | Sep | Oct | Nov | Dec 
2014: Jan | Feb | Mar | Apr | May | Jun | Jul | Aug | Sep | Oct | Nov | Dec 
2013: Jan | Feb | Mar | Apr | May | Jun | Jul | Aug | Sep | Oct | Nov | Dec 
2012: Jan | Feb | Mar | Apr | May | Jun | Jul | Aug | Sep | Oct | Nov | Dec 
2011: Jan | Feb | Mar | Apr | May | Jun | Jul | Aug | Sep | Oct | Nov | Dec 
2010: Jan | Feb | Mar | Apr | May | Jun | Jul | Aug | Sep | Oct | Nov | Dec 
2009: Jan | Feb | Mar | Apr | May | Jun | Jul | Aug | Sep | Oct | Nov | Dec 
2008: Jan | Feb | Mar | Apr | May | Jun | Jul | Aug | Sep | Oct | Nov | Dec 
2007: Jan | Feb | Mar | Apr | May | Jun | Jul | Aug | Sep | Oct | Nov | Dec 

Report for 2016 12
MONTHLY CLIMATOLOGICAL SUMMARY for DEC. 2016 NAME: VantagePro2 CITY: Urswick STATE: Cumbria ELEV: 128 ft LAT: 54 09' 33" N LONG: 3 07' 24" W TEMPERATURE (C), RAIN (mm), WIND SPEED (mph) HEAT COOL AVG MEAN DEG DEG WIND DOM DAY TEMP HIGH TIME LOW TIME DAYS DAYS RAIN SPEED HIGH TIME DIR ------------------------------------------------------------------------------------ 1 7.8 9.8 12:00 2.8 21:30 10.5 0.0 0.0 0.4 10.0 12:30 NW 2 5.4 8.2 13:30 0.8 20:40 12.9 0.0 0.0 0.0 1.0 1:00 NNW 3 4.3 5.6 14:40 0.2 7:50 14.0 0.0 0.8 0.0 3.0 23:20 NNW 4 2.6 6.4 13:40 -0.6 4:40 15.7 0.0 0.0 0.6 6.0 13:50 NNW 5 2.3 4.7 13:10 0.2 6:00 16.0 0.0 0.0 0.0 4.0 0:10 NNW 6 5.7 8.2 23:10 1.1 4:20 12.6 0.0 1.6 0.0 5.0 23:50 NNW 7 9.9 12.1 17:30 7.4 3:40 8.3 0.0 2.6 1.3 16.0 20:10 SSE 8 9.6 11.9 11:30 3.9 21:00 8.7 0.0 16.8 0.3 10.0 12:40 SSE 9 9.8 11.4 11:40 7.3 0:10 8.5 0.0 12.2 1.3 16.0 11:00 SSE 10 9.1 10.3 3:10 7.5 22:50 9.2 0.0 0.2 0.6 12.0 0:20 SSE 11 8.3 9.2 13:30 6.2 00:00 10.0 0.0 0.0 0.6 13.0 5:50 SW 12 5.4 7.2 23:40 1.7 5:20 12.9 0.0 2.6 0.0 1.0 5:50 NNE 13 8.3 10.1 00:00 7.2 0:10 10.0 0.0 7.6 0.0 4.0 11:20 NNW 14 9.1 11.4 13:50 5.9 18:40 9.2 0.0 0.0 0.1 7.0 4:10 SSW 15 8.8 10.0 13:20 7.1 1:20 9.5 0.0 4.4 0.3 6.0 6:20 SSW 16 7.8 9.7 13:10 2.9 23:50 10.5 0.0 0.6 0.0 6.0 13:10 SSE 17 1.2 4.3 13:50 -1.2 7:50 17.2 0.0 0.2 0.0 1.0 10:40 NNW 18 6.1 7.7 12:10 2.9 0:30 12.2 0.0 0.2 0.0 4.0 13:10 SSE 19 6.6 8.2 14:40 5.4 8:10 11.7 0.0 0.0 0.0 2.0 13:40 NNW 20 5.8 7.0 2:20 5.1 21:40 12.5 0.0 3.0 1.4 14.0 14:10 SSE 21 6.6 8.7 9:30 5.6 0:20 11.7 0.0 7.4 1.2 16.0 8:30 SSE 22 7.8 8.4 12:00 7.1 0:10 10.5 0.0 0.6 2.3 19.0 11:40 SW 23 7.4 9.6 14:30 6.1 7:10 10.9 0.0 5.4 2.4 23.0 14:30 SSE 24 8.2 10.1 00:00 6.4 7:20 10.1 0.0 3.4 3.8 22.0 00:00 SW 25 9.9 11.3 12:30 7.2 00:00 8.4 0.0 0.8 4.2 22.0 13:00 SSE 26 6.5 7.9 1:50 5.3 8:40 11.8 0.0 0.2 3.1 28.0 8:00 SW 27 4.9 7.7 13:10 -0.2 7:40 13.4 0.0 0.0 0.0 7.0 14:30 SSE 28 0.0 4.1 14:00 -2.7 23:00 18.3 0.0 0.0 0.0 1.0 6:10 NNW 29 1.9 8.3 00:00 -3.4 4:30 16.4 0.0 0.2 0.0 10.0 23:30 SSE 30 8.6 10.2 12:50 6.1 7:40 9.7 0.0 0.0 1.2 13.0 22:50 SSE 31 9.4 10.4 3:40 8.2 00:00 8.8 0.0 5.2 2.2 18.0 23:30 SSE ------------------------------------------------------------------------------------- 6.6 12.1 7 -3.4 29 362.2 0.0 76.0 0.9 28.0 26 SSE Max >= 32.0: 0 Max <= 0.0: 0 Min <= 0.0: 5 Min <= -18.0: 0 Max Rain: 16.79 ON 08/12/16 Days of Rain: 21 (> .2 mm) 11 (> 2 mm) 0 (> 20 mm) Heat Base: 18.3 Cool Base: 18.3 Method: Integration