2020: Jan | Feb | Mar | Apr | May | Jun | Jul | Aug | Sep | Oct | Nov | Dec 
2019: Jan | Feb | Mar | Apr | May | Jun | Jul | Aug | Sep | Oct | Nov | Dec 
2018: Jan | Feb | Mar | Apr | May | Jun | Jul | Aug | Sep | Oct | Nov | Dec 
2017: Jan | Feb | Mar | Apr | May | Jun | Jul | Aug | Sep | Oct | Nov | Dec 
2016: Jan | Feb | Mar | Apr | May | Jun | Jul | Aug | Sep | Oct | Nov | Dec 
2015: Jan | Feb | Mar | Apr | May | Jun | Jul | Aug | Sep | Oct | Nov | Dec 
2014: Jan | Feb | Mar | Apr | May | Jun | Jul | Aug | Sep | Oct | Nov | Dec 
2013: Jan | Feb | Mar | Apr | May | Jun | Jul | Aug | Sep | Oct | Nov | Dec 
2012: Jan | Feb | Mar | Apr | May | Jun | Jul | Aug | Sep | Oct | Nov | Dec 
2011: Jan | Feb | Mar | Apr | May | Jun | Jul | Aug | Sep | Oct | Nov | Dec 
2010: Jan | Feb | Mar | Apr | May | Jun | Jul | Aug | Sep | Oct | Nov | Dec 
2009: Jan | Feb | Mar | Apr | May | Jun | Jul | Aug | Sep | Oct | Nov | Dec 
2008: Jan | Feb | Mar | Apr | May | Jun | Jul | Aug | Sep | Oct | Nov | Dec 
2007: Jan | Feb | Mar | Apr | May | Jun | Jul | Aug | Sep | Oct | Nov | Dec 

Report for 2017
ANNUAL CLIMATOLOGICAL SUMMARY NAME: VantagePro2 CITY: Urswick STATE: Cumbria ELEV: 128 ft LAT: 54 09' 33" N LONG: 3 07' 24" W TEMPERATURE (C), HEAT BASE 18.3, COOL BASE 18.3 DEP. HEAT COOL MEAN MEAN FROM DEG DEG MAX MAX MIN MIN YR MO MAX MIN MEAN NORM DAYS DAYS HI DATE LOW DATE >=32 <=0 <=0 <=-18 ------------------------------------------------------------------------------------ 17 1 6.7 1.6 4.3 0.5 432 0 10.1 11 -4.9 5 0 0 11 0 17 2 8.0 3.4 5.8 1.9 351 0 10.5 15 -2.5 28 0 0 6 0 17 3 10.9 3.4 7.2 1.4 287 0 17.3 26 -2.2 25 0 0 3 0 17 4 12.5 3.6 8.1 0.5 305 0 16.2 8 -1.3 26 0 0 5 0 17 5 18.4 6.9 12.6 1.9 188 10 29.1 25 -0.7 10 0 0 2 0 17 6 18.6 10.6 14.6 1.1 124 11 26.4 21 5.7 3 0 0 0 0 17 7 19.8 10.9 15.2 -0.7 105 9 27.7 18 6.1 8 0 0 0 0 17 8 18.7 10.8 14.7 -1.0 114 3 24.2 22 4.4 13 0 0 0 0 17 9 16.3 9.1 12.6 -0.7 170 0 19.3 2 3.2 19 0 0 0 0 17 10 14.0 9.0 11.8 1.8 203 0 19.6 16 -1.3 30 0 0 2 0 17 11 9.4 2.7 6.6 0.1 351 0 13.7 1 -3.8 30 0 0 10 0 17 12 7.1 1.2 4.4 -0.3 431 0 11.6 7 -7.4 11 0 0 12 0 ------------------------------------------------------------------------------------ 13.4 6.1 9.9 0.5 3060 33 29.1 MAY -7.4 DEC 0 0 51 0 PRECIPITATION (mm) DEP. MAX DAYS OF RAIN FROM OBS. OVER YR MO TOTAL NORM DAY DATE .2 2 20 --------------------------------------------- 17 1 88.2 -5.8 18.6 28 23 10 0 17 2 80.3 13.3 13.0 23 21 13 0 17 3 129.0 56.0 32.2 22 19 13 2 17 4 25.8 -34.2 9.4 16 14 3 0 17 5 71.2 12.2 28.6 15 11 6 1 17 6 155.4 89.4 34.4 5 16 10 3 17 7 113.8 56.8 24.0 26 21 12 1 17 8 77.3 5.3 15.4 14 27 11 0 17 9 159.9 79.9 26.8 12 24 17 1 17 10 144.1 51.1 25.2 11 29 16 2 17 11 165.5 72.5 59.4 22 24 13 2 17 12 128.8 27.8 15.4 7 24 16 0 --------------------------------------------- 1339.5 424.5 59.4 NOV 253 140 12 WIND SPEED (mph) DOM YR MO AVG. HI DATE DIR --------------------------------- 17 1 0.8 30.0 13 NW 17 2 1.3 36.0 23 SSE 17 3 0.6 19.0 16 SSE 17 4 1.2 22.0 12 NW 17 5 0.6 23.0 16 NNW 17 6 1.0 24.0 6 SSE 17 7 0.5 17.0 28 SSE 17 8 0.4 19.0 3 SSE 17 9 0.4 23.0 29 SSE 17 10 1.1 28.0 16 SSE 17 11 0.9 24.0 23 NNW 17 12 1.1 30.0 7 NNW --------------------------------- 0.8 36.0 FEB SSE