2020: Jan | Feb | Mar | Apr | May | Jun | Jul | Aug | Sep | Oct | Nov | Dec 
2019: Jan | Feb | Mar | Apr | May | Jun | Jul | Aug | Sep | Oct | Nov | Dec 
2018: Jan | Feb | Mar | Apr | May | Jun | Jul | Aug | Sep | Oct | Nov | Dec 
2017: Jan | Feb | Mar | Apr | May | Jun | Jul | Aug | Sep | Oct | Nov | Dec 
2016: Jan | Feb | Mar | Apr | May | Jun | Jul | Aug | Sep | Oct | Nov | Dec 
2015: Jan | Feb | Mar | Apr | May | Jun | Jul | Aug | Sep | Oct | Nov | Dec 
2014: Jan | Feb | Mar | Apr | May | Jun | Jul | Aug | Sep | Oct | Nov | Dec 
2013: Jan | Feb | Mar | Apr | May | Jun | Jul | Aug | Sep | Oct | Nov | Dec 
2012: Jan | Feb | Mar | Apr | May | Jun | Jul | Aug | Sep | Oct | Nov | Dec 
2011: Jan | Feb | Mar | Apr | May | Jun | Jul | Aug | Sep | Oct | Nov | Dec 
2010: Jan | Feb | Mar | Apr | May | Jun | Jul | Aug | Sep | Oct | Nov | Dec 
2009: Jan | Feb | Mar | Apr | May | Jun | Jul | Aug | Sep | Oct | Nov | Dec 
2008: Jan | Feb | Mar | Apr | May | Jun | Jul | Aug | Sep | Oct | Nov | Dec 
2007: Jan | Feb | Mar | Apr | May | Jun | Jul | Aug | Sep | Oct | Nov | Dec 

Report for 2017 01
MONTHLY CLIMATOLOGICAL SUMMARY for JAN. 2017 NAME: VantagePro2 CITY: Urswick STATE: Cumbria ELEV: 128 ft LAT: 54 09' 33" N LONG: 3 07' 24" W TEMPERATURE (C), RAIN (mm), WIND SPEED (mph) HEAT COOL AVG MEAN DEG DEG WIND DOM DAY TEMP HIGH TIME LOW TIME DAYS DAYS RAIN SPEED HIGH TIME DIR ------------------------------------------------------------------------------------ 1 3.9 7.9 0:10 2.3 22:00 14.4 0.0 3.2 1.9 15.0 18:40 NNW 2 0.7 4.5 00:00 -3.8 9:00 17.6 0.0 0.0 0.4 10.0 2:00 NW 3 6.4 7.5 21:10 4.5 0:10 11.9 0.0 0.4 2.3 20.0 23:40 NW 4 2.9 7.8 2:30 -4.1 23:10 15.4 0.0 0.0 1.3 21.0 1:40 NW 5 -1.0 3.4 14:00 -4.9 3:40 19.3 0.0 0.0 0.0 5.0 20:10 SSE 6 3.7 5.3 22:30 2.0 0:10 14.7 0.0 15.8 0.0 3.0 8:00 SE 7 7.1 9.1 15:10 5.3 0:10 11.2 0.0 1.8 0.0 1.0 14:40 WNW 8 7.5 9.0 12:10 5.7 2:30 10.8 0.0 1.6 0.0 5.0 5:00 SSE 9 7.1 8.4 9:10 5.8 16:20 11.2 0.0 4.6 1.5 17.0 5:10 SW 10 7.6 9.1 00:00 6.7 2:30 10.7 0.0 1.6 1.3 15.0 3:50 SW 11 6.8 10.1 1:20 4.9 18:50 11.5 0.0 1.2 3.7 29.0 14:00 SW 12 3.6 5.5 0:30 0.7 23:50 14.7 0.0 1.8 1.9 16.0 0:40 NW 13 2.5 4.9 12:20 0.1 0:40 15.8 0.0 0.2 5.9 30.0 5:20 NW 14 4.0 5.7 13:40 -0.2 19:10 14.3 0.0 3.6 1.9 20.0 3:30 NW 15 7.8 9.6 13:50 5.4 0:10 10.5 0.0 8.0 2.1 17.0 9:50 NW 16 8.1 10.1 13:50 4.2 19:10 10.2 0.0 0.0 1.1 13.0 9:30 NW 17 6.7 7.6 13:10 4.1 1:20 11.6 0.0 3.8 0.0 3.0 11:40 SE 18 7.1 8.1 13:50 6.5 5:50 11.2 0.0 1.2 0.0 2.0 7:30 SE 19 6.4 6.9 13:40 5.8 23:50 11.9 0.0 0.0 0.0 3.0 13:00 NW 20 4.4 7.8 14:10 0.5 20:20 13.9 0.0 0.4 0.0 2.0 8:40 N 21 2.3 4.8 13:40 -1.8 3:20 16.0 0.0 0.2 0.1 9.0 10:50 NNW 22 2.4 3.6 0:10 1.2 8:50 15.9 0.0 0.0 0.0 4.0 5:10 SSW 23 0.9 3.7 14:10 -2.8 5:30 17.3 0.0 0.6 0.0 1.0 7:20 N 24 3.7 5.9 19:30 -0.4 1:50 14.6 0.0 2.6 0.0 4.0 8:10 SE 25 4.9 7.7 14:10 3.2 22:00 13.4 0.0 0.0 0.1 7.0 11:40 SSE 26 0.3 3.4 0:10 -2.3 00:00 18.0 0.0 0.0 0.1 9.0 16:30 SW 27 0.3 3.3 00:00 -3.8 7:30 18.0 0.0 0.2 0.0 5.0 11:10 NNW 28 3.9 5.5 13:20 2.7 22:10 14.4 0.0 18.6 0.1 10.0 13:30 SSE 29 2.7 6.1 14:00 -0.7 3:50 15.6 0.0 3.4 0.0 5.0 11:40 SSE 30 3.4 6.4 13:10 -1.1 3:50 14.9 0.0 0.2 0.1 6.0 21:40 NNW 31 6.5 8.4 15:50 5.1 5:00 11.8 0.0 13.2 0.3 9.0 17:30 NNW ------------------------------------------------------------------------------------- 4.3 10.1 11 -4.9 5 432.4 0.0 88.2 0.8 30.0 13 NW Max >= 32.0: 0 Max <= 0.0: 0 Min <= 0.0: 11 Min <= -18.0: 0 Max Rain: 18.59 ON 28/01/17 Days of Rain: 23 (> .2 mm) 10 (> 2 mm) 0 (> 20 mm) Heat Base: 18.3 Cool Base: 18.3 Method: Integration