2020: Jan | Feb | Mar | Apr | May | Jun | Jul | Aug | Sep | Oct | Nov | Dec 
2019: Jan | Feb | Mar | Apr | May | Jun | Jul | Aug | Sep | Oct | Nov | Dec 
2018: Jan | Feb | Mar | Apr | May | Jun | Jul | Aug | Sep | Oct | Nov | Dec 
2017: Jan | Feb | Mar | Apr | May | Jun | Jul | Aug | Sep | Oct | Nov | Dec 
2016: Jan | Feb | Mar | Apr | May | Jun | Jul | Aug | Sep | Oct | Nov | Dec 
2015: Jan | Feb | Mar | Apr | May | Jun | Jul | Aug | Sep | Oct | Nov | Dec 
2014: Jan | Feb | Mar | Apr | May | Jun | Jul | Aug | Sep | Oct | Nov | Dec 
2013: Jan | Feb | Mar | Apr | May | Jun | Jul | Aug | Sep | Oct | Nov | Dec 
2012: Jan | Feb | Mar | Apr | May | Jun | Jul | Aug | Sep | Oct | Nov | Dec 
2011: Jan | Feb | Mar | Apr | May | Jun | Jul | Aug | Sep | Oct | Nov | Dec 
2010: Jan | Feb | Mar | Apr | May | Jun | Jul | Aug | Sep | Oct | Nov | Dec 
2009: Jan | Feb | Mar | Apr | May | Jun | Jul | Aug | Sep | Oct | Nov | Dec 
2008: Jan | Feb | Mar | Apr | May | Jun | Jul | Aug | Sep | Oct | Nov | Dec 
2007: Jan | Feb | Mar | Apr | May | Jun | Jul | Aug | Sep | Oct | Nov | Dec 

Report for 2017 02
MONTHLY CLIMATOLOGICAL SUMMARY for FEB. 2017 NAME: VantagePro2 CITY: Urswick STATE: Cumbria ELEV: 128 ft LAT: 54 09' 33" N LONG: 3 07' 24" W TEMPERATURE (C), RAIN (mm), WIND SPEED (mph) HEAT COOL AVG MEAN DEG DEG WIND DOM DAY TEMP HIGH TIME LOW TIME DAYS DAYS RAIN SPEED HIGH TIME DIR ------------------------------------------------------------------------------------ 1 7.9 9.7 13:50 6.3 1:00 10.4 0.0 0.0 0.2 7.0 12:50 SSW 2 9.5 10.4 15:20 6.9 0:20 8.8 0.0 1.8 1.0 16.0 00:00 SSW 3 7.2 9.3 0:10 4.1 00:00 11.1 0.0 3.8 1.2 14.0 0:10 SSE 4 4.8 7.6 11:50 3.1 23:40 13.5 0.0 1.2 0.4 14.0 11:10 SSE 5 3.8 6.8 12:10 0.5 20:10 14.5 0.0 2.4 0.1 6.0 1:20 SSE 6 3.4 6.1 14:20 -0.2 7:40 14.9 0.0 8.4 0.3 11.0 16:20 SW 7 5.2 8.8 13:20 2.9 21:40 13.1 0.0 4.0 0.1 7.0 2:10 SE 8 2.2 5.0 12:10 -1.2 5:50 16.1 0.0 0.2 0.0 5.0 12:20 NNE 9 1.6 3.4 14:00 -0.2 0:30 16.7 0.0 0.0 0.2 7.0 14:30 NNE 10 1.8 4.5 12:40 -0.4 19:20 16.5 0.0 0.0 0.5 9.0 11:30 NNW 11 3.5 5.5 14:10 1.3 2:40 14.8 0.0 0.0 2.0 15.0 20:20 NNW 12 3.6 5.5 13:50 2.1 8:30 14.8 0.0 0.0 3.2 14.0 10:10 NNW 13 5.7 9.4 13:50 3.8 3:50 12.6 0.0 0.0 3.1 16.0 2:10 NNW 14 5.1 7.1 13:50 3.1 8:30 13.2 0.0 2.8 1.5 14.0 4:10 NNW 15 7.6 10.5 11:50 5.9 0:10 10.7 0.0 0.0 0.3 11.0 21:50 SSE 16 7.8 9.2 14:10 6.7 5:20 10.5 0.0 0.4 1.9 18.0 12:20 SW 17 8.4 9.9 15:20 7.6 8:00 9.8 0.0 2.4 0.0 6.0 0:30 SSE 18 7.9 8.7 15:30 6.8 6:00 10.4 0.0 1.6 1.1 14.0 16:20 SSE 19 8.4 9.9 22:50 7.4 6:50 9.9 0.0 6.0 0.7 11.0 2:50 SSE 20 9.2 10.3 15:00 7.7 22:20 9.2 0.0 0.2 2.3 16.0 10:50 SW 21 8.1 10.2 20:10 3.0 8:10 10.2 0.0 8.0 2.6 23.0 20:40 SSE 22 7.3 9.6 0:10 6.2 00:00 11.0 0.0 4.6 1.1 20.0 1:00 SW 23 5.5 8.4 4:20 2.4 20:20 12.8 0.0 13.0 5.3 36.0 13:10 NW 24 5.2 7.7 14:00 2.2 8:00 13.1 0.0 2.4 2.4 17.0 4:30 NW 25 7.7 9.1 15:50 5.8 0:20 10.6 0.0 12.0 3.1 20.0 11:20 SSE 26 7.0 9.1 16:10 5.0 00:00 11.3 0.0 1.0 1.9 21.0 17:20 SSE 27 3.7 6.3 14:10 -2.2 00:00 14.6 0.0 1.2 0.5 7.0 1:20 SSE 28 2.4 5.8 15:10 -2.5 3:20 15.9 0.0 3.0 0.2 10.0 12:00 SSE ------------------------------------------------------------------------------------- 5.8 10.5 15 -2.5 28 350.8 0.0 80.3 1.3 36.0 23 SSE Max >= 32.0: 0 Max <= 0.0: 0 Min <= 0.0: 6 Min <= -18.0: 0 Max Rain: 13.00 ON 23/02/17 Days of Rain: 21 (> .2 mm) 13 (> 2 mm) 0 (> 20 mm) Heat Base: 18.3 Cool Base: 18.3 Method: Integration