2020: Jan | Feb | Mar | Apr | May | Jun | Jul | Aug | Sep | Oct | Nov | Dec 
2019: Jan | Feb | Mar | Apr | May | Jun | Jul | Aug | Sep | Oct | Nov | Dec 
2018: Jan | Feb | Mar | Apr | May | Jun | Jul | Aug | Sep | Oct | Nov | Dec 
2017: Jan | Feb | Mar | Apr | May | Jun | Jul | Aug | Sep | Oct | Nov | Dec 
2016: Jan | Feb | Mar | Apr | May | Jun | Jul | Aug | Sep | Oct | Nov | Dec 
2015: Jan | Feb | Mar | Apr | May | Jun | Jul | Aug | Sep | Oct | Nov | Dec 
2014: Jan | Feb | Mar | Apr | May | Jun | Jul | Aug | Sep | Oct | Nov | Dec 
2013: Jan | Feb | Mar | Apr | May | Jun | Jul | Aug | Sep | Oct | Nov | Dec 
2012: Jan | Feb | Mar | Apr | May | Jun | Jul | Aug | Sep | Oct | Nov | Dec 
2011: Jan | Feb | Mar | Apr | May | Jun | Jul | Aug | Sep | Oct | Nov | Dec 
2010: Jan | Feb | Mar | Apr | May | Jun | Jul | Aug | Sep | Oct | Nov | Dec 
2009: Jan | Feb | Mar | Apr | May | Jun | Jul | Aug | Sep | Oct | Nov | Dec 
2008: Jan | Feb | Mar | Apr | May | Jun | Jul | Aug | Sep | Oct | Nov | Dec 
2007: Jan | Feb | Mar | Apr | May | Jun | Jul | Aug | Sep | Oct | Nov | Dec 

Report for 2017 03
MONTHLY CLIMATOLOGICAL SUMMARY for MAR. 2017 NAME: VantagePro2 CITY: Urswick STATE: Cumbria ELEV: 128 ft LAT: 54 09' 33" N LONG: 3 07' 24" W TEMPERATURE (C), RAIN (mm), WIND SPEED (mph) HEAT COOL AVG MEAN DEG DEG WIND DOM DAY TEMP HIGH TIME LOW TIME DAYS DAYS RAIN SPEED HIGH TIME DIR ------------------------------------------------------------------------------------ 1 3.8 7.6 13:40 -1.0 2:30 14.5 0.0 2.8 0.3 12.0 14:40 SSE 2 5.5 8.2 12:40 3.2 7:30 12.8 0.0 3.8 1.1 14.0 12:30 SW 3 5.6 7.3 12:20 4.6 21:00 12.7 0.0 10.8 0.8 10.0 0:30 NNW 4 7.2 11.7 13:40 4.8 7:30 11.1 0.0 6.0 0.2 9.0 21:20 SSE 5 5.7 7.6 11:40 2.5 7:00 12.6 0.0 3.2 0.2 7.0 21:30 NW 6 5.5 9.8 12:50 0.4 6:50 12.8 0.0 0.4 0.3 10.0 14:40 NW 7 5.8 8.6 13:20 1.6 7:10 12.5 0.0 6.4 0.2 9.0 13:40 SSE 8 8.2 10.8 13:40 6.3 6:30 10.1 0.0 5.6 1.3 13.0 1:00 SW 9 7.6 10.4 13:00 4.4 00:00 10.7 0.0 0.0 1.5 17.0 10:00 NW 10 7.4 10.3 15:10 4.2 0:30 10.9 0.0 4.4 0.0 6.0 15:40 NNE 11 8.9 10.1 16:00 7.9 0:40 9.4 0.0 4.2 0.0 3.0 9:00 SE 12 8.2 10.3 11:40 2.4 00:00 10.1 0.0 0.6 0.5 12.0 15:30 SSE 13 7.6 12.1 13:40 0.9 2:30 10.8 0.0 0.4 0.3 13.0 10:50 SSE 14 10.2 12.6 12:50 7.2 00:00 8.1 0.0 0.0 1.4 17.0 8:20 SW 15 7.3 12.4 12:50 2.6 7:10 11.0 0.0 0.0 0.2 9.0 0:50 SSE 16 7.9 11.4 12:30 4.7 20:00 9.5 0.0 1.0 2.4 19.0 18:20 SSE 17 18 19 20 21 4.1 4.5 21:20 3.4 20:10 2.4 0.0 0.0 0.0 4.0 20:10 SW 22 3.2 4.6 14:50 0.4 3:30 15.1 0.0 32.2 0.8 9.0 2:10 NNW 23 5.9 10.3 13:00 2.2 5:50 12.4 0.0 0.6 1.4 11.0 17:50 NNW 24 6.7 14.1 13:30 0.4 6:40 11.6 0.0 0.0 0.1 6.0 0:40 NNW 25 5.7 15.9 12:40 -2.2 6:10 12.6 0.0 0.0 0.1 7.0 15:20 NW 26 8.1 17.3 14:00 -0.4 7:10 9.8 0.0 0.0 0.1 4.0 11:00 NNE 27 7.9 14.1 14:20 2.0 7:20 10.4 0.0 0.0 0.2 7.0 2:40 NNW 28 7.9 13.1 12:40 2.9 7:10 10.4 0.0 0.4 0.0 5.0 13:50 SSE 29 10.2 11.7 16:10 8.6 3:20 8.1 0.0 19.4 0.1 7.0 18:10 SSE 30 11.2 12.7 14:50 10.1 5:30 7.1 0.0 24.6 0.4 9.0 12:00 SSE 31 11.2 13.6 15:40 8.6 22:50 7.1 0.0 2.2 1.2 18.0 11:30 SSE ------------------------------------------------------------------------------------- 7.2 17.3 26 -2.2 25 286.5 0.0 129.0 0.6 19.0 16 SSE Max >= 32.0: 0 Max <= 0.0: 0 Min <= 0.0: 3 Min <= -18.0: 0 Max Rain: 32.21 ON 22/03/17 Days of Rain: 19 (> .2 mm) 13 (> 2 mm) 2 (> 20 mm) Heat Base: 18.3 Cool Base: 18.3 Method: Integration