2020: Jan | Feb | Mar | Apr | May | Jun | Jul | Aug | Sep | Oct | Nov | Dec 
2019: Jan | Feb | Mar | Apr | May | Jun | Jul | Aug | Sep | Oct | Nov | Dec 
2018: Jan | Feb | Mar | Apr | May | Jun | Jul | Aug | Sep | Oct | Nov | Dec 
2017: Jan | Feb | Mar | Apr | May | Jun | Jul | Aug | Sep | Oct | Nov | Dec 
2016: Jan | Feb | Mar | Apr | May | Jun | Jul | Aug | Sep | Oct | Nov | Dec 
2015: Jan | Feb | Mar | Apr | May | Jun | Jul | Aug | Sep | Oct | Nov | Dec 
2014: Jan | Feb | Mar | Apr | May | Jun | Jul | Aug | Sep | Oct | Nov | Dec 
2013: Jan | Feb | Mar | Apr | May | Jun | Jul | Aug | Sep | Oct | Nov | Dec 
2012: Jan | Feb | Mar | Apr | May | Jun | Jul | Aug | Sep | Oct | Nov | Dec 
2011: Jan | Feb | Mar | Apr | May | Jun | Jul | Aug | Sep | Oct | Nov | Dec 
2010: Jan | Feb | Mar | Apr | May | Jun | Jul | Aug | Sep | Oct | Nov | Dec 
2009: Jan | Feb | Mar | Apr | May | Jun | Jul | Aug | Sep | Oct | Nov | Dec 
2008: Jan | Feb | Mar | Apr | May | Jun | Jul | Aug | Sep | Oct | Nov | Dec 
2007: Jan | Feb | Mar | Apr | May | Jun | Jul | Aug | Sep | Oct | Nov | Dec 

Report for 2017 04
MONTHLY CLIMATOLOGICAL SUMMARY for APR. 2017 NAME: VantagePro2 CITY: Urswick STATE: Cumbria ELEV: 128 ft LAT: 54 09' 33" N LONG: 3 07' 24" W TEMPERATURE (C), RAIN (mm), WIND SPEED (mph) HEAT COOL AVG MEAN DEG DEG WIND DOM DAY TEMP HIGH TIME LOW TIME DAYS DAYS RAIN SPEED HIGH TIME DIR ------------------------------------------------------------------------------------ 1 9.6 12.7 14:10 6.9 00:00 8.7 0.0 4.2 0.6 12.0 21:30 NW 2 7.6 13.4 12:30 2.1 00:00 10.7 0.0 0.0 0.5 10.0 15:00 NW 3 7.4 13.1 12:40 0.4 6:40 10.9 0.0 1.8 0.4 10.0 14:40 SSE 4 9.3 11.8 13:50 7.1 21:20 8.9 0.0 1.8 3.1 18.0 11:00 NW 5 8.3 11.3 12:50 3.1 23:40 10.0 0.0 0.0 1.3 17.0 14:10 NW 6 6.7 10.8 15:00 0.5 5:20 11.6 0.0 0.0 0.4 10.0 13:50 NW 7 7.6 11.4 14:40 0.1 23:50 10.7 0.0 0.0 0.3 10.0 11:00 NW 8 7.2 16.2 14:20 -0.9 3:20 11.1 0.0 0.0 0.0 4.0 15:10 SSW 9 8.9 15.6 12:10 3.3 6:20 9.4 0.0 0.0 1.2 17.0 20:50 SW 10 8.3 11.9 15:00 6.3 5:10 10.0 0.0 0.6 2.4 16.0 13:40 NW 11 8.8 12.2 16:20 5.9 3:00 9.5 0.0 0.0 1.5 16.0 18:40 SW 12 8.9 11.2 14:30 6.0 00:00 9.4 0.0 1.2 2.7 22.0 16:30 NW 13 8.3 11.1 13:10 5.8 4:20 10.0 0.0 0.2 1.2 17.0 3:50 NW 14 8.8 11.1 13:30 6.4 00:00 9.5 0.0 3.2 0.4 11.0 13:00 NW 15 7.7 11.2 13:50 5.3 4:30 10.6 0.0 0.2 2.3 19.0 16:50 NW 16 8.0 11.6 14:50 6.2 5:20 10.3 0.0 9.4 1.0 14.0 19:20 NW 17 7.8 11.6 12:30 5.3 00:00 10.5 0.0 0.0 0.4 12.0 17:50 NNW 18 5.8 12.8 13:40 -1.2 5:30 12.5 0.0 0.0 0.2 9.0 15:00 NNW 19 8.1 11.2 12:50 3.2 0:10 10.2 0.0 0.0 0.2 7.0 14:30 SSE 20 10.7 14.4 14:00 8.0 22:50 7.6 0.0 0.2 0.7 14.0 14:50 NNW 21 10.3 14.1 13:00 7.2 00:00 8.0 0.0 0.0 1.6 18.0 16:00 NW 22 7.8 13.2 12:40 2.1 6:00 10.5 0.0 0.0 1.1 15.0 0:30 NNW 23 6.9 11.7 13:50 -0.8 5:40 11.4 0.0 0.4 0.6 14.0 15:00 NW 24 7.7 11.1 13:20 1.7 23:10 10.6 0.0 0.4 3.9 22.0 15:00 NNW 25 4.1 9.8 13:40 -0.8 6:50 14.2 0.0 1.2 2.3 20.0 14:40 NNW 26 5.1 11.2 13:10 -1.3 5:40 13.2 0.0 0.0 0.8 13.0 17:10 NNW 27 8.0 12.6 18:00 1.2 1:00 10.3 0.0 1.0 1.7 18.0 10:00 NW 28 8.7 12.9 15:30 4.4 3:10 9.6 0.0 0.0 0.1 9.0 14:50 SSE 29 9.9 14.4 14:50 6.1 5:00 8.4 0.0 0.0 0.4 7.0 9:10 SSE 30 11.4 16.1 14:30 8.1 6:20 6.9 0.0 0.0 1.6 12.0 8:00 NNW ------------------------------------------------------------------------------------- 8.1 16.2 8 -1.3 26 305.3 0.0 25.8 1.2 22.0 12 NW Max >= 32.0: 0 Max <= 0.0: 0 Min <= 0.0: 5 Min <= -18.0: 0 Max Rain: 9.40 ON 16/04/17 Days of Rain: 14 (> .2 mm) 3 (> 2 mm) 0 (> 20 mm) Heat Base: 18.3 Cool Base: 18.3 Method: Integration