2020: Jan | Feb | Mar | Apr | May | Jun | Jul | Aug | Sep | Oct | Nov | Dec 
2019: Jan | Feb | Mar | Apr | May | Jun | Jul | Aug | Sep | Oct | Nov | Dec 
2018: Jan | Feb | Mar | Apr | May | Jun | Jul | Aug | Sep | Oct | Nov | Dec 
2017: Jan | Feb | Mar | Apr | May | Jun | Jul | Aug | Sep | Oct | Nov | Dec 
2016: Jan | Feb | Mar | Apr | May | Jun | Jul | Aug | Sep | Oct | Nov | Dec 
2015: Jan | Feb | Mar | Apr | May | Jun | Jul | Aug | Sep | Oct | Nov | Dec 
2014: Jan | Feb | Mar | Apr | May | Jun | Jul | Aug | Sep | Oct | Nov | Dec 
2013: Jan | Feb | Mar | Apr | May | Jun | Jul | Aug | Sep | Oct | Nov | Dec 
2012: Jan | Feb | Mar | Apr | May | Jun | Jul | Aug | Sep | Oct | Nov | Dec 
2011: Jan | Feb | Mar | Apr | May | Jun | Jul | Aug | Sep | Oct | Nov | Dec 
2010: Jan | Feb | Mar | Apr | May | Jun | Jul | Aug | Sep | Oct | Nov | Dec 
2009: Jan | Feb | Mar | Apr | May | Jun | Jul | Aug | Sep | Oct | Nov | Dec 
2008: Jan | Feb | Mar | Apr | May | Jun | Jul | Aug | Sep | Oct | Nov | Dec 
2007: Jan | Feb | Mar | Apr | May | Jun | Jul | Aug | Sep | Oct | Nov | Dec 

Report for 2017 05
MONTHLY CLIMATOLOGICAL SUMMARY for MAY. 2017 NAME: VantagePro2 CITY: Urswick STATE: Cumbria ELEV: 128 ft LAT: 54 09' 33" N LONG: 3 07' 24" W TEMPERATURE (C), RAIN (mm), WIND SPEED (mph) HEAT COOL AVG MEAN DEG DEG WIND DOM DAY TEMP HIGH TIME LOW TIME DAYS DAYS RAIN SPEED HIGH TIME DIR ------------------------------------------------------------------------------------ 1 12.3 17.6 13:40 8.4 00:00 6.0 0.0 0.0 1.0 10.0 13:50 NNW 2 11.2 19.5 13:30 4.2 5:10 7.2 0.0 0.0 0.3 9.0 16:10 NNW 3 10.7 17.3 13:20 4.0 5:20 7.6 0.0 0.0 1.9 15.0 11:10 NNW 4 11.3 17.3 14:00 6.9 00:00 7.0 0.0 0.0 2.8 15.0 13:30 NNW 5 10.5 16.4 15:50 4.7 2:10 7.8 0.0 0.0 2.0 13.0 10:00 NNW 6 9.7 17.3 13:50 3.5 00:00 8.6 0.0 0.0 1.1 9.0 5:20 NNW 7 9.6 19.1 12:50 0.9 6:00 8.7 0.0 0.0 0.3 12.0 13:20 NNW 8 9.6 16.4 14:30 1.8 1:10 8.8 0.0 0.0 0.9 10.0 8:30 NNW 9 7.6 13.5 12:10 -0.1 3:10 10.7 0.0 0.0 0.2 9.0 15:40 NNW 10 8.6 17.1 19:40 -0.7 4:40 9.7 0.0 0.0 0.2 7.0 15:00 NNW 11 12.7 21.6 17:00 3.6 5:10 6.2 0.6 0.0 0.3 6.0 9:50 NNW 12 13.3 20.2 11:40 10.2 5:40 5.1 0.0 1.2 0.2 5.0 0:10 NNW 13 12.7 16.6 16:20 10.4 8:10 5.6 0.0 2.0 1.2 14.0 10:30 SE 14 12.5 16.5 14:30 6.6 23:40 5.8 0.0 1.2 0.9 12.0 18:40 SSE 15 11.9 14.3 16:50 6.4 0:50 6.4 0.0 28.6 0.8 11.0 13:40 SSE 16 13.6 15.8 17:00 7.9 23:50 4.7 0.0 4.8 1.1 23.0 16:10 SE 17 10.6 14.6 18:40 4.9 00:00 7.7 0.0 0.0 0.0 5.0 11:20 SSE 18 10.8 16.6 13:10 4.4 0:40 7.5 0.0 0.0 0.2 9.0 14:00 NNW 19 10.2 15.2 13:40 4.8 5:00 8.1 0.0 0.0 0.1 7.0 16:20 NNW 20 10.7 14.7 15:50 4.5 5:20 7.6 0.0 0.0 0.8 11.0 16:40 SE 21 13.6 19.1 17:40 10.2 8:20 4.7 0.0 1.2 0.7 12.0 1:50 SE 22 14.4 21.4 14:50 8.9 2:40 4.1 0.2 0.2 0.5 12.0 14:50 SSE 23 13.9 18.7 17:50 7.7 3:30 4.4 0.0 0.0 0.3 10.0 14:00 SSE 24 14.9 18.6 13:40 12.9 21:40 3.3 0.0 0.0 0.2 9.0 16:50 NNW 25 19.7 29.1 18:30 12.9 5:20 2.0 3.4 0.0 0.0 4.0 6:20 SE 26 21.7 28.8 17:40 15.2 5:40 0.6 4.0 0.0 0.1 6.0 12:10 NNW 27 17.3 26.2 13:00 13.0 5:20 2.2 1.2 14.8 0.2 10.0 15:00 NNW 28 13.8 17.4 14:00 11.9 7:50 4.5 0.0 3.6 0.9 14.0 3:30 NNW 29 13.5 14.5 17:10 12.9 6:10 4.8 0.0 12.0 0.1 5.0 12:20 NNW 30 13.4 16.6 11:30 6.4 00:00 4.8 0.0 1.6 0.4 13.0 19:30 SSE 31 13.3 23.1 17:40 3.2 5:20 5.6 0.6 0.0 0.0 7.0 20:20 SSE ------------------------------------------------------------------------------------- 12.6 29.1 25 -0.7 10 187.8 10.1 71.2 0.6 23.0 16 NNW Max >= 32.0: 0 Max <= 0.0: 0 Min <= 0.0: 2 Min <= -18.0: 0 Max Rain: 28.60 ON 15/05/17 Days of Rain: 11 (> .2 mm) 6 (> 2 mm) 1 (> 20 mm) Heat Base: 18.3 Cool Base: 18.3 Method: Integration