2020: Jan | Feb | Mar | Apr | May | Jun | Jul | Aug | Sep | Oct | Nov | Dec 
2019: Jan | Feb | Mar | Apr | May | Jun | Jul | Aug | Sep | Oct | Nov | Dec 
2018: Jan | Feb | Mar | Apr | May | Jun | Jul | Aug | Sep | Oct | Nov | Dec 
2017: Jan | Feb | Mar | Apr | May | Jun | Jul | Aug | Sep | Oct | Nov | Dec 
2016: Jan | Feb | Mar | Apr | May | Jun | Jul | Aug | Sep | Oct | Nov | Dec 
2015: Jan | Feb | Mar | Apr | May | Jun | Jul | Aug | Sep | Oct | Nov | Dec 
2014: Jan | Feb | Mar | Apr | May | Jun | Jul | Aug | Sep | Oct | Nov | Dec 
2013: Jan | Feb | Mar | Apr | May | Jun | Jul | Aug | Sep | Oct | Nov | Dec 
2012: Jan | Feb | Mar | Apr | May | Jun | Jul | Aug | Sep | Oct | Nov | Dec 
2011: Jan | Feb | Mar | Apr | May | Jun | Jul | Aug | Sep | Oct | Nov | Dec 
2010: Jan | Feb | Mar | Apr | May | Jun | Jul | Aug | Sep | Oct | Nov | Dec 
2009: Jan | Feb | Mar | Apr | May | Jun | Jul | Aug | Sep | Oct | Nov | Dec 
2008: Jan | Feb | Mar | Apr | May | Jun | Jul | Aug | Sep | Oct | Nov | Dec 
2007: Jan | Feb | Mar | Apr | May | Jun | Jul | Aug | Sep | Oct | Nov | Dec 

Report for 2017 06
MONTHLY CLIMATOLOGICAL SUMMARY for JUN. 2017 NAME: VantagePro2 CITY: Urswick STATE: Cumbria ELEV: 128 ft LAT: 54 09' 33" N LONG: 3 07' 24" W TEMPERATURE (C), RAIN (mm), WIND SPEED (mph) HEAT COOL AVG MEAN DEG DEG WIND DOM DAY TEMP HIGH TIME LOW TIME DAYS DAYS RAIN SPEED HIGH TIME DIR ------------------------------------------------------------------------------------ 1 15.8 22.0 14:20 10.9 1:20 2.8 0.4 0.6 0.4 9.0 13:00 SSE 2 14.2 19.5 18:00 7.1 23:50 4.1 0.0 6.8 0.1 9.0 1:10 SSE 3 12.6 18.5 14:20 5.7 5:10 5.7 0.0 0.0 0.5 13.0 16:30 SSE 4 13.4 17.0 17:40 9.3 5:50 4.9 0.0 0.4 0.7 12.0 12:00 SSE 5 12.3 14.4 13:30 10.0 6:50 6.0 0.0 34.4 1.0 13.0 11:50 SE 6 11.1 12.5 0:10 9.9 6:30 7.2 0.0 17.6 3.8 24.0 20:30 NNW 7 12.3 15.7 14:20 9.8 6:30 6.0 0.0 2.2 3.2 22.0 3:30 NNW 8 13.9 16.9 17:40 11.3 0:10 4.4 0.0 11.6 2.3 20.0 14:00 SE 9 14.3 17.7 17:10 12.0 6:00 4.0 0.0 0.0 1.1 16.0 0:20 SSE 10 14.1 17.8 19:10 11.9 3:30 4.3 0.0 22.4 1.0 13.0 11:20 SSE 11 14.3 17.0 13:00 13.1 6:30 4.0 0.0 0.4 4.2 23.0 15:00 SSE 12 13.9 17.1 13:10 12.4 3:00 4.4 0.0 0.0 2.1 18.0 12:50 SSE 13 14.4 17.9 16:30 10.4 23:10 3.9 0.0 0.0 0.6 13.0 17:40 SSE 14 16.9 24.8 17:00 11.8 0:10 2.6 1.2 0.0 0.0 9.0 21:10 NNW 15 14.3 18.0 14:50 9.5 2:40 4.0 0.0 0.0 2.0 21.0 16:00 SSE 16 14.6 16.7 00:00 12.3 3:40 3.7 0.0 0.0 0.6 13.0 13:30 SSE 17 17.6 22.0 17:10 10.8 23:50 1.7 1.0 0.0 0.3 9.0 12:30 SSE 18 16.8 24.9 20:10 8.7 4:10 3.3 1.8 0.0 0.1 6.0 14:20 SSE 19 18.6 25.7 13:00 10.1 4:30 2.5 2.7 0.0 0.2 7.0 20:00 NNE 20 18.6 24.9 14:50 11.5 4:20 2.0 2.3 0.0 0.3 6.0 12:20 NW 21 18.9 26.4 16:40 14.3 2:20 1.3 1.9 0.6 0.1 6.0 1:50 NW 22 15.7 18.2 13:30 13.7 22:10 2.6 0.0 0.0 0.8 15.0 14:30 NNE 23 14.8 16.7 17:20 13.2 7:10 3.5 0.0 15.6 1.8 20.0 9:40 SSE 24 14.3 17.3 14:10 11.7 5:20 4.0 0.0 0.0 0.8 18.0 14:40 SSE 25 13.7 17.1 14:30 7.8 00:00 4.6 0.0 0.0 0.7 15.0 13:20 NNE 26 13.2 19.3 14:00 5.7 3:40 5.1 0.0 0.2 0.0 5.0 12:30 SSE 27 12.8 14.9 17:30 11.2 3:10 5.5 0.0 30.6 0.5 6.0 2:40 NW 28 11.7 13.2 15:40 9.1 22:10 6.6 0.0 6.0 0.3 7.0 17:20 NW 29 12.3 14.9 15:00 9.3 0:10 5.9 0.0 5.8 0.2 6.0 10:30 NNE 30 14.9 20.2 15:00 12.3 1:40 3.4 0.1 0.2 0.2 6.0 13:00 NNW ------------------------------------------------------------------------------------- 14.6 26.4 21 5.7 3 123.9 11.5 155.4 1.0 24.0 6 SSE Max >= 32.0: 0 Max <= 0.0: 0 Min <= 0.0: 0 Min <= -18.0: 0 Max Rain: 34.39 ON 05/06/17 Days of Rain: 16 (> .2 mm) 10 (> 2 mm) 3 (> 20 mm) Heat Base: 18.3 Cool Base: 18.3 Method: Integration