2020: Jan | Feb | Mar | Apr | May | Jun | Jul | Aug | Sep | Oct | Nov | Dec 
2019: Jan | Feb | Mar | Apr | May | Jun | Jul | Aug | Sep | Oct | Nov | Dec 
2018: Jan | Feb | Mar | Apr | May | Jun | Jul | Aug | Sep | Oct | Nov | Dec 
2017: Jan | Feb | Mar | Apr | May | Jun | Jul | Aug | Sep | Oct | Nov | Dec 
2016: Jan | Feb | Mar | Apr | May | Jun | Jul | Aug | Sep | Oct | Nov | Dec 
2015: Jan | Feb | Mar | Apr | May | Jun | Jul | Aug | Sep | Oct | Nov | Dec 
2014: Jan | Feb | Mar | Apr | May | Jun | Jul | Aug | Sep | Oct | Nov | Dec 
2013: Jan | Feb | Mar | Apr | May | Jun | Jul | Aug | Sep | Oct | Nov | Dec 
2012: Jan | Feb | Mar | Apr | May | Jun | Jul | Aug | Sep | Oct | Nov | Dec 
2011: Jan | Feb | Mar | Apr | May | Jun | Jul | Aug | Sep | Oct | Nov | Dec 
2010: Jan | Feb | Mar | Apr | May | Jun | Jul | Aug | Sep | Oct | Nov | Dec 
2009: Jan | Feb | Mar | Apr | May | Jun | Jul | Aug | Sep | Oct | Nov | Dec 
2008: Jan | Feb | Mar | Apr | May | Jun | Jul | Aug | Sep | Oct | Nov | Dec 
2007: Jan | Feb | Mar | Apr | May | Jun | Jul | Aug | Sep | Oct | Nov | Dec 

Report for 2017 07
MONTHLY CLIMATOLOGICAL SUMMARY for JUL. 2017 NAME: VantagePro2 CITY: Urswick STATE: Cumbria ELEV: 128 ft LAT: 54 09' 33" N LONG: 3 07' 24" W TEMPERATURE (C), RAIN (mm), WIND SPEED (mph) HEAT COOL AVG MEAN DEG DEG WIND DOM DAY TEMP HIGH TIME LOW TIME DAYS DAYS RAIN SPEED HIGH TIME DIR ------------------------------------------------------------------------------------ 1 13.8 17.8 13:10 10.9 23:30 4.5 0.0 3.0 0.7 11.0 10:10 SSE 2 14.2 18.6 14:30 11.0 1:50 4.1 0.0 0.2 0.7 12.0 1:10 SSE 3 14.7 17.9 17:20 11.4 00:00 3.6 0.0 1.6 0.8 12.0 13:50 SSE 4 13.5 16.0 14:50 11.2 5:00 4.8 0.0 12.6 0.3 9.0 13:00 SSE 5 16.8 22.1 15:10 13.0 00:00 2.3 0.8 0.0 0.0 4.0 0:20 NNW 6 17.4 24.4 13:40 12.6 1:50 2.1 1.2 0.6 0.0 4.0 14:30 SSE 7 15.3 18.4 14:20 8.9 00:00 3.0 0.0 0.0 0.2 10.0 14:00 SSE 8 13.4 19.0 13:00 6.1 5:40 4.9 0.0 0.0 0.2 9.0 15:20 SSE 9 14.9 19.8 14:50 9.2 2:20 3.5 0.2 0.0 0.1 7.0 12:00 SSE 10 14.8 18.2 13:30 11.6 00:00 3.5 0.0 1.8 0.3 10.0 15:20 NNE 11 13.4 19.5 16:00 10.2 00:00 4.9 0.0 5.2 0.0 4.0 18:40 NW 12 14.1 20.6 12:10 6.6 4:50 4.6 0.4 0.0 0.1 6.0 14:50 NNE 13 14.4 20.4 14:10 7.2 0:40 4.1 0.2 4.0 0.4 12.0 14:50 SSE 14 13.9 18.2 15:00 11.7 0:20 4.4 0.0 1.8 0.7 12.0 9:30 NNE 15 15.8 18.7 16:40 13.3 1:10 2.5 0.0 6.6 1.0 16.0 19:20 SE 16 15.7 19.6 13:30 10.2 00:00 2.7 0.1 0.8 0.4 10.0 10:10 NNE 17 15.4 20.6 14:30 10.0 0:10 3.3 0.5 0.0 0.2 7.0 9:10 NNE 18 18.6 27.7 14:30 9.6 2:40 2.5 2.8 0.0 0.2 10.0 22:40 NW 19 18.1 23.7 14:40 14.9 3:20 1.3 1.1 15.4 0.7 10.0 3:10 NW 20 14.2 17.7 17:40 10.1 00:00 4.1 0.0 1.2 0.4 11.0 3:40 SSE 21 14.8 18.8 16:20 10.0 0:10 3.5 0.0 6.8 0.4 9.0 13:00 SSE 22 15.4 21.4 17:50 10.7 23:40 3.2 0.3 12.4 0.0 5.0 0:30 SE 23 14.9 21.1 12:30 10.9 0:10 3.5 0.2 2.0 0.1 7.0 13:10 NNE 24 17.1 22.2 14:50 12.8 00:00 2.0 0.8 0.0 0.0 5.0 0:20 NNE 25 16.1 22.0 18:20 10.9 23:40 2.6 0.4 0.0 0.0 0.0 --- --- 26 15.1 18.7 14:50 11.6 3:10 3.2 0.0 24.0 1.0 14.0 16:20 SSE 27 14.5 18.4 17:30 12.0 0:10 3.8 0.0 1.2 1.2 15.0 14:00 SSE 28 15.3 18.3 13:30 13.2 5:10 3.0 0.0 6.0 1.7 17.0 10:30 SSE 29 15.2 18.8 15:30 12.5 00:00 3.1 0.0 0.0 1.3 15.0 11:40 SSE 30 15.1 18.0 13:20 11.7 1:40 3.3 0.0 1.6 1.4 16.0 15:30 SSE 31 14.8 18.1 14:40 12.2 4:40 3.5 0.0 5.0 1.3 13.0 10:10 SSE ------------------------------------------------------------------------------------- 15.2 27.7 18 6.1 8 105.3 9.0 113.8 0.5 17.0 28 SSE Max >= 32.0: 0 Max <= 0.0: 0 Min <= 0.0: 0 Min <= -18.0: 0 Max Rain: 24.00 ON 26/07/17 Days of Rain: 21 (> .2 mm) 12 (> 2 mm) 1 (> 20 mm) Heat Base: 18.3 Cool Base: 18.3 Method: Integration