2020: Jan | Feb | Mar | Apr | May | Jun | Jul | Aug | Sep | Oct | Nov | Dec 
2019: Jan | Feb | Mar | Apr | May | Jun | Jul | Aug | Sep | Oct | Nov | Dec 
2018: Jan | Feb | Mar | Apr | May | Jun | Jul | Aug | Sep | Oct | Nov | Dec 
2017: Jan | Feb | Mar | Apr | May | Jun | Jul | Aug | Sep | Oct | Nov | Dec 
2016: Jan | Feb | Mar | Apr | May | Jun | Jul | Aug | Sep | Oct | Nov | Dec 
2015: Jan | Feb | Mar | Apr | May | Jun | Jul | Aug | Sep | Oct | Nov | Dec 
2014: Jan | Feb | Mar | Apr | May | Jun | Jul | Aug | Sep | Oct | Nov | Dec 
2013: Jan | Feb | Mar | Apr | May | Jun | Jul | Aug | Sep | Oct | Nov | Dec 
2012: Jan | Feb | Mar | Apr | May | Jun | Jul | Aug | Sep | Oct | Nov | Dec 
2011: Jan | Feb | Mar | Apr | May | Jun | Jul | Aug | Sep | Oct | Nov | Dec 
2010: Jan | Feb | Mar | Apr | May | Jun | Jul | Aug | Sep | Oct | Nov | Dec 
2009: Jan | Feb | Mar | Apr | May | Jun | Jul | Aug | Sep | Oct | Nov | Dec 
2008: Jan | Feb | Mar | Apr | May | Jun | Jul | Aug | Sep | Oct | Nov | Dec 
2007: Jan | Feb | Mar | Apr | May | Jun | Jul | Aug | Sep | Oct | Nov | Dec 

Report for 2017 08
MONTHLY CLIMATOLOGICAL SUMMARY for AUG. 2017 NAME: VantagePro2 CITY: Urswick STATE: Cumbria ELEV: 128 ft LAT: 54 09' 33" N LONG: 3 07' 24" W TEMPERATURE (C), RAIN (mm), WIND SPEED (mph) HEAT COOL AVG MEAN DEG DEG WIND DOM DAY TEMP HIGH TIME LOW TIME DAYS DAYS RAIN SPEED HIGH TIME DIR ------------------------------------------------------------------------------------ 1 15.4 18.9 14:00 12.3 5:40 2.9 0.0 2.2 0.7 12.0 16:30 SSE 2 15.6 19.9 17:30 12.6 5:00 2.9 0.1 2.6 0.3 14.0 16:10 SE 3 16.0 18.4 16:10 14.4 6:30 2.3 0.0 3.2 1.6 19.0 8:30 SSE 4 15.0 18.3 14:30 10.9 23:40 3.3 0.0 0.8 0.7 12.0 9:40 NNE 5 13.1 17.7 14:20 6.9 5:30 5.3 0.0 0.6 0.4 10.0 12:20 NNE 6 12.9 16.7 12:40 8.8 5:00 5.4 0.0 12.4 0.7 13.0 11:20 SE 7 14.4 17.7 18:00 10.0 00:00 3.9 0.0 0.2 0.2 9.0 4:30 SSE 8 12.9 19.8 13:00 7.8 3:50 5.4 0.1 0.6 0.0 0.0 --- --- 9 15.0 20.2 14:40 11.3 0:10 3.5 0.2 0.2 0.4 8.0 10:20 NNE 10 12.8 18.8 13:50 6.8 6:00 5.5 0.0 0.0 0.0 6.0 14:30 NNE 11 14.9 16.6 18:40 9.7 0:10 3.4 0.0 1.2 1.1 14.0 8:40 SSE 12 14.8 18.8 13:50 10.0 23:40 3.5 0.0 0.8 0.6 14.0 17:20 NNE 13 12.6 19.6 13:50 4.4 5:10 5.8 0.1 0.0 0.0 0.0 --- --- 14 15.0 18.8 17:00 10.4 1:10 3.3 0.0 15.4 0.0 1.0 9:10 SE 15 15.1 17.6 13:00 11.8 00:00 3.3 0.0 10.4 0.1 10.0 2:20 SE 16 15.2 18.9 13:40 10.3 3:00 3.1 0.0 0.2 1.0 15.0 12:10 SE 17 16.6 20.6 13:50 14.5 2:40 2.0 0.3 3.6 1.3 15.0 23:50 SE 18 14.8 17.6 14:20 12.8 00:00 3.5 0.0 1.2 1.8 16.0 3:00 SSE 19 14.2 17.2 14:50 12.1 1:20 4.1 0.0 1.6 1.3 15.0 1:00 SSW 20 13.6 17.6 12:10 9.4 22:40 4.7 0.0 0.0 0.0 6.0 2:10 NNE 21 14.5 18.8 13:50 9.4 0:30 3.8 0.0 4.4 0.0 1.0 8:20 NNW 22 18.7 24.2 14:00 15.7 5:40 0.9 1.3 0.4 0.0 1.0 9:10 SW 23 17.3 19.9 14:20 14.8 21:40 1.2 0.1 4.2 0.0 0.0 --- --- 24 16.0 18.7 14:50 14.3 5:30 2.3 0.0 0.2 0.0 0.0 --- --- 25 15.4 17.4 15:50 12.4 22:50 2.9 0.0 1.0 0.0 0.0 --- --- 26 15.3 19.8 14:10 10.7 6:10 3.1 0.1 0.0 0.0 0.0 --- --- 27 15.3 20.8 14:40 9.2 6:00 3.4 0.4 0.2 0.0 0.0 --- --- 28 16.3 19.7 14:50 13.1 1:10 2.1 0.1 4.2 0.7 16.0 14:00 SSE 29 13.3 15.3 10:50 11.5 23:50 4.9 0.0 0.6 0.0 4.0 0:50 NNE 30 12.7 17.3 13:20 8.8 6:20 5.6 0.0 0.8 0.0 0.0 --- --- 31 11.9 16.8 14:20 7.7 4:00 6.4 0.0 4.2 0.0 0.0 --- --- ------------------------------------------------------------------------------------- 14.7 24.2 22 4.4 13 113.5 2.6 77.3 0.4 19.0 3 SSE Max >= 32.0: 0 Max <= 0.0: 0 Min <= 0.0: 0 Min <= -18.0: 0 Max Rain: 15.39 ON 14/08/17 Days of Rain: 27 (> .2 mm) 11 (> 2 mm) 0 (> 20 mm) Heat Base: 18.3 Cool Base: 18.3 Method: Integration