2020: Jan | Feb | Mar | Apr | May | Jun | Jul | Aug | Sep | Oct | Nov | Dec 
2019: Jan | Feb | Mar | Apr | May | Jun | Jul | Aug | Sep | Oct | Nov | Dec 
2018: Jan | Feb | Mar | Apr | May | Jun | Jul | Aug | Sep | Oct | Nov | Dec 
2017: Jan | Feb | Mar | Apr | May | Jun | Jul | Aug | Sep | Oct | Nov | Dec 
2016: Jan | Feb | Mar | Apr | May | Jun | Jul | Aug | Sep | Oct | Nov | Dec 
2015: Jan | Feb | Mar | Apr | May | Jun | Jul | Aug | Sep | Oct | Nov | Dec 
2014: Jan | Feb | Mar | Apr | May | Jun | Jul | Aug | Sep | Oct | Nov | Dec 
2013: Jan | Feb | Mar | Apr | May | Jun | Jul | Aug | Sep | Oct | Nov | Dec 
2012: Jan | Feb | Mar | Apr | May | Jun | Jul | Aug | Sep | Oct | Nov | Dec 
2011: Jan | Feb | Mar | Apr | May | Jun | Jul | Aug | Sep | Oct | Nov | Dec 
2010: Jan | Feb | Mar | Apr | May | Jun | Jul | Aug | Sep | Oct | Nov | Dec 
2009: Jan | Feb | Mar | Apr | May | Jun | Jul | Aug | Sep | Oct | Nov | Dec 
2008: Jan | Feb | Mar | Apr | May | Jun | Jul | Aug | Sep | Oct | Nov | Dec 
2007: Jan | Feb | Mar | Apr | May | Jun | Jul | Aug | Sep | Oct | Nov | Dec 

Report for 2017 09
MONTHLY CLIMATOLOGICAL SUMMARY for SEP. 2017 NAME: VantagePro2 CITY: Urswick STATE: Cumbria ELEV: 128 ft LAT: 54 09' 33" N LONG: 3 07' 24" W TEMPERATURE (C), RAIN (mm), WIND SPEED (mph) HEAT COOL AVG MEAN DEG DEG WIND DOM DAY TEMP HIGH TIME LOW TIME DAYS DAYS RAIN SPEED HIGH TIME DIR ------------------------------------------------------------------------------------ 1 11.3 19.1 14:00 4.8 6:10 7.0 0.0 0.0 0.0 0.0 --- --- 2 11.5 19.3 14:20 4.2 6:10 6.8 0.1 0.2 0.0 4.0 13:30 SSE 3 13.1 14.4 10:00 9.7 0:30 5.2 0.0 4.8 0.0 0.0 --- --- 4 15.3 18.0 13:30 13.3 5:20 3.0 0.0 8.6 0.3 12.0 17:10 SE 5 14.6 15.9 2:20 12.2 00:00 3.7 0.0 17.8 0.0 7.0 11:00 SSE 6 13.6 15.6 11:30 11.8 2:30 4.7 0.0 0.4 0.2 10.0 10:40 SSE 7 13.7 14.8 13:10 11.4 0:50 4.6 0.0 6.6 1.0 14.0 13:00 SSE 8 13.2 15.8 14:30 10.8 21:30 5.1 0.0 5.8 0.5 11.0 12:10 SSE 9 12.8 17.3 13:40 8.6 22:10 5.5 0.0 8.8 0.5 10.0 16:30 NNE 10 12.7 15.2 15:00 9.9 2:30 5.6 0.0 4.4 1.5 21.0 14:30 SSE 11 13.0 16.5 13:30 11.0 1:10 5.3 0.0 14.6 2.1 17.0 1:30 NNE 12 11.9 15.6 13:10 10.1 5:50 6.4 0.0 26.8 0.8 12.0 2:10 SSE 13 11.0 14.4 14:30 8.6 5:00 7.3 0.0 12.4 1.1 13.0 14:30 NNE 14 11.1 15.6 12:40 7.6 1:20 7.2 0.0 0.0 1.1 14.0 17:30 NNE 15 11.3 15.5 16:50 7.4 0:40 7.0 0.0 0.0 0.2 6.0 17:30 NNE 16 10.4 15.7 13:10 6.3 6:00 7.9 0.0 0.2 0.0 2.0 2:20 NNE 17 11.0 18.0 13:00 4.9 7:00 7.3 0.0 0.0 0.0 0.0 --- --- 18 11.0 14.2 14:50 5.7 00:00 7.3 0.0 1.4 0.0 0.0 --- --- 19 9.5 16.8 13:30 3.2 5:40 8.8 0.0 0.2 0.0 0.0 --- --- 20 14.3 18.2 13:30 12.1 6:20 4.0 0.0 1.6 0.0 0.0 --- --- 21 12.7 14.7 0:10 6.9 23:10 5.6 0.0 2.4 0.1 9.0 9:20 NNE 22 10.8 13.3 15:10 5.2 3:10 7.5 0.0 2.6 0.1 9.0 16:40 SE 23 13.8 17.1 15:30 9.8 6:40 4.5 0.0 0.0 0.0 4.0 12:10 SSE 24 14.4 17.0 14:30 12.6 4:40 3.9 0.0 14.0 0.0 5.0 3:20 SSE 25 14.3 17.3 15:10 12.9 7:40 4.0 0.0 2.8 0.0 1.0 0:40 NNE 26 14.3 16.9 15:40 12.0 7:20 4.0 0.0 0.0 0.0 0.0 --- --- 27 14.2 17.5 14:10 12.2 3:40 4.2 0.0 13.2 0.1 7.0 22:20 SSE 28 13.7 17.9 13:40 9.2 8:10 4.7 0.0 0.8 0.0 7.0 0:20 SE 29 13.8 16.8 14:20 11.8 23:30 4.5 0.0 5.6 1.2 23.0 18:40 SSE 30 11.0 14.2 14:40 6.3 21:00 7.3 0.0 4.0 0.3 11.0 11:50 SE ------------------------------------------------------------------------------------- 12.6 19.3 2 3.2 19 169.9 0.1 159.9 0.4 23.0 29 SSE Max >= 32.0: 0 Max <= 0.0: 0 Min <= 0.0: 0 Min <= -18.0: 0 Max Rain: 26.80 ON 12/09/17 Days of Rain: 24 (> .2 mm) 17 (> 2 mm) 1 (> 20 mm) Heat Base: 18.3 Cool Base: 18.3 Method: Integration