2020: Jan | Feb | Mar | Apr | May | Jun | Jul | Aug | Sep | Oct | Nov | Dec 
2019: Jan | Feb | Mar | Apr | May | Jun | Jul | Aug | Sep | Oct | Nov | Dec 
2018: Jan | Feb | Mar | Apr | May | Jun | Jul | Aug | Sep | Oct | Nov | Dec 
2017: Jan | Feb | Mar | Apr | May | Jun | Jul | Aug | Sep | Oct | Nov | Dec 
2016: Jan | Feb | Mar | Apr | May | Jun | Jul | Aug | Sep | Oct | Nov | Dec 
2015: Jan | Feb | Mar | Apr | May | Jun | Jul | Aug | Sep | Oct | Nov | Dec 
2014: Jan | Feb | Mar | Apr | May | Jun | Jul | Aug | Sep | Oct | Nov | Dec 
2013: Jan | Feb | Mar | Apr | May | Jun | Jul | Aug | Sep | Oct | Nov | Dec 
2012: Jan | Feb | Mar | Apr | May | Jun | Jul | Aug | Sep | Oct | Nov | Dec 
2011: Jan | Feb | Mar | Apr | May | Jun | Jul | Aug | Sep | Oct | Nov | Dec 
2010: Jan | Feb | Mar | Apr | May | Jun | Jul | Aug | Sep | Oct | Nov | Dec 
2009: Jan | Feb | Mar | Apr | May | Jun | Jul | Aug | Sep | Oct | Nov | Dec 
2008: Jan | Feb | Mar | Apr | May | Jun | Jul | Aug | Sep | Oct | Nov | Dec 
2007: Jan | Feb | Mar | Apr | May | Jun | Jul | Aug | Sep | Oct | Nov | Dec 

Report for 2017 10
MONTHLY CLIMATOLOGICAL SUMMARY for OCT. 2017 NAME: VantagePro2 CITY: Urswick STATE: Cumbria ELEV: 128 ft LAT: 54 09' 33" N LONG: 3 07' 24" W TEMPERATURE (C), RAIN (mm), WIND SPEED (mph) HEAT COOL AVG MEAN DEG DEG WIND DOM DAY TEMP HIGH TIME LOW TIME DAYS DAYS RAIN SPEED HIGH TIME DIR ------------------------------------------------------------------------------------ 1 13.2 15.6 16:20 9.0 0:10 5.1 0.0 3.4 1.3 20.0 21:40 SSE 2 12.4 14.2 16:00 10.3 21:30 5.8 0.0 3.2 2.7 24.0 4:20 SSE 3 11.2 12.8 14:10 9.2 6:40 7.1 0.0 4.0 1.5 17.0 4:40 NNE 4 12.2 13.6 00:00 11.4 0:10 6.1 0.0 14.8 2.5 22.0 22:20 SSE 5 11.3 14.3 2:00 7.7 5:50 7.0 0.0 0.6 2.7 20.0 0:30 NNE 6 10.2 13.4 12:00 5.1 7:40 8.1 0.0 2.8 0.4 16.0 23:10 NNE 7 12.7 13.6 2:40 11.7 23:40 5.6 0.0 1.8 1.0 15.0 2:10 NNE 8 12.6 14.7 14:50 10.0 6:50 5.8 0.0 0.2 0.0 5.0 10:50 NNE 9 12.7 14.6 13:40 10.1 7:20 5.7 0.0 5.6 0.1 12.0 23:30 SE 10 13.6 15.1 14:50 12.6 9:10 4.7 0.0 2.4 1.1 14.0 2:00 SSE 11 13.2 14.4 2:50 10.2 00:00 5.1 0.0 25.2 3.2 21.0 12:40 SSE 12 12.2 14.6 14:10 10.1 0:20 6.1 0.0 1.2 1.0 12.0 3:50 SSE 13 15.3 16.3 13:00 12.7 0:10 3.0 0.0 1.0 2.8 22.0 20:00 SE 14 14.5 16.1 16:10 13.3 23:50 3.8 0.0 2.2 0.9 17.0 15:10 SSE 15 14.2 16.0 13:10 13.1 6:00 4.2 0.0 0.0 0.2 10.0 12:10 SE 16 14.4 19.6 14:50 12.4 6:20 4.0 0.0 1.2 2.3 28.0 23:10 SE 17 12.2 13.8 13:40 8.2 00:00 6.1 0.0 0.4 3.1 25.0 10:20 SSE 18 9.8 13.7 13:20 4.7 8:00 8.5 0.0 0.2 0.0 3.0 13:40 NNW 19 12.2 14.2 13:50 10.9 8:10 6.1 0.0 8.0 0.0 4.0 14:00 SSE 20 11.9 13.4 11:40 10.1 22:00 6.4 0.0 14.2 0.2 10.0 15:10 SSE 21 11.7 12.8 10:50 10.3 00:00 6.6 0.0 9.0 1.4 19.0 23:00 SSE 22 9.9 11.2 16:30 8.8 11:10 8.3 0.0 9.0 2.4 23.0 13:50 SW 23 11.8 13.9 16:30 8.6 3:30 6.5 0.0 1.2 0.1 10.0 23:00 SE 24 12.7 14.9 13:30 10.4 7:30 5.6 0.0 23.6 0.8 18.0 11:30 SSE 25 11.8 13.3 15:00 10.3 5:20 6.5 0.0 4.2 0.4 10.0 16:30 SSE 26 11.2 12.7 12:40 7.9 19:50 7.1 0.0 0.2 0.0 6.0 15:50 SSE 27 7.3 11.0 13:40 1.4 8:30 11.0 0.0 0.2 0.0 7.0 13:40 NNE 28 12.0 13.4 14:50 9.3 1:40 6.3 0.0 3.2 1.2 18.0 20:20 SW 29 7.2 13.1 0:10 -0.6 23:50 11.1 0.0 0.2 1.2 22.0 0:20 NNW 30 4.8 11.2 23:00 -1.3 4:40 13.5 0.0 0.0 0.0 6.0 22:10 SSE 31 12.4 13.3 12:40 11.1 0:10 5.9 0.0 1.0 0.8 14.0 17:50 SSE ------------------------------------------------------------------------------------- 11.8 19.6 16 -1.3 30 202.8 0.0 144.1 1.1 28.0 16 SSE Max >= 32.0: 0 Max <= 0.0: 0 Min <= 0.0: 2 Min <= -18.0: 0 Max Rain: 25.20 ON 11/10/17 Days of Rain: 29 (> .2 mm) 16 (> 2 mm) 2 (> 20 mm) Heat Base: 18.3 Cool Base: 18.3 Method: Integration