2020: Jan | Feb | Mar | Apr | May | Jun | Jul | Aug | Sep | Oct | Nov | Dec 
2019: Jan | Feb | Mar | Apr | May | Jun | Jul | Aug | Sep | Oct | Nov | Dec 
2018: Jan | Feb | Mar | Apr | May | Jun | Jul | Aug | Sep | Oct | Nov | Dec 
2017: Jan | Feb | Mar | Apr | May | Jun | Jul | Aug | Sep | Oct | Nov | Dec 
2016: Jan | Feb | Mar | Apr | May | Jun | Jul | Aug | Sep | Oct | Nov | Dec 
2015: Jan | Feb | Mar | Apr | May | Jun | Jul | Aug | Sep | Oct | Nov | Dec 
2014: Jan | Feb | Mar | Apr | May | Jun | Jul | Aug | Sep | Oct | Nov | Dec 
2013: Jan | Feb | Mar | Apr | May | Jun | Jul | Aug | Sep | Oct | Nov | Dec 
2012: Jan | Feb | Mar | Apr | May | Jun | Jul | Aug | Sep | Oct | Nov | Dec 
2011: Jan | Feb | Mar | Apr | May | Jun | Jul | Aug | Sep | Oct | Nov | Dec 
2010: Jan | Feb | Mar | Apr | May | Jun | Jul | Aug | Sep | Oct | Nov | Dec 
2009: Jan | Feb | Mar | Apr | May | Jun | Jul | Aug | Sep | Oct | Nov | Dec 
2008: Jan | Feb | Mar | Apr | May | Jun | Jul | Aug | Sep | Oct | Nov | Dec 
2007: Jan | Feb | Mar | Apr | May | Jun | Jul | Aug | Sep | Oct | Nov | Dec 

Report for 2017 11
MONTHLY CLIMATOLOGICAL SUMMARY for NOV. 2017 NAME: VantagePro2 CITY: Urswick STATE: Cumbria ELEV: 128 ft LAT: 54 09' 33" N LONG: 3 07' 24" W TEMPERATURE (C), RAIN (mm), WIND SPEED (mph) HEAT COOL AVG MEAN DEG DEG WIND DOM DAY TEMP HIGH TIME LOW TIME DAYS DAYS RAIN SPEED HIGH TIME DIR ------------------------------------------------------------------------------------ 1 11.9 13.7 13:10 10.7 18:20 6.4 0.0 0.6 0.3 9.0 1:30 SSE 2 8.3 11.4 0:10 3.8 18:20 10.0 0.0 0.0 0.1 11.0 2:10 NNW 3 8.9 10.7 12:20 5.1 1:00 9.4 0.0 0.2 0.0 7.0 8:40 SSE 4 8.4 10.1 11:50 6.2 21:10 9.9 0.0 3.8 0.6 12.0 13:20 NNW 5 4.9 8.9 13:50 -1.2 23:30 13.4 0.0 1.8 0.8 13.0 4:10 NNW 6 5.4 10.4 15:40 -1.2 1:10 12.9 0.0 0.4 0.6 13.0 17:30 SSE 7 7.3 10.1 7:40 0.4 00:00 11.0 0.0 3.4 0.8 12.0 7:40 SSE 8 4.2 10.6 00:00 -2.2 7:10 14.1 0.0 1.6 0.4 11.0 23:40 SSE 9 10.2 11.8 6:30 8.6 19:20 8.1 0.0 1.6 0.7 10.0 4:40 NNW 10 7.7 9.9 3:00 5.9 14:20 10.6 0.0 6.8 2.4 19.0 4:00 NNW 11 5.8 8.9 12:50 2.4 22:10 12.5 0.0 0.0 0.3 10.0 12:10 NNW 12 4.3 6.9 13:30 -0.5 00:00 14.0 0.0 0.6 2.4 15.0 10:30 NNW 13 3.8 9.6 00:00 -2.9 6:40 14.5 0.0 2.0 0.3 11.0 19:20 SSE 14 10.7 11.4 21:10 8.6 23:30 7.7 0.0 8.6 0.2 12.0 21:10 SSE 15 7.7 9.8 23:40 5.4 2:30 10.6 0.0 0.4 0.0 5.0 0:30 SE 16 7.7 11.1 7:00 2.8 00:00 10.6 0.0 2.4 1.7 17.0 12:10 NNW 17 6.9 8.8 13:20 2.4 0:20 11.4 0.0 0.0 0.5 13.0 21:50 SW 18 6.4 9.0 12:00 0.4 23:40 11.9 0.0 0.2 1.8 16.0 6:30 NNW 19 3.3 6.4 00:00 -1.4 7:40 15.0 0.0 2.8 0.0 4.0 0:20 NNW 20 10.8 11.8 12:50 6.4 0:10 7.5 0.0 17.4 0.7 15.0 4:30 SW 21 11.6 12.3 5:20 10.2 3:50 6.7 0.0 20.8 1.4 17.0 11:00 SSE 22 10.8 12.6 14:40 8.6 00:00 7.5 0.0 59.4 0.9 17.0 14:50 SSE 23 5.4 8.6 0:10 -0.2 23:30 12.8 0.0 4.2 1.8 24.0 8:30 SW 24 3.5 7.6 13:30 -0.3 0:20 14.8 0.0 1.2 0.1 13.0 12:00 NNW 25 3.5 5.2 11:10 1.1 0:10 14.8 0.0 7.0 1.9 20.0 18:00 NNW 26 5.4 9.3 00:00 3.2 7:40 12.8 0.0 16.4 1.5 17.0 9:00 NNW 27 6.6 9.5 0:30 2.8 00:00 11.7 0.0 1.8 1.4 17.0 14:20 SW 28 2.9 5.7 12:50 0.7 6:20 15.3 0.0 0.0 0.9 12.0 12:00 NNW 29 1.7 5.0 12:10 -2.3 20:50 16.6 0.0 0.0 0.6 10.0 0:40 NNW 30 1.3 3.4 13:30 -3.8 5:30 17.0 0.0 0.0 2.5 18.0 12:20 NNW ------------------------------------------------------------------------------------- 6.6 13.7 1 -3.8 30 351.5 0.0 165.5 0.9 24.0 23 NNW Max >= 32.0: 0 Max <= 0.0: 0 Min <= 0.0: 10 Min <= -18.0: 0 Max Rain: 59.41 ON 22/11/17 Days of Rain: 24 (> .2 mm) 13 (> 2 mm) 2 (> 20 mm) Heat Base: 18.3 Cool Base: 18.3 Method: Integration