2020: Jan | Feb | Mar | Apr | May | Jun | Jul | Aug | Sep | Oct | Nov | Dec 
2019: Jan | Feb | Mar | Apr | May | Jun | Jul | Aug | Sep | Oct | Nov | Dec 
2018: Jan | Feb | Mar | Apr | May | Jun | Jul | Aug | Sep | Oct | Nov | Dec 
2017: Jan | Feb | Mar | Apr | May | Jun | Jul | Aug | Sep | Oct | Nov | Dec 
2016: Jan | Feb | Mar | Apr | May | Jun | Jul | Aug | Sep | Oct | Nov | Dec 
2015: Jan | Feb | Mar | Apr | May | Jun | Jul | Aug | Sep | Oct | Nov | Dec 
2014: Jan | Feb | Mar | Apr | May | Jun | Jul | Aug | Sep | Oct | Nov | Dec 
2013: Jan | Feb | Mar | Apr | May | Jun | Jul | Aug | Sep | Oct | Nov | Dec 
2012: Jan | Feb | Mar | Apr | May | Jun | Jul | Aug | Sep | Oct | Nov | Dec 
2011: Jan | Feb | Mar | Apr | May | Jun | Jul | Aug | Sep | Oct | Nov | Dec 
2010: Jan | Feb | Mar | Apr | May | Jun | Jul | Aug | Sep | Oct | Nov | Dec 
2009: Jan | Feb | Mar | Apr | May | Jun | Jul | Aug | Sep | Oct | Nov | Dec 
2008: Jan | Feb | Mar | Apr | May | Jun | Jul | Aug | Sep | Oct | Nov | Dec 
2007: Jan | Feb | Mar | Apr | May | Jun | Jul | Aug | Sep | Oct | Nov | Dec 

Report for 2017 12
MONTHLY CLIMATOLOGICAL SUMMARY for DEC. 2017 NAME: VantagePro2 CITY: Urswick STATE: Cumbria ELEV: 128 ft LAT: 54 09' 33" N LONG: 3 07' 24" W TEMPERATURE (C), RAIN (mm), WIND SPEED (mph) HEAT COOL AVG MEAN DEG DEG WIND DOM DAY TEMP HIGH TIME LOW TIME DAYS DAYS RAIN SPEED HIGH TIME DIR ------------------------------------------------------------------------------------ 1 2.6 5.7 13:50 -1.0 6:40 15.7 0.0 0.0 0.4 13.0 5:10 NNW 2 5.2 9.1 13:50 1.1 4:20 13.2 0.0 0.0 0.7 12.0 23:50 NNW 3 6.5 9.3 5:10 0.3 19:30 11.8 0.0 0.2 1.5 12.0 1:40 NNW 4 6.9 8.7 11:50 0.4 0:20 11.3 0.0 2.6 0.2 9.0 10:00 NNW 5 7.7 8.8 23:10 6.9 15:20 10.6 0.0 0.0 0.8 12.0 21:00 SSE 6 9.8 11.0 12:40 8.6 8:20 8.5 0.0 0.8 1.7 17.0 14:40 SSE 7 6.2 11.6 5:10 0.8 21:50 12.1 0.0 15.4 4.8 30.0 21:20 NNW 8 1.8 3.3 3:10 0.1 7:50 16.5 0.0 1.4 4.7 22.0 11:30 NNW 9 0.3 1.8 15:40 -3.0 6:30 18.0 0.0 1.2 0.2 9.0 0:40 NNW 10 -0.8 1.4 2:10 -4.4 22:00 19.1 0.0 0.4 0.0 6.0 11:30 NNW 11 -3.3 3.2 13:50 -7.4 8:20 21.6 0.0 0.0 0.0 2.0 15:10 NNW 12 -0.7 4.9 22:10 -6.2 8:10 19.0 0.0 8.8 0.2 10.0 20:50 SSE 13 5.3 7.4 9:20 3.2 22:00 13.0 0.0 4.2 1.4 22.0 10:40 SW 14 4.3 5.8 13:20 1.7 00:00 14.0 0.0 6.8 1.8 18.0 9:50 SW 15 2.1 5.4 12:30 -1.1 00:00 16.2 0.0 0.0 0.5 12.0 21:50 NNW 16 -0.1 3.1 12:00 -2.9 2:40 18.4 0.0 1.0 0.0 4.0 5:00 NNW 17 3.6 9.0 14:20 -2.1 0:10 14.8 0.0 9.8 0.8 19.0 17:00 NNW 18 2.3 4.9 14:40 -1.6 8:40 16.0 0.0 0.2 0.0 3.0 3:00 NNW 19 5.4 7.1 23:00 4.2 0:10 12.9 0.0 3.8 0.0 1.0 8:20 NNW 20 8.2 10.6 12:30 5.7 18:20 10.1 0.0 6.4 0.0 5.0 13:00 SSE 21 8.0 9.7 17:30 5.9 0:20 10.3 0.0 14.2 0.0 4.0 16:40 SSE 22 8.4 9.6 0:20 7.6 21:10 9.9 0.0 3.4 0.0 3.0 23:30 SE 23 8.6 9.2 22:00 8.2 2:50 9.8 0.0 1.2 0.7 16.0 15:00 SSE 24 9.4 10.3 11:20 8.8 0:10 8.9 0.0 11.0 4.1 30.0 11:10 SSE 25 7.6 10.3 13:00 4.1 18:30 10.7 0.0 10.2 2.3 23.0 5:50 SSE 26 3.3 6.4 13:40 0.1 18:00 15.0 0.0 2.6 0.3 13.0 1:10 NNW 27 1.1 2.9 13:50 -1.9 22:20 17.2 0.0 0.0 1.6 13.0 23:50 NNW 28 1.8 4.6 14:30 -2.7 23:20 16.5 0.0 0.0 1.2 13.0 10:20 NNW 29 3.3 6.5 18:40 -2.4 1:20 15.0 0.0 8.2 0.8 24.0 19:00 SW 30 5.0 7.8 14:10 1.8 5:00 13.3 0.0 6.2 0.5 17.0 13:40 SSE 31 7.3 9.5 4:10 4.8 22:20 11.0 0.0 8.8 2.3 22.0 7:30 SSE ------------------------------------------------------------------------------------- 4.4 11.6 7 -7.4 11 430.6 0.0 128.8 1.1 30.0 7 NNW Max >= 32.0: 0 Max <= 0.0: 0 Min <= 0.0: 12 Min <= -18.0: 0 Max Rain: 15.39 ON 07/12/17 Days of Rain: 24 (> .2 mm) 16 (> 2 mm) 0 (> 20 mm) Heat Base: 18.3 Cool Base: 18.3 Method: Integration