2020: Jan | Feb | Mar | Apr | May | Jun | Jul | Aug | Sep | Oct | Nov | Dec 
2019: Jan | Feb | Mar | Apr | May | Jun | Jul | Aug | Sep | Oct | Nov | Dec 
2018: Jan | Feb | Mar | Apr | May | Jun | Jul | Aug | Sep | Oct | Nov | Dec 
2017: Jan | Feb | Mar | Apr | May | Jun | Jul | Aug | Sep | Oct | Nov | Dec 
2016: Jan | Feb | Mar | Apr | May | Jun | Jul | Aug | Sep | Oct | Nov | Dec 
2015: Jan | Feb | Mar | Apr | May | Jun | Jul | Aug | Sep | Oct | Nov | Dec 
2014: Jan | Feb | Mar | Apr | May | Jun | Jul | Aug | Sep | Oct | Nov | Dec 
2013: Jan | Feb | Mar | Apr | May | Jun | Jul | Aug | Sep | Oct | Nov | Dec 
2012: Jan | Feb | Mar | Apr | May | Jun | Jul | Aug | Sep | Oct | Nov | Dec 
2011: Jan | Feb | Mar | Apr | May | Jun | Jul | Aug | Sep | Oct | Nov | Dec 
2010: Jan | Feb | Mar | Apr | May | Jun | Jul | Aug | Sep | Oct | Nov | Dec 
2009: Jan | Feb | Mar | Apr | May | Jun | Jul | Aug | Sep | Oct | Nov | Dec 
2008: Jan | Feb | Mar | Apr | May | Jun | Jul | Aug | Sep | Oct | Nov | Dec 
2007: Jan | Feb | Mar | Apr | May | Jun | Jul | Aug | Sep | Oct | Nov | Dec 

Report for 2018 01
MONTHLY CLIMATOLOGICAL SUMMARY for JAN. 2018 NAME: VantagePro2 CITY: Urswick STATE: Cumbria ELEV: 128 ft LAT: 54 09' 33" N LONG: 3 07' 24" W TEMPERATURE (C), RAIN (mm), WIND SPEED (mph) HEAT COOL AVG MEAN DEG DEG WIND DOM DAY TEMP HIGH TIME LOW TIME DAYS DAYS RAIN SPEED HIGH TIME DIR ------------------------------------------------------------------------------------ 1 6.1 8.1 12:20 5.0 19:10 12.3 0.0 3.6 2.0 18.0 16:40 SW 2 5.7 8.2 15:00 1.8 6:40 12.7 0.0 19.2 1.0 22.0 21:50 SSE 3 7.6 8.3 11:50 6.6 3:50 10.8 0.0 0.0 2.8 24.0 4:30 SW 4 5.8 7.8 0:10 4.7 17:30 12.5 0.0 12.2 1.0 22.0 15:30 SW 5 2.9 5.9 1:40 -1.1 21:00 15.4 0.0 2.2 0.0 6.0 23:50 SSE 6 2.7 4.8 11:10 -1.7 00:00 15.6 0.0 0.0 1.0 13.0 11:00 NNW 7 0.2 4.1 13:50 -3.5 9:10 18.1 0.0 0.2 0.0 5.0 21:10 NNE 8 1.8 3.8 13:50 -1.6 0:10 16.5 0.0 0.0 1.3 14.0 11:20 NNW 9 2.9 5.4 23:20 1.4 7:40 15.3 0.0 0.0 0.6 10.0 0:30 NE 10 4.4 6.4 14:10 -1.0 22:50 13.8 0.0 2.4 0.0 2.0 0:20 SW 11 1.9 4.9 14:10 -1.4 6:40 16.4 0.0 0.0 0.0 1.0 1:10 NNE 12 4.7 6.4 12:50 3.1 3:40 13.7 0.0 0.2 0.1 9.0 21:50 NE 13 5.4 6.3 12:40 4.3 00:00 12.9 0.0 0.2 0.1 7.0 12:30 SW 14 4.1 5.0 00:00 3.2 8:00 14.3 0.0 10.0 0.7 13.0 23:50 SSE 15 6.3 8.4 4:40 3.7 17:10 12.0 0.0 19.8 1.4 17.0 3:10 SW 16 3.4 4.7 0:40 1.8 17:20 14.8 0.0 0.6 1.9 18.0 23:35 SW 17 3.8 5.9 13:55 0.9 23:25 14.5 0.0 11.8 2.4 23.0 1:10 SW 18 2.8 5.1 13:10 0.3 7:55 15.5 0.0 12.2 1.3 21.0 3:50 NW 19 3.8 5.1 12:20 2.8 8:20 14.5 0.0 0.2 0.6 16.0 19:10 SW 20 1.7 4.4 0:40 -2.6 22:10 16.6 0.0 0.6 0.0 6.0 1:00 SSE 21 1.6 6.6 23:50 -2.3 1:15 16.7 0.0 13.8 0.1 11.0 21:30 SW 22 6.8 7.9 13:20 5.7 23:15 11.5 0.0 0.0 0.5 15.0 13:20 SW 23 7.8 9.6 15:00 5.7 3:35 10.5 0.0 1.8 1.7 24.0 17:15 SSE 24 7.7 9.5 5:20 5.7 22:35 10.6 0.0 3.8 3.5 29.0 5:45 SSE 25 5.2 6.9 0:40 2.4 00:00 13.1 0.0 6.4 0.8 14.0 1:15 SSE 26 2.4 7.3 14:10 -0.9 8:50 15.9 0.0 0.2 0.0 4.0 15:40 SSE 27 7.2 10.2 15:45 4.4 2:05 11.2 0.0 8.8 1.5 20.0 13:25 SW 28 9.3 11.1 11:55 6.8 2:15 9.0 0.0 0.8 2.9 22.0 12:50 SSE 29 6.6 9.2 3:45 2.3 22:40 11.7 0.0 5.2 2.5 25.0 3:30 NW 30 5.4 7.1 12:25 4.2 4:40 12.9 0.0 5.0 0.6 12.0 13:50 SSE 31 4.3 6.7 2:55 2.1 4:40 14.0 0.0 5.8 2.9 22.0 4:30 SW ------------------------------------------------------------------------------------- 4.6 11.1 28 -3.5 7 425.0 0.0 147.0 1.1 29.0 24 SW Max >= 32.0: 0 Max <= 0.0: 0 Min <= 0.0: 9 Min <= -18.0: 0 Max Rain: 19.81 ON 15/01/18 Days of Rain: 25 (> .2 mm) 16 (> 2 mm) 0 (> 20 mm) Heat Base: 18.3 Cool Base: 18.3 Method: Integration