2020: Jan | Feb | Mar | Apr | May | Jun | Jul | Aug | Sep | Oct | Nov | Dec 
2019: Jan | Feb | Mar | Apr | May | Jun | Jul | Aug | Sep | Oct | Nov | Dec 
2018: Jan | Feb | Mar | Apr | May | Jun | Jul | Aug | Sep | Oct | Nov | Dec 
2017: Jan | Feb | Mar | Apr | May | Jun | Jul | Aug | Sep | Oct | Nov | Dec 
2016: Jan | Feb | Mar | Apr | May | Jun | Jul | Aug | Sep | Oct | Nov | Dec 
2015: Jan | Feb | Mar | Apr | May | Jun | Jul | Aug | Sep | Oct | Nov | Dec 
2014: Jan | Feb | Mar | Apr | May | Jun | Jul | Aug | Sep | Oct | Nov | Dec 
2013: Jan | Feb | Mar | Apr | May | Jun | Jul | Aug | Sep | Oct | Nov | Dec 
2012: Jan | Feb | Mar | Apr | May | Jun | Jul | Aug | Sep | Oct | Nov | Dec 
2011: Jan | Feb | Mar | Apr | May | Jun | Jul | Aug | Sep | Oct | Nov | Dec 
2010: Jan | Feb | Mar | Apr | May | Jun | Jul | Aug | Sep | Oct | Nov | Dec 
2009: Jan | Feb | Mar | Apr | May | Jun | Jul | Aug | Sep | Oct | Nov | Dec 
2008: Jan | Feb | Mar | Apr | May | Jun | Jul | Aug | Sep | Oct | Nov | Dec 
2007: Jan | Feb | Mar | Apr | May | Jun | Jul | Aug | Sep | Oct | Nov | Dec 

Report for 2018 02
MONTHLY CLIMATOLOGICAL SUMMARY for FEB. 2018 NAME: VantagePro2 CITY: Urswick STATE: Cumbria ELEV: 128 ft LAT: 54 09' 33" N LONG: 3 07' 24" W TEMPERATURE (C), RAIN (mm), WIND SPEED (mph) HEAT COOL AVG MEAN DEG DEG WIND DOM DAY TEMP HIGH TIME LOW TIME DAYS DAYS RAIN SPEED HIGH TIME DIR ------------------------------------------------------------------------------------ 1 4.2 6.7 13:50 1.9 2:05 14.1 0.0 0.0 5.6 24.0 9:00 NW 2 3.4 7.1 14:05 -1.0 20:00 14.9 0.0 0.2 1.5 15.0 0:30 NW 3 3.1 4.6 15:20 0.1 22:15 15.2 0.0 4.8 0.0 6.0 2:15 NNW 4 1.2 5.8 13:35 -2.2 8:10 17.1 0.0 0.2 0.1 6.0 12:15 NNE 5 0.7 3.3 13:55 -1.9 0:20 17.6 0.0 0.0 0.0 3.0 12:35 NE 6 0.1 2.4 15:45 -4.0 22:20 18.2 0.0 1.2 0.5 10.0 14:25 NW 7 -0.5 4.2 00:00 -5.3 7:50 18.8 0.0 1.2 0.1 6.0 23:55 SSE 8 5.2 7.4 14:25 3.7 2:40 13.1 0.0 17.4 0.4 13.0 3:15 SSE 9 2.9 5.1 14:25 -1.6 23:50 15.3 0.0 4.2 2.9 19.0 7:55 NW 10 4.7 8.7 13:20 -1.4 0:05 13.6 0.0 16.2 1.2 25.0 23:05 SSE 11 1.9 3.8 3:00 0.1 19:05 16.4 0.0 4.8 4.0 22.0 14:35 NW 12 2.8 5.5 13:30 0.4 0:05 15.5 0.0 6.2 0.8 15.0 15:55 SSE 13 1.9 4.8 15:10 -2.8 23:25 16.3 0.0 2.8 1.8 19.0 11:35 SSW 14 2.7 5.6 19:55 -2.4 0:30 15.6 0.0 6.2 1.4 15.0 12:40 SSW 15 5.0 6.4 13:45 3.9 23:45 13.3 0.0 0.2 2.5 20.0 12:10 SW 16 4.6 7.7 11:50 2.0 7:20 13.7 0.0 0.6 0.4 11.0 1:25 SSE 17 4.8 7.9 14:15 1.7 19:30 13.5 0.0 2.0 0.3 10.0 2:55 SSE 18 5.2 7.6 13:15 2.0 6:45 13.1 0.0 6.2 0.0 4.0 10:45 SW 19 8.0 9.9 15:10 6.0 20:25 10.3 0.0 2.2 1.0 12.0 12:10 NW 20 5.7 9.7 12:20 -0.7 00:00 12.6 0.0 1.0 2.9 18.0 1:15 NW 21 2.9 8.8 13:50 -1.4 7:20 15.4 0.0 0.2 0.1 7.0 21:20 NE 22 2.0 6.4 14:20 -2.1 3:35 16.3 0.0 0.0 0.1 6.0 9:50 SSW 23 1.5 6.1 14:30 -1.6 7:15 16.8 0.0 0.0 0.5 10.0 10:25 NE 24 2.0 6.1 14:10 -0.7 5:25 16.3 0.0 0.0 1.8 15.0 21:00 NE 25 1.8 5.3 14:05 -0.9 00:00 16.5 0.0 0.0 2.9 15.0 11:50 NE 26 0.1 3.7 12:45 -3.6 21:55 18.2 0.0 0.0 1.2 13.0 13:35 NNE 27 -0.1 2.7 12:10 -2.2 23:05 18.4 0.0 0.0 1.7 16.0 9:55 NNW 28 -3.3 -0.3 13:40 -5.3 4:20 21.7 0.0 0.0 3.0 22.0 16:10 NNE ------------------------------------------------------------------------------------- 2.7 9.9 19 -5.3 7 437.9 0.0 77.8 1.4 25.0 10 NW Max >= 32.0: 0 Max <= 0.0: 1 Min <= 0.0: 18 Min <= -18.0: 0 Max Rain: 17.40 ON 08/02/18 Days of Rain: 19 (> .2 mm) 11 (> 2 mm) 0 (> 20 mm) Heat Base: 18.3 Cool Base: 18.3 Method: Integration