2020: Jan | Feb | Mar | Apr | May | Jun | Jul | Aug | Sep | Oct | Nov | Dec 
2019: Jan | Feb | Mar | Apr | May | Jun | Jul | Aug | Sep | Oct | Nov | Dec 
2018: Jan | Feb | Mar | Apr | May | Jun | Jul | Aug | Sep | Oct | Nov | Dec 
2017: Jan | Feb | Mar | Apr | May | Jun | Jul | Aug | Sep | Oct | Nov | Dec 
2016: Jan | Feb | Mar | Apr | May | Jun | Jul | Aug | Sep | Oct | Nov | Dec 
2015: Jan | Feb | Mar | Apr | May | Jun | Jul | Aug | Sep | Oct | Nov | Dec 
2014: Jan | Feb | Mar | Apr | May | Jun | Jul | Aug | Sep | Oct | Nov | Dec 
2013: Jan | Feb | Mar | Apr | May | Jun | Jul | Aug | Sep | Oct | Nov | Dec 
2012: Jan | Feb | Mar | Apr | May | Jun | Jul | Aug | Sep | Oct | Nov | Dec 
2011: Jan | Feb | Mar | Apr | May | Jun | Jul | Aug | Sep | Oct | Nov | Dec 
2010: Jan | Feb | Mar | Apr | May | Jun | Jul | Aug | Sep | Oct | Nov | Dec 
2009: Jan | Feb | Mar | Apr | May | Jun | Jul | Aug | Sep | Oct | Nov | Dec 
2008: Jan | Feb | Mar | Apr | May | Jun | Jul | Aug | Sep | Oct | Nov | Dec 
2007: Jan | Feb | Mar | Apr | May | Jun | Jul | Aug | Sep | Oct | Nov | Dec 

Report for 2018 03
MONTHLY CLIMATOLOGICAL SUMMARY for MAR. 2018 NAME: VantagePro2 CITY: Urswick STATE: Cumbria ELEV: 128 ft LAT: 54 09' 33" N LONG: 3 07' 24" W TEMPERATURE (C), RAIN (mm), WIND SPEED (mph) HEAT COOL AVG MEAN DEG DEG WIND DOM DAY TEMP HIGH TIME LOW TIME DAYS DAYS RAIN SPEED HIGH TIME DIR ------------------------------------------------------------------------------------ 1 -1.8 0.3 23:00 -4.6 4:00 20.2 0.0 0.0 7.0 27.0 13:45 NNW 2 0.6 1.5 13:50 0.0 5:00 17.7 0.0 0.0 9.5 28.0 20:45 NNE 3 0.4 3.2 14:00 -0.9 7:00 17.9 0.0 0.0 5.1 21.0 1:55 NNE 4 2.3 3.8 15:30 -0.4 0:05 16.0 0.0 4.8 2.8 14.0 10:20 NNE 5 4.7 7.8 13:25 0.9 1:35 13.6 0.0 1.8 0.8 13.0 23:35 NNE 6 4.2 6.6 14:35 2.5 20:35 14.1 0.0 6.4 0.3 12.0 0:15 SSE 7 4.2 8.6 13:35 0.3 22:00 14.1 0.0 0.2 0.5 12.0 12:00 SSE 8 3.6 7.5 13:05 -0.1 23:50 14.7 0.0 1.0 0.2 10.0 11:10 NW 9 3.1 8.1 15:35 -2.8 6:40 15.3 0.0 0.8 0.6 12.0 21:45 NNE 10 6.7 10.6 16:00 3.3 23:50 11.6 0.0 13.8 0.7 11.0 16:55 NNW 11 6.9 11.8 13:20 1.8 2:55 11.4 0.0 0.2 0.3 9.0 11:45 NNE 12 5.8 7.3 14:45 1.8 22:25 12.5 0.0 9.6 0.5 8.0 10:10 NNW 13 4.6 9.3 13:35 -0.1 00:00 13.7 0.0 0.0 0.2 10.0 8:45 NW 14 6.8 10.9 12:10 -0.4 0:55 11.5 0.0 0.0 1.3 13.0 23:10 ENE 15 6.7 8.3 15:00 5.4 7:10 11.6 0.0 1.4 3.9 21.0 5:10 ENE 16 5.8 7.4 16:50 3.3 23:10 12.5 0.0 0.2 4.0 18.0 14:55 NNE 17 0.8 3.6 0:05 -2.1 23:15 17.5 0.0 0.0 6.7 25.0 3:15 NNE 18 0.3 2.4 14:10 -1.9 0:05 18.0 0.0 0.0 6.2 27.0 11:15 NNE 19 3.1 7.0 13:15 0.6 6:35 15.2 0.0 0.0 3.9 19.0 10:50 NNE 20 2.8 9.5 11:25 -2.2 21:55 15.5 0.0 0.0 0.6 14.0 16:20 NW 21 3.1 7.9 12:10 -3.4 4:15 15.2 0.0 1.6 0.5 12.0 11:50 SW 22 6.8 9.5 15:00 5.2 6:40 11.5 0.0 5.8 0.9 12.0 13:30 SSE 23 6.4 8.8 11:30 4.4 20:05 11.9 0.0 3.8 2.2 22.0 8:55 SSE 24 5.6 10.6 11:45 0.6 22:40 12.7 0.0 1.8 0.3 10.0 12:50 NW 25 3.6 10.3 12:30 -2.2 7:05 14.1 0.0 0.2 0.3 10.0 15:00 NW 26 4.3 11.2 14:00 -2.0 7:20 14.0 0.0 0.0 0.0 6.0 14:35 SSE 27 6.9 9.7 12:35 5.2 23:00 11.4 0.0 15.6 0.6 12.0 11:35 NW 28 5.1 7.9 13:45 0.7 00:00 13.2 0.0 0.2 0.8 15.0 15:00 NW 29 5.2 9.8 13:30 -0.1 1:35 13.1 0.0 0.0 1.4 14.0 22:10 NNE 30 6.0 9.3 17:15 3.0 7:25 12.3 0.0 1.8 1.0 12.0 0:10 NNE 31 5.4 7.9 15:00 0.8 00:00 12.9 0.0 0.0 3.5 16.0 8:35 NNE ------------------------------------------------------------------------------------- 4.2 11.8 11 -4.6 1 437.0 0.0 71.0 2.1 28.0 2 NNE Max >= 32.0: 0 Max <= 0.0: 0 Min <= 0.0: 15 Min <= -18.0: 0 Max Rain: 15.60 ON 27/03/18 Days of Rain: 19 (> .2 mm) 7 (> 2 mm) 0 (> 20 mm) Heat Base: 18.3 Cool Base: 18.3 Method: Integration