2020: Jan | Feb | Mar | Apr | May | Jun | Jul | Aug | Sep | Oct | Nov | Dec 
2019: Jan | Feb | Mar | Apr | May | Jun | Jul | Aug | Sep | Oct | Nov | Dec 
2018: Jan | Feb | Mar | Apr | May | Jun | Jul | Aug | Sep | Oct | Nov | Dec 
2017: Jan | Feb | Mar | Apr | May | Jun | Jul | Aug | Sep | Oct | Nov | Dec 
2016: Jan | Feb | Mar | Apr | May | Jun | Jul | Aug | Sep | Oct | Nov | Dec 
2015: Jan | Feb | Mar | Apr | May | Jun | Jul | Aug | Sep | Oct | Nov | Dec 
2014: Jan | Feb | Mar | Apr | May | Jun | Jul | Aug | Sep | Oct | Nov | Dec 
2013: Jan | Feb | Mar | Apr | May | Jun | Jul | Aug | Sep | Oct | Nov | Dec 
2012: Jan | Feb | Mar | Apr | May | Jun | Jul | Aug | Sep | Oct | Nov | Dec 
2011: Jan | Feb | Mar | Apr | May | Jun | Jul | Aug | Sep | Oct | Nov | Dec 
2010: Jan | Feb | Mar | Apr | May | Jun | Jul | Aug | Sep | Oct | Nov | Dec 
2009: Jan | Feb | Mar | Apr | May | Jun | Jul | Aug | Sep | Oct | Nov | Dec 
2008: Jan | Feb | Mar | Apr | May | Jun | Jul | Aug | Sep | Oct | Nov | Dec 
2007: Jan | Feb | Mar | Apr | May | Jun | Jul | Aug | Sep | Oct | Nov | Dec 

Report for 2018 04
MONTHLY CLIMATOLOGICAL SUMMARY for APR. 2018 NAME: VantagePro2 CITY: Urswick STATE: Cumbria ELEV: 128 ft LAT: 54 09' 33" N LONG: 3 07' 24" W TEMPERATURE (C), RAIN (mm), WIND SPEED (mph) HEAT COOL AVG MEAN DEG DEG WIND DOM DAY TEMP HIGH TIME LOW TIME DAYS DAYS RAIN SPEED HIGH TIME DIR ------------------------------------------------------------------------------------ 1 4.1 10.1 13:30 -1.3 5:50 14.3 0.0 0.0 0.8 12.0 23:50 ENE 2 3.4 4.7 00:00 1.6 6:55 14.9 0.0 20.2 3.2 18.0 1:50 NNE 3 8.1 12.2 14:35 4.7 0:05 10.2 0.0 10.4 0.5 16.0 13:20 SSE 4 6.6 12.5 13:50 2.9 19:20 11.7 0.0 21.2 1.4 16.0 19:25 NNE 5 4.8 9.6 13:05 -2.0 6:50 13.5 0.0 0.0 0.7 10.0 2:00 NW 6 8.6 12.1 13:30 5.8 4:50 9.7 0.0 0.0 0.4 9.0 11:55 SSW 7 7.3 9.2 12:40 3.4 6:45 11.0 0.0 4.0 0.0 5.0 16:25 NW 8 6.1 11.1 17:45 2.1 4:15 12.3 0.0 0.2 0.0 5.0 14:35 NW 9 7.9 14.9 14:40 0.6 3:35 10.4 0.0 1.8 0.6 15.0 21:30 NE 10 7.7 9.8 17:25 6.3 6:55 10.6 0.0 10.4 3.2 18.0 11:40 NNE 11 8.6 12.0 12:20 4.9 7:15 9.7 0.0 0.0 1.4 15.0 10:45 NNE 12 8.1 12.7 15:20 5.7 2:30 10.2 0.0 0.8 2.9 12.0 10:00 NNE 13 7.3 8.7 14:15 6.2 0:45 10.9 0.0 7.8 0.0 7.0 0:15 SSE 14 10.3 14.9 13:30 6.8 6:30 8.0 0.0 0.0 0.4 9.0 23:20 NNE 15 10.4 13.8 16:25 8.1 3:15 7.9 0.0 0.8 1.0 11.0 11:35 NNE 16 10.8 14.9 14:30 8.4 4:00 7.5 0.0 0.2 1.0 15.0 11:35 SSE 17 10.7 12.8 18:30 7.6 23:45 7.6 0.0 1.6 1.7 14.0 14:40 SSE 18 14.0 19.0 14:30 7.7 0:15 4.3 0.0 1.8 0.3 10.0 11:05 SSE 19 12.3 18.2 11:55 6.8 5:50 5.9 0.0 0.0 0.4 11.0 16:05 NW 20 10.0 15.7 12:55 4.0 23:45 8.3 0.0 0.0 0.1 9.0 13:30 NW 21 12.2 20.8 16:50 2.4 5:15 6.6 0.5 3.0 0.1 8.0 10:50 NNE 22 11.2 13.6 1:35 9.2 22:25 7.1 0.0 1.0 1.3 21.0 19:35 SSE 23 9.4 12.1 15:30 7.9 3:40 8.8 0.0 5.2 2.8 23.0 21:05 SW 24 8.7 11.9 11:15 6.5 23:05 9.6 0.0 10.4 0.6 15.0 3:45 SW 25 8.7 11.9 14:20 6.6 4:40 9.6 0.0 2.0 1.5 20.0 12:00 SW 26 8.6 11.6 12:55 6.9 4:30 9.7 0.0 0.0 1.6 16.0 14:40 SW 27 6.7 11.2 11:45 2.4 5:30 11.7 0.0 1.8 0.1 5.0 9:25 NE 28 7.3 14.1 13:10 2.3 3:30 11.0 0.0 0.0 0.4 10.0 13:35 NW 29 6.7 12.5 14:05 0.7 00:00 11.6 0.0 0.0 0.8 14.0 17:20 NNE 30 6.3 13.4 17:25 -0.4 2:55 11.9 0.0 0.0 1.6 15.0 8:50 NNW ------------------------------------------------------------------------------------- 8.4 20.8 21 -2.0 5 296.7 0.5 104.5 1.0 23.0 23 NNE Max >= 32.0: 0 Max <= 0.0: 0 Min <= 0.0: 3 Min <= -18.0: 0 Max Rain: 21.21 ON 04/04/18 Days of Rain: 19 (> .2 mm) 10 (> 2 mm) 2 (> 20 mm) Heat Base: 18.3 Cool Base: 18.3 Method: Integration