2020: Jan | Feb | Mar | Apr | May | Jun | Jul | Aug | Sep | Oct | Nov | Dec 
2019: Jan | Feb | Mar | Apr | May | Jun | Jul | Aug | Sep | Oct | Nov | Dec 
2018: Jan | Feb | Mar | Apr | May | Jun | Jul | Aug | Sep | Oct | Nov | Dec 
2017: Jan | Feb | Mar | Apr | May | Jun | Jul | Aug | Sep | Oct | Nov | Dec 
2016: Jan | Feb | Mar | Apr | May | Jun | Jul | Aug | Sep | Oct | Nov | Dec 
2015: Jan | Feb | Mar | Apr | May | Jun | Jul | Aug | Sep | Oct | Nov | Dec 
2014: Jan | Feb | Mar | Apr | May | Jun | Jul | Aug | Sep | Oct | Nov | Dec 
2013: Jan | Feb | Mar | Apr | May | Jun | Jul | Aug | Sep | Oct | Nov | Dec 
2012: Jan | Feb | Mar | Apr | May | Jun | Jul | Aug | Sep | Oct | Nov | Dec 
2011: Jan | Feb | Mar | Apr | May | Jun | Jul | Aug | Sep | Oct | Nov | Dec 
2010: Jan | Feb | Mar | Apr | May | Jun | Jul | Aug | Sep | Oct | Nov | Dec 
2009: Jan | Feb | Mar | Apr | May | Jun | Jul | Aug | Sep | Oct | Nov | Dec 
2008: Jan | Feb | Mar | Apr | May | Jun | Jul | Aug | Sep | Oct | Nov | Dec 
2007: Jan | Feb | Mar | Apr | May | Jun | Jul | Aug | Sep | Oct | Nov | Dec 

Report for 2018 05
MONTHLY CLIMATOLOGICAL SUMMARY for MAY. 2018 NAME: VantagePro2 CITY: Urswick STATE: Cumbria ELEV: 128 ft LAT: 54 09' 33" N LONG: 3 07' 24" W TEMPERATURE (C), RAIN (mm), WIND SPEED (mph) HEAT COOL AVG MEAN DEG DEG WIND DOM DAY TEMP HIGH TIME LOW TIME DAYS DAYS RAIN SPEED HIGH TIME DIR ------------------------------------------------------------------------------------ 1 7.2 13.1 14:45 -0.6 1:20 11.1 0.0 1.0 1.8 20.0 12:25 SSE 2 8.5 11.6 15:15 5.6 22:45 9.8 0.0 7.6 2.0 20.0 12:00 NW 3 8.9 11.4 12:25 6.1 1:20 9.4 0.0 0.2 0.7 12.0 14:10 SSE 4 11.3 15.8 18:00 5.9 00:00 7.0 0.0 2.0 0.4 9.0 3:05 SSE 5 11.3 18.2 13:30 4.7 1:10 6.9 0.0 0.0 0.2 9.0 13:55 NNW 6 13.9 23.4 14:25 4.8 5:35 5.5 1.1 0.0 0.2 9.0 15:05 SSE 7 14.1 23.0 13:50 5.3 3:15 4.9 0.7 0.0 0.3 9.0 15:25 NNW 8 10.8 14.6 11:45 5.3 23:50 7.5 0.0 3.2 0.2 10.0 16:35 SSE 9 9.3 12.9 14:35 4.6 1:40 9.0 0.0 7.8 0.4 11.0 12:10 SSE 10 9.5 13.9 17:55 4.1 23:25 8.8 0.0 0.0 0.5 13.0 15:20 SW 11 10.6 14.3 15:10 4.8 0:05 7.7 0.0 2.8 0.8 12.0 19:05 SSW 12 9.8 14.8 12:50 3.2 5:15 8.5 0.0 1.0 0.1 7.0 13:00 NNW 13 10.9 16.3 12:50 3.6 00:00 7.3 0.0 0.2 0.2 11.0 16:05 NNW 14 10.0 16.7 12:10 1.6 3:50 8.3 0.0 0.0 0.2 10.0 16:45 NNW 15 12.1 18.4 12:40 4.3 2:10 6.2 0.0 1.0 0.3 9.0 14:30 NNW 16 10.9 16.3 13:20 2.9 23:55 7.4 0.0 6.8 0.7 9.0 11:35 NNW 17 9.7 18.5 18:35 0.7 3:10 8.6 0.0 0.0 0.1 8.0 14:00 NNW 18 10.8 18.8 13:00 2.8 4:40 7.5 0.0 0.0 0.1 8.0 13:35 NNW 19 11.8 20.5 13:50 3.4 5:30 6.8 0.3 0.0 0.1 8.0 14:00 SSE 20 12.4 19.5 13:40 4.9 3:35 6.0 0.1 0.0 0.1 8.0 13:10 NNW 21 14.0 22.3 12:05 5.2 4:00 4.9 0.6 0.0 0.5 9.0 18:15 NNW 22 14.8 21.2 17:35 8.8 00:00 4.0 0.5 0.6 0.9 10.0 9:35 NNW 23 14.3 22.3 14:25 5.8 5:10 4.9 0.9 0.0 0.2 9.0 21:15 NNW 24 16.7 25.3 14:25 7.1 4:15 3.6 2.0 0.0 0.3 9.0 14:30 NNW 25 14.8 21.4 11:40 10.6 3:05 3.6 0.1 1.4 0.8 12.0 11:45 NNW 26 17.2 23.1 17:40 12.1 2:45 2.4 1.3 0.0 2.0 18.0 12:10 NNW 27 18.7 25.9 16:25 11.8 4:20 2.0 2.5 2.2 2.1 16.0 14:35 NNW 28 19.3 27.3 18:05 11.8 5:15 2.0 3.0 0.0 0.1 7.0 9:00 NNW 29 17.4 22.7 13:40 12.7 4:45 2.0 1.1 0.0 1.4 11.0 19:20 NNW 30 16.1 24.4 12:55 9.7 3:40 2.8 0.5 1.4 0.1 8.0 10:00 NNW 31 18.3 25.3 13:35 14.3 4:45 1.8 1.8 1.4 0.0 2.0 5:45 NNE ------------------------------------------------------------------------------------- 12.8 27.3 28 -0.6 1 188.1 16.5 40.6 0.6 20.0 1 NNW Max >= 32.0: 0 Max <= 0.0: 0 Min <= 0.0: 1 Min <= -18.0: 0 Max Rain: 7.80 ON 09/05/18 Days of Rain: 16 (> .2 mm) 7 (> 2 mm) 0 (> 20 mm) Heat Base: 18.3 Cool Base: 18.3 Method: Integration