2020: Jan | Feb | Mar | Apr | May | Jun | Jul | Aug | Sep | Oct | Nov | Dec 
2019: Jan | Feb | Mar | Apr | May | Jun | Jul | Aug | Sep | Oct | Nov | Dec 
2018: Jan | Feb | Mar | Apr | May | Jun | Jul | Aug | Sep | Oct | Nov | Dec 
2017: Jan | Feb | Mar | Apr | May | Jun | Jul | Aug | Sep | Oct | Nov | Dec 
2016: Jan | Feb | Mar | Apr | May | Jun | Jul | Aug | Sep | Oct | Nov | Dec 
2015: Jan | Feb | Mar | Apr | May | Jun | Jul | Aug | Sep | Oct | Nov | Dec 
2014: Jan | Feb | Mar | Apr | May | Jun | Jul | Aug | Sep | Oct | Nov | Dec 
2013: Jan | Feb | Mar | Apr | May | Jun | Jul | Aug | Sep | Oct | Nov | Dec 
2012: Jan | Feb | Mar | Apr | May | Jun | Jul | Aug | Sep | Oct | Nov | Dec 
2011: Jan | Feb | Mar | Apr | May | Jun | Jul | Aug | Sep | Oct | Nov | Dec 
2010: Jan | Feb | Mar | Apr | May | Jun | Jul | Aug | Sep | Oct | Nov | Dec 
2009: Jan | Feb | Mar | Apr | May | Jun | Jul | Aug | Sep | Oct | Nov | Dec 
2008: Jan | Feb | Mar | Apr | May | Jun | Jul | Aug | Sep | Oct | Nov | Dec 
2007: Jan | Feb | Mar | Apr | May | Jun | Jul | Aug | Sep | Oct | Nov | Dec 

Report for 2018 06
MONTHLY CLIMATOLOGICAL SUMMARY for JUN. 2018 NAME: VantagePro2 CITY: Urswick STATE: Cumbria ELEV: 128 ft LAT: 54 09' 33" N LONG: 3 07' 24" W TEMPERATURE (C), RAIN (mm), WIND SPEED (mph) HEAT COOL AVG MEAN DEG DEG WIND DOM DAY TEMP HIGH TIME LOW TIME DAYS DAYS RAIN SPEED HIGH TIME DIR ------------------------------------------------------------------------------------ 1 19.6 26.4 13:45 13.4 4:00 1.2 2.5 0.0 0.0 7.0 14:55 NNW 2 15.2 17.6 16:20 13.9 4:25 3.1 0.0 0.0 0.0 6.0 0:40 NNW 3 17.6 22.6 12:40 13.4 23:55 1.9 1.1 0.0 0.1 7.0 11:25 NNW 4 17.5 24.1 13:35 11.6 00:00 1.9 1.0 0.0 0.1 6.0 9:30 NNE 5 15.1 22.6 12:25 8.7 23:45 3.9 0.6 0.0 0.1 7.0 13:50 NNW 6 14.4 21.5 16:25 5.3 5:00 4.6 0.7 0.0 0.0 8.0 17:00 NNW 7 15.9 22.4 17:10 7.9 2:50 3.5 1.1 0.0 0.1 7.0 14:40 NNW 8 16.3 22.0 13:05 11.6 5:40 2.8 0.9 0.0 0.0 5.0 14:55 NNW 9 16.8 24.3 14:35 8.9 5:10 3.1 1.7 0.0 0.1 7.0 16:00 NNW 10 17.9 25.2 13:10 10.0 4:10 2.7 2.3 0.0 0.2 7.0 12:35 NNW 11 15.8 20.8 17:55 8.8 5:10 3.0 0.5 0.0 0.9 13.0 13:45 NNW 12 14.3 21.1 13:00 7.7 00:00 4.1 0.1 0.0 0.2 7.0 12:50 NNW 13 13.2 19.1 14:40 4.9 2:35 5.1 0.0 7.4 0.9 20.0 20:50 SSE 14 14.9 17.7 14:30 12.4 00:00 3.4 0.0 3.0 2.6 25.0 6:40 SSE 15 13.2 16.2 18:20 10.4 22:05 5.1 0.0 0.0 0.6 12.0 10:30 SSE 16 13.0 16.7 17:40 11.3 8:30 5.3 0.0 11.0 0.4 13.0 17:20 SSE 17 13.9 16.3 11:50 11.9 4:40 4.4 0.0 0.8 0.5 14.0 20:25 SSE 18 14.3 17.8 14:05 12.5 5:40 4.0 0.0 0.6 0.9 19.0 14:25 SSE 19 13.8 16.9 13:05 9.1 5:45 4.5 0.0 0.2 0.8 21.0 21:45 SSE 20 14.3 16.8 14:55 10.2 22:15 3.9 0.0 1.2 3.5 25.0 1:55 SSE 21 12.8 17.3 13:55 8.7 2:20 5.5 0.0 0.4 2.5 14.0 12:40 NNE 22 13.1 19.1 12:20 4.2 5:05 5.2 0.0 0.0 0.6 13.0 14:45 NNW 23 12.6 16.6 14:30 7.6 2:55 5.7 0.0 0.0 0.7 14.0 12:40 NNW 24 14.7 21.8 13:00 4.9 4:50 4.5 0.9 0.0 0.2 9.0 16:15 NNE 25 16.7 25.7 17:35 5.6 5:05 3.9 2.2 0.0 0.1 7.0 18:20 NNE 26 21.1 30.7 14:45 11.3 3:55 1.7 4.5 0.0 0.0 7.0 19:15 NNW 27 22.3 31.7 13:45 12.0 5:40 1.6 5.5 0.0 0.0 0.0 --- --- 28 21.0 29.5 18:30 11.1 5:25 1.4 4.1 0.0 0.1 8.0 14:30 NNE 29 21.7 30.8 12:50 10.6 5:05 1.8 5.1 0.0 0.1 7.0 13:40 NNE 30 20.2 28.1 17:30 11.1 3:45 1.7 3.6 0.0 0.3 8.0 13:40 NNW ------------------------------------------------------------------------------------- 16.1 31.7 27 4.2 22 104.7 38.8 24.6 0.6 25.0 14 SSE Max >= 32.0: 0 Max <= 0.0: 0 Min <= 0.0: 0 Min <= -18.0: 0 Max Rain: 11.00 ON 16/06/18 Days of Rain: 8 (> .2 mm) 3 (> 2 mm) 0 (> 20 mm) Heat Base: 18.3 Cool Base: 18.3 Method: Integration