2020: Jan | Feb | Mar | Apr | May | Jun | Jul | Aug | Sep | Oct | Nov | Dec 
2019: Jan | Feb | Mar | Apr | May | Jun | Jul | Aug | Sep | Oct | Nov | Dec 
2018: Jan | Feb | Mar | Apr | May | Jun | Jul | Aug | Sep | Oct | Nov | Dec 
2017: Jan | Feb | Mar | Apr | May | Jun | Jul | Aug | Sep | Oct | Nov | Dec 
2016: Jan | Feb | Mar | Apr | May | Jun | Jul | Aug | Sep | Oct | Nov | Dec 
2015: Jan | Feb | Mar | Apr | May | Jun | Jul | Aug | Sep | Oct | Nov | Dec 
2014: Jan | Feb | Mar | Apr | May | Jun | Jul | Aug | Sep | Oct | Nov | Dec 
2013: Jan | Feb | Mar | Apr | May | Jun | Jul | Aug | Sep | Oct | Nov | Dec 
2012: Jan | Feb | Mar | Apr | May | Jun | Jul | Aug | Sep | Oct | Nov | Dec 
2011: Jan | Feb | Mar | Apr | May | Jun | Jul | Aug | Sep | Oct | Nov | Dec 
2010: Jan | Feb | Mar | Apr | May | Jun | Jul | Aug | Sep | Oct | Nov | Dec 
2009: Jan | Feb | Mar | Apr | May | Jun | Jul | Aug | Sep | Oct | Nov | Dec 
2008: Jan | Feb | Mar | Apr | May | Jun | Jul | Aug | Sep | Oct | Nov | Dec 
2007: Jan | Feb | Mar | Apr | May | Jun | Jul | Aug | Sep | Oct | Nov | Dec 

Report for 2018 07
MONTHLY CLIMATOLOGICAL SUMMARY for JUL. 2018 NAME: VantagePro2 CITY: Urswick STATE: Cumbria ELEV: 128 ft LAT: 54 09' 33" N LONG: 3 07' 24" W TEMPERATURE (C), RAIN (mm), WIND SPEED (mph) HEAT COOL AVG MEAN DEG DEG WIND DOM DAY TEMP HIGH TIME LOW TIME DAYS DAYS RAIN SPEED HIGH TIME DIR ------------------------------------------------------------------------------------ 1 21.8 31.0 18:25 11.9 5:15 1.5 5.0 0.0 0.0 7.0 15:00 NNW 2 20.9 28.3 12:35 11.3 4:30 1.6 4.2 0.0 0.3 7.0 11:40 NNW 3 19.9 28.6 14:10 11.2 3:55 2.0 3.6 0.0 0.0 6.0 19:05 NNW 4 19.2 27.8 17:40 9.9 00:00 2.2 3.1 0.0 0.0 6.0 16:20 NNW 5 16.5 23.0 14:40 7.7 4:45 3.2 1.4 0.0 0.6 13.0 13:35 NNW 6 18.7 24.4 14:00 12.3 0:05 1.8 2.2 0.0 0.2 9.0 18:00 NNW 7 18.6 25.8 12:35 9.9 4:55 2.3 2.6 0.0 0.1 8.0 13:00 NNW 8 20.3 26.7 12:10 12.7 2:55 1.4 3.4 0.0 0.3 11.0 17:05 NNW 9 19.3 26.4 12:50 11.3 5:35 1.5 2.6 0.0 0.4 11.0 14:35 NNW 10 17.7 22.3 17:15 12.3 2:40 1.6 1.0 0.0 0.1 8.0 17:10 NNW 11 17.7 24.9 13:10 8.8 5:30 2.4 1.8 0.0 0.2 11.0 14:35 NNW 12 18.8 23.8 17:25 14.1 23:25 1.1 1.7 0.0 0.0 4.0 0:50 NNE 13 16.8 22.1 18:15 12.1 00:00 1.9 0.4 8.6 0.0 1.0 13:05 SE 14 16.9 24.1 17:50 8.6 4:05 3.1 1.7 0.0 0.2 11.0 12:40 SSE 15 18.4 24.1 14:10 11.7 1:20 1.5 1.6 0.0 0.5 11.0 10:45 SSE 16 16.0 20.0 15:00 12.4 00:00 2.4 0.1 11.6 0.1 11.0 2:15 SSE 17 14.6 18.7 15:10 9.1 00:00 3.8 0.0 0.2 0.1 7.0 17:00 SSE 18 15.6 21.9 14:10 7.8 3:20 3.7 0.9 0.0 0.1 7.0 12:45 SSE 19 17.0 23.4 13:05 10.1 23:50 2.7 1.4 0.0 0.1 9.0 14:40 NNW 20 13.3 15.9 9:25 8.7 4:15 5.0 0.0 2.2 0.1 7.0 9:00 SE 21 15.9 18.9 15:20 14.0 1:15 2.4 0.0 0.6 0.1 10.0 18:55 NNW 22 17.7 22.4 18:15 14.7 3:35 1.4 0.8 0.2 0.1 6.0 11:10 SSE 23 18.3 22.3 10:55 14.8 0:50 0.7 0.7 1.8 0.1 8.0 17:05 SE 24 17.9 21.8 14:35 10.8 23:45 1.3 0.8 0.0 0.3 10.0 14:30 SSE 25 16.3 25.8 18:25 8.1 4:10 3.7 1.8 0.0 0.1 6.0 13:25 SSE 26 18.8 28.6 16:50 9.8 2:05 2.4 3.0 0.0 0.1 8.0 10:10 SSE 27 19.9 28.3 14:35 12.2 5:45 1.1 2.8 0.2 0.3 11.0 13:30 SSE 28 15.3 18.1 5:05 11.5 14:00 3.0 0.0 11.6 2.2 24.0 12:35 SSE 29 15.2 18.3 14:35 13.4 5:50 3.1 0.0 16.0 1.3 14.0 1:00 SSE 30 15.6 21.4 13:05 12.5 6:00 3.0 0.2 9.0 0.3 16.0 3:10 SSE 31 16.4 20.2 14:20 13.5 0:25 2.0 0.1 0.0 1.9 16.0 15:20 SSE ------------------------------------------------------------------------------------- 17.6 31.0 1 7.7 5 70.8 48.8 62.1 0.3 24.0 28 SSE Max >= 32.0: 0 Max <= 0.0: 0 Min <= 0.0: 0 Min <= -18.0: 0 Max Rain: 16.00 ON 29/07/18 Days of Rain: 11 (> .2 mm) 6 (> 2 mm) 0 (> 20 mm) Heat Base: 18.3 Cool Base: 18.3 Method: Integration