2020: Jan | Feb | Mar | Apr | May | Jun | Jul | Aug | Sep | Oct | Nov | Dec 
2019: Jan | Feb | Mar | Apr | May | Jun | Jul | Aug | Sep | Oct | Nov | Dec 
2018: Jan | Feb | Mar | Apr | May | Jun | Jul | Aug | Sep | Oct | Nov | Dec 
2017: Jan | Feb | Mar | Apr | May | Jun | Jul | Aug | Sep | Oct | Nov | Dec 
2016: Jan | Feb | Mar | Apr | May | Jun | Jul | Aug | Sep | Oct | Nov | Dec 
2015: Jan | Feb | Mar | Apr | May | Jun | Jul | Aug | Sep | Oct | Nov | Dec 
2014: Jan | Feb | Mar | Apr | May | Jun | Jul | Aug | Sep | Oct | Nov | Dec 
2013: Jan | Feb | Mar | Apr | May | Jun | Jul | Aug | Sep | Oct | Nov | Dec 
2012: Jan | Feb | Mar | Apr | May | Jun | Jul | Aug | Sep | Oct | Nov | Dec 
2011: Jan | Feb | Mar | Apr | May | Jun | Jul | Aug | Sep | Oct | Nov | Dec 
2010: Jan | Feb | Mar | Apr | May | Jun | Jul | Aug | Sep | Oct | Nov | Dec 
2009: Jan | Feb | Mar | Apr | May | Jun | Jul | Aug | Sep | Oct | Nov | Dec 
2008: Jan | Feb | Mar | Apr | May | Jun | Jul | Aug | Sep | Oct | Nov | Dec 
2007: Jan | Feb | Mar | Apr | May | Jun | Jul | Aug | Sep | Oct | Nov | Dec 

Report for 2018 08
MONTHLY CLIMATOLOGICAL SUMMARY for AUG. 2018 NAME: VantagePro2 CITY: Urswick STATE: Cumbria ELEV: 128 ft LAT: 54 09' 33" N LONG: 3 07' 24" W TEMPERATURE (C), RAIN (mm), WIND SPEED (mph) HEAT COOL AVG MEAN DEG DEG WIND DOM DAY TEMP HIGH TIME LOW TIME DAYS DAYS RAIN SPEED HIGH TIME DIR ------------------------------------------------------------------------------------ 1 16.9 21.1 13:40 14.4 6:15 1.7 0.3 0.8 1.0 14.0 11:35 SSE 2 17.6 20.1 14:30 15.5 4:35 0.9 0.2 13.4 0.6 10.0 10:40 SSE 3 17.6 19.6 17:40 13.9 23:45 0.9 0.1 4.6 0.1 9.0 0:45 SE 4 15.9 21.7 12:55 11.1 5:50 2.8 0.5 0.2 0.2 10.0 14:40 NNW 5 16.5 24.5 12:50 9.3 5:00 3.3 1.5 0.0 0.1 9.0 15:00 SSE 6 16.2 19.8 15:30 11.0 0:45 2.2 0.1 0.0 0.1 8.0 14:05 SSE 7 15.4 18.9 17:30 11.3 23:10 2.9 0.0 0.2 0.0 1.0 8:20 N 8 14.5 18.4 13:55 10.2 1:15 3.8 0.0 0.0 0.2 12.0 14:35 SSE 9 13.2 19.3 13:20 7.2 6:05 5.2 0.0 0.0 0.1 9.0 17:35 SSE 10 14.1 17.9 12:45 9.4 0:05 4.2 0.0 0.2 0.0 0.0 --- --- 11 14.2 21.9 14:10 5.8 6:10 4.7 0.6 8.4 0.0 0.0 --- --- 12 17.9 20.9 18:20 16.2 0:05 0.9 0.6 18.4 0.0 0.0 --- --- 13 17.4 20.4 13:30 14.1 21:55 1.2 0.3 0.6 0.0 0.0 --- --- 14 16.4 18.7 16:55 13.4 4:35 1.8 0.0 0.4 0.0 0.0 --- --- 15 17.2 18.5 14:10 16.0 20:50 1.2 0.0 9.6 2.1 25.0 16:15 SSE 16 15.0 17.5 12:50 11.9 6:15 3.3 0.0 2.2 1.3 18.0 14:50 SSE 17 14.4 15.9 00:00 12.5 2:25 3.9 0.0 3.6 2.4 23.0 16:00 SSE 18 16.9 19.8 14:55 15.6 4:00 1.4 0.1 0.2 1.7 15.0 3:45 SSE 19 16.6 18.1 18:55 13.6 21:25 1.8 0.0 22.4 0.6 20.0 5:25 SSE 20 16.9 21.1 15:45 14.4 4:25 1.7 0.4 2.6 0.0 0.0 --- --- 21 17.2 20.2 16:05 14.6 5:40 1.4 0.3 0.0 0.0 0.0 --- --- 22 15.7 18.2 10:55 7.8 23:55 2.7 0.0 1.4 1.4 21.0 11:50 SSE 23 12.2 15.7 13:15 7.8 0:05 6.1 0.0 2.6 0.7 15.0 16:50 SSE 24 12.2 16.1 13:40 9.8 15:35 6.1 0.0 4.6 1.1 14.0 12:20 SW 25 12.2 16.7 13:40 7.9 22:05 6.1 0.0 0.2 0.4 9.0 13:20 NNW 26 11.6 15.2 18:45 7.9 2:15 6.7 0.0 8.8 0.4 13.0 23:45 SSE 27 14.4 17.2 15:15 11.4 0:45 3.8 0.0 0.2 1.0 14.0 3:40 SW 28 14.2 17.7 13:40 11.1 5:30 4.1 0.0 0.0 0.3 11.0 13:25 SSE 29 13.7 17.1 12:55 8.1 00:00 4.6 0.0 0.0 0.7 12.0 14:30 NNW 30 11.5 18.7 14:05 4.9 4:55 6.8 0.0 0.0 0.0 1.0 14:05 SE 31 13.1 20.8 14:35 6.1 6:20 5.5 0.4 0.0 0.1 7.0 11:45 SSE ------------------------------------------------------------------------------------- 15.1 24.5 5 4.9 30 103.9 5.5 105.6 0.5 25.0 15 SSE Max >= 32.0: 0 Max <= 0.0: 0 Min <= 0.0: 0 Min <= -18.0: 0 Max Rain: 22.40 ON 19/08/18 Days of Rain: 22 (> .2 mm) 12 (> 2 mm) 1 (> 20 mm) Heat Base: 18.3 Cool Base: 18.3 Method: Integration