2020: Jan | Feb | Mar | Apr | May | Jun | Jul | Aug | Sep | Oct | Nov | Dec 
2019: Jan | Feb | Mar | Apr | May | Jun | Jul | Aug | Sep | Oct | Nov | Dec 
2018: Jan | Feb | Mar | Apr | May | Jun | Jul | Aug | Sep | Oct | Nov | Dec 
2017: Jan | Feb | Mar | Apr | May | Jun | Jul | Aug | Sep | Oct | Nov | Dec 
2016: Jan | Feb | Mar | Apr | May | Jun | Jul | Aug | Sep | Oct | Nov | Dec 
2015: Jan | Feb | Mar | Apr | May | Jun | Jul | Aug | Sep | Oct | Nov | Dec 
2014: Jan | Feb | Mar | Apr | May | Jun | Jul | Aug | Sep | Oct | Nov | Dec 
2013: Jan | Feb | Mar | Apr | May | Jun | Jul | Aug | Sep | Oct | Nov | Dec 
2012: Jan | Feb | Mar | Apr | May | Jun | Jul | Aug | Sep | Oct | Nov | Dec 
2011: Jan | Feb | Mar | Apr | May | Jun | Jul | Aug | Sep | Oct | Nov | Dec 
2010: Jan | Feb | Mar | Apr | May | Jun | Jul | Aug | Sep | Oct | Nov | Dec 
2009: Jan | Feb | Mar | Apr | May | Jun | Jul | Aug | Sep | Oct | Nov | Dec 
2008: Jan | Feb | Mar | Apr | May | Jun | Jul | Aug | Sep | Oct | Nov | Dec 
2007: Jan | Feb | Mar | Apr | May | Jun | Jul | Aug | Sep | Oct | Nov | Dec 

Report for 2018 11
MONTHLY CLIMATOLOGICAL SUMMARY for NOV. 2018 NAME: VantagePro2 CITY: Urswick STATE: Cumbria ELEV: 128 ft LAT: 54 09' 33" N LONG: 3 07' 24" W TEMPERATURE (C), RAIN (mm), WIND SPEED (mph) HEAT COOL AVG MEAN DEG DEG WIND DOM DAY TEMP HIGH TIME LOW TIME DAYS DAYS RAIN SPEED HIGH TIME DIR ------------------------------------------------------------------------------------ 1 5.8 8.4 14:05 1.2 22:40 12.5 0.0 3.2 0.1 12.0 17:20 NNW 2 6.5 9.9 14:40 0.4 2:50 11.8 0.0 1.2 0.1 9.0 21:10 SSE 3 9.8 11.4 11:55 7.1 1:20 8.5 0.0 11.8 0.8 13.0 12:00 SSE 4 10.8 11.8 13:20 9.8 23:55 7.5 0.0 5.4 0.2 12.0 0:10 SSE 5 9.4 11.1 13:00 8.2 7:35 8.9 0.0 0.2 0.3 7.0 23:00 NNW 6 11.8 13.5 14:45 10.1 7:05 6.5 0.0 0.2 0.1 8.0 20:00 SSW 7 11.0 13.6 10:55 8.3 23:50 7.3 0.0 5.8 0.1 11.0 6:40 SSE 8 8.3 10.5 18:00 4.3 3:00 10.0 0.0 3.0 0.3 10.0 19:10 SSE 9 9.7 11.2 15:30 8.5 5:55 8.6 0.0 7.0 1.2 13.0 21:30 SSW 10 9.1 10.2 13:40 7.2 23:25 9.2 0.0 12.8 0.2 10.0 6:30 SSE 11 8.2 10.3 14:40 6.7 6:10 10.1 0.0 6.8 0.3 19.0 13:35 SSE 12 8.9 11.8 12:30 7.3 7:00 9.4 0.0 19.8 1.0 16.0 13:55 SSE 13 9.8 11.5 12:35 8.5 0:25 8.5 0.0 4.0 0.9 16.0 13:00 SSE 14 10.4 11.7 12:15 8.7 23:50 7.9 0.0 3.4 0.4 11.0 6:35 SSE 15 9.1 12.2 13:10 5.7 7:20 9.2 0.0 0.0 0.0 7.0 13:30 SSE 16 11.3 12.7 14:05 9.7 0:45 7.0 0.0 0.0 0.0 6.0 23:25 NNE 17 8.1 10.4 13:45 5.9 8:05 10.2 0.0 0.0 1.5 15.0 21:30 NNW 18 6.9 10.4 13:35 1.6 6:10 11.4 0.0 0.0 0.7 11.0 0:10 NNW 19 6.9 9.6 11:05 4.6 21:40 11.3 0.0 0.0 1.0 11.0 17:20 NNW 20 5.8 7.1 10:45 4.1 3:20 12.5 0.0 0.0 1.2 11.0 10:20 NNW 21 4.4 5.8 0:10 2.8 23:45 13.9 0.0 4.2 0.5 8.0 6:35 NNW 22 3.3 5.8 16:35 -1.9 7:50 14.9 0.0 0.2 0.0 6.0 0:30 NNE 23 4.8 6.0 12:55 2.2 19:45 13.5 0.0 0.2 0.1 7.0 0:30 NNE 24 5.2 7.7 12:25 2.3 18:00 13.1 0.0 0.0 0.0 5.0 8:30 NNW 25 5.3 7.9 13:50 3.1 21:00 13.0 0.0 0.0 0.2 7.0 8:25 NNW 26 3.2 6.5 13:25 -1.3 19:50 15.2 0.0 0.0 0.0 4.0 0:20 NNW 27 4.6 6.4 21:00 0.7 2:05 13.8 0.0 8.8 0.1 10.0 13:10 NNE 28 9.6 12.1 13:25 6.2 2:30 8.7 0.0 5.8 2.6 28.0 17:00 SSE 29 9.3 12.2 10:05 7.6 12:25 9.0 0.0 13.6 1.8 19.0 11:05 SSE 30 7.8 9.3 12:05 6.2 17:05 10.5 0.0 3.0 2.2 21.0 3:00 SSE ------------------------------------------------------------------------------------- 7.8 13.6 7 -1.9 22 313.8 0.0 120.4 0.6 28.0 28 SSE Max >= 32.0: 0 Max <= 0.0: 0 Min <= 0.0: 2 Min <= -18.0: 0 Max Rain: 19.81 ON 12/11/18 Days of Rain: 21 (> .2 mm) 16 (> 2 mm) 0 (> 20 mm) Heat Base: 18.3 Cool Base: 18.3 Method: Integration