2020: Jan | Feb | Mar | Apr | May | Jun | Jul | Aug | Sep | Oct | Nov | Dec 
2019: Jan | Feb | Mar | Apr | May | Jun | Jul | Aug | Sep | Oct | Nov | Dec 
2018: Jan | Feb | Mar | Apr | May | Jun | Jul | Aug | Sep | Oct | Nov | Dec 
2017: Jan | Feb | Mar | Apr | May | Jun | Jul | Aug | Sep | Oct | Nov | Dec 
2016: Jan | Feb | Mar | Apr | May | Jun | Jul | Aug | Sep | Oct | Nov | Dec 
2015: Jan | Feb | Mar | Apr | May | Jun | Jul | Aug | Sep | Oct | Nov | Dec 
2014: Jan | Feb | Mar | Apr | May | Jun | Jul | Aug | Sep | Oct | Nov | Dec 
2013: Jan | Feb | Mar | Apr | May | Jun | Jul | Aug | Sep | Oct | Nov | Dec 
2012: Jan | Feb | Mar | Apr | May | Jun | Jul | Aug | Sep | Oct | Nov | Dec 
2011: Jan | Feb | Mar | Apr | May | Jun | Jul | Aug | Sep | Oct | Nov | Dec 
2010: Jan | Feb | Mar | Apr | May | Jun | Jul | Aug | Sep | Oct | Nov | Dec 
2009: Jan | Feb | Mar | Apr | May | Jun | Jul | Aug | Sep | Oct | Nov | Dec 
2008: Jan | Feb | Mar | Apr | May | Jun | Jul | Aug | Sep | Oct | Nov | Dec 
2007: Jan | Feb | Mar | Apr | May | Jun | Jul | Aug | Sep | Oct | Nov | Dec 

Report for 2018 12
MONTHLY CLIMATOLOGICAL SUMMARY for DEC. 2018 NAME: VantagePro2 CITY: Urswick STATE: Cumbria ELEV: 128 ft LAT: 54 09' 33" N LONG: 3 07' 24" W TEMPERATURE (C), RAIN (mm), WIND SPEED (mph) HEAT COOL AVG MEAN DEG DEG WIND DOM DAY TEMP HIGH TIME LOW TIME DAYS DAYS RAIN SPEED HIGH TIME DIR ------------------------------------------------------------------------------------ 1 7.6 9.4 23:00 5.9 5:55 10.7 0.0 15.0 0.0 8.0 1:25 SE 2 10.1 11.1 18:30 9.1 5:35 8.2 0.0 8.4 1.4 19.0 18:40 SSE 3 5.6 10.6 0:05 1.1 19:45 12.7 0.0 3.0 0.8 15.0 0:05 NW 4 0.8 3.4 14:20 -3.2 7:45 17.5 0.0 0.2 0.0 1.0 15:10 NNW 5 5.2 7.3 20:35 1.7 0:05 13.1 0.0 16.0 0.2 7.0 5:45 NNW 6 9.6 11.3 16:45 7.2 0:05 8.7 0.0 8.0 1.2 21.0 12:00 SSE 7 8.6 10.8 5:05 7.2 16:00 9.7 0.0 19.8 2.3 29.0 23:00 SW 8 8.7 9.4 1:15 7.4 17:25 9.6 0.0 5.4 2.0 29.0 1:05 WSW 9 6.4 8.5 1:35 4.2 18:55 11.9 0.0 1.2 1.5 16.0 12:40 NW 10 5.6 8.2 13:35 1.7 8:45 12.7 0.0 1.2 0.2 10.0 2:40 NW 11 6.7 7.9 13:15 4.2 0:05 11.6 0.0 2.0 0.0 6.0 19:05 SW 12 6.1 8.6 13:40 3.1 22:05 12.2 0.0 0.0 0.1 11.0 13:15 SW 13 3.3 5.2 13:05 0.7 23:35 15.0 0.0 0.0 0.0 8.0 13:40 SW 14 1.6 4.1 13:50 -0.9 7:05 16.7 0.0 0.0 0.0 8.0 22:00 SW 15 3.1 7.4 21:55 1.7 12:25 15.2 0.0 21.4 1.0 26.0 22:25 SW 16 5.9 7.5 2:05 4.2 9:10 12.4 0.0 5.2 0.5 26.0 0:05 SSE 17 4.2 8.8 00:00 -0.8 8:05 14.1 0.0 0.2 0.3 9.0 18:35 SW 18 8.1 10.0 9:15 4.7 00:00 10.2 0.0 10.2 1.0 15.0 9:45 SSW 19 5.3 7.1 13:35 3.3 9:35 13.0 0.0 2.2 0.0 8.0 19:55 SSE 20 6.8 8.2 12:30 4.9 0:05 11.4 0.0 13.8 0.5 15.0 17:30 SSE 21 6.7 8.5 20:40 5.2 8:45 11.6 0.0 13.8 0.1 13.0 20:50 SSE 22 7.4 9.3 12:35 5.5 23:20 10.9 0.0 0.4 0.1 12.0 0:15 SW 23 5.2 7.6 1:50 -0.2 22:40 13.1 0.0 7.6 0.0 5.0 2:40 SSE 24 0.2 4.2 13:55 -2.0 9:15 18.2 0.0 0.2 0.0 8.0 12:35 NNE 25 4.4 6.4 23:55 0.0 0:05 13.9 0.0 0.8 0.0 1.0 4:00 NE 26 7.8 9.2 15:10 6.4 0:05 10.4 0.0 0.0 0.0 4.0 12:35 SSE 27 7.4 8.8 13:05 6.8 23:05 10.9 0.0 0.0 0.0 1.0 13:05 NW 28 8.1 10.1 13:55 5.3 19:35 10.2 0.0 1.4 0.1 15.0 23:50 SSE 29 8.9 10.6 8:20 6.2 19:15 9.4 0.0 3.2 1.8 23.0 13:55 SSE 30 9.3 10.3 11:40 6.8 0:05 9.0 0.0 9.2 0.0 8.0 12:05 SE 31 9.2 9.8 12:25 8.5 6:10 9.1 0.0 0.0 0.3 15.0 16:00 SSE ------------------------------------------------------------------------------------- 6.2 11.3 6 -3.2 4 373.8 0.0 169.8 0.5 29.0 7 SW Max >= 32.0: 0 Max <= 0.0: 0 Min <= 0.0: 6 Min <= -18.0: 0 Max Rain: 21.41 ON 15/12/18 Days of Rain: 25 (> .2 mm) 17 (> 2 mm) 1 (> 20 mm) Heat Base: 18.3 Cool Base: 18.3 Method: Integration