2020: Jan | Feb | Mar | Apr | May | Jun | Jul | Aug | Sep | Oct | Nov | Dec 
2019: Jan | Feb | Mar | Apr | May | Jun | Jul | Aug | Sep | Oct | Nov | Dec 
2018: Jan | Feb | Mar | Apr | May | Jun | Jul | Aug | Sep | Oct | Nov | Dec 
2017: Jan | Feb | Mar | Apr | May | Jun | Jul | Aug | Sep | Oct | Nov | Dec 
2016: Jan | Feb | Mar | Apr | May | Jun | Jul | Aug | Sep | Oct | Nov | Dec 
2015: Jan | Feb | Mar | Apr | May | Jun | Jul | Aug | Sep | Oct | Nov | Dec 
2014: Jan | Feb | Mar | Apr | May | Jun | Jul | Aug | Sep | Oct | Nov | Dec 
2013: Jan | Feb | Mar | Apr | May | Jun | Jul | Aug | Sep | Oct | Nov | Dec 
2012: Jan | Feb | Mar | Apr | May | Jun | Jul | Aug | Sep | Oct | Nov | Dec 
2011: Jan | Feb | Mar | Apr | May | Jun | Jul | Aug | Sep | Oct | Nov | Dec 
2010: Jan | Feb | Mar | Apr | May | Jun | Jul | Aug | Sep | Oct | Nov | Dec 
2009: Jan | Feb | Mar | Apr | May | Jun | Jul | Aug | Sep | Oct | Nov | Dec 
2008: Jan | Feb | Mar | Apr | May | Jun | Jul | Aug | Sep | Oct | Nov | Dec 
2007: Jan | Feb | Mar | Apr | May | Jun | Jul | Aug | Sep | Oct | Nov | Dec 

Report for 2019
ANNUAL CLIMATOLOGICAL SUMMARY NAME: VantagePro2 CITY: Urswick STATE: Cumbria ELEV: 128 ft LAT: 54 09' 33" N LONG: 3 07' 24" W TEMPERATURE (C), HEAT BASE 18.3, COOL BASE 18.3 DEP. HEAT COOL MEAN MEAN FROM DEG DEG MAX MAX MIN MIN YR MO MAX MIN MEAN NORM DAYS DAYS HI DATE LOW DATE >=32 <=0 <=0 <=-18 ------------------------------------------------------------------------------------ 19 1 6.0 1.0 3.8 -0.0 449 0 10.3 7 -6.7 23 0 0 14 0 19 2 9.8 2.3 6.0 2.1 344 0 15.6 24 -6.8 3 0 0 7 0 19 3 9.7 3.3 6.8 1.0 357 0 13.1 31 -2.2 8 0 0 1 0 19 4 15.0 4.3 9.3 1.7 274 4 24.4 19 -2.4 11 0 0 2 0 19 5 15.5 5.4 10.6 -0.1 239 2 23.4 15 -0.6 12 0 0 1 0 19 6 19.0 9.2 14.0 0.5 141 11 27.0 27 3.4 14 0 0 0 0 19 7 21.4 12.4 16.7 0.8 73 24 31.0 25 4.7 3 0 0 0 0 19 8 19.8 12.4 16.0 0.3 85 13 29.4 25 8.7 13 0 0 0 0 19 9 16.6 9.1 13.0 -0.3 155 1 21.0 20 3.9 14 0 0 0 0 19 10 12.0 5.2 8.8 -1.2 295 0 15.1 12 -1.8 28 0 0 3 0 19 11 8.0 2.3 5.5 -1.0 385 0 12.3 1 -3.8 29 0 0 9 0 19 12 7.8 2.6 5.5 0.8 397 0 11.2 8 -5.2 2 0 0 6 0 ------------------------------------------------------------------------------------ 13.4 5.8 9.7 0.4 3195 55 31.0 JUL -6.8 FEB 0 0 43 0 PRECIPITATION (mm) DEP. MAX DAYS OF RAIN FROM OBS. OVER YR MO TOTAL NORM DAY DATE .2 2 20 --------------------------------------------- 19 1 77.4 -16.6 17.6 29 19 10 0 19 2 107.2 40.2 23.4 8 18 11 2 19 3 160.0 87.0 22.2 6 22 16 1 19 4 40.6 -19.4 12.8 2 9 6 0 19 5 58.6 -0.4 18.2 29 16 8 0 19 6 89.6 23.6 15.8 8 16 11 0 19 7 132.2 75.2 29.4 21 17 12 1 19 8 201.2 129.2 40.2 9 23 13 4 19 9 170.6 90.6 36.0 29 22 16 1 19 10 175.8 82.8 32.2 1 25 15 2 19 11 133.6 40.6 41.2 1 22 16 1 19 12 136.0 35.0 18.0 10 24 11 0 --------------------------------------------- 1482.8 567.8 41.2 NOV 233 145 12 WIND SPEED (mph) DOM YR MO AVG. HI DATE DIR --------------------------------- 19 1 0.8 30.0 27 NW 19 2 0.5 39.0 9 SSE 19 3 0.7 32.0 13 SSE 19 4 0.5 24.0 27 NNW 19 5 0.4 24.0 31 NNW 19 6 0.4 22.0 2 SSE 19 7 0.4 28.0 22 NNW 19 8 0.8 27.0 10 SSE 19 9 0.4 25.0 2 SSE 19 10 0.2 22.0 11 SSE 19 11 0.0 19.0 11 NNE 19 12 0.1 180.0 4 SE --------------------------------- 0.4 180.0 DEC SSE