2020: Jan | Feb | Mar | Apr | May | Jun | Jul | Aug | Sep | Oct | Nov | Dec 
2019: Jan | Feb | Mar | Apr | May | Jun | Jul | Aug | Sep | Oct | Nov | Dec 
2018: Jan | Feb | Mar | Apr | May | Jun | Jul | Aug | Sep | Oct | Nov | Dec 
2017: Jan | Feb | Mar | Apr | May | Jun | Jul | Aug | Sep | Oct | Nov | Dec 
2016: Jan | Feb | Mar | Apr | May | Jun | Jul | Aug | Sep | Oct | Nov | Dec 
2015: Jan | Feb | Mar | Apr | May | Jun | Jul | Aug | Sep | Oct | Nov | Dec 
2014: Jan | Feb | Mar | Apr | May | Jun | Jul | Aug | Sep | Oct | Nov | Dec 
2013: Jan | Feb | Mar | Apr | May | Jun | Jul | Aug | Sep | Oct | Nov | Dec 
2012: Jan | Feb | Mar | Apr | May | Jun | Jul | Aug | Sep | Oct | Nov | Dec 
2011: Jan | Feb | Mar | Apr | May | Jun | Jul | Aug | Sep | Oct | Nov | Dec 
2010: Jan | Feb | Mar | Apr | May | Jun | Jul | Aug | Sep | Oct | Nov | Dec 
2009: Jan | Feb | Mar | Apr | May | Jun | Jul | Aug | Sep | Oct | Nov | Dec 
2008: Jan | Feb | Mar | Apr | May | Jun | Jul | Aug | Sep | Oct | Nov | Dec 
2007: Jan | Feb | Mar | Apr | May | Jun | Jul | Aug | Sep | Oct | Nov | Dec 

Report for 2019 01
MONTHLY CLIMATOLOGICAL SUMMARY for JAN. 2019 NAME: VantagePro2 CITY: Urswick STATE: Cumbria ELEV: 128 ft LAT: 54 09' 33" N LONG: 3 07' 24" W TEMPERATURE (C), RAIN (mm), WIND SPEED (mph) HEAT COOL AVG MEAN DEG DEG WIND DOM DAY TEMP HIGH TIME LOW TIME DAYS DAYS RAIN SPEED HIGH TIME DIR ------------------------------------------------------------------------------------ 1 5.2 9.4 3:10 -2.3 23:55 13.2 0.0 0.4 0.5 14.0 3:40 NW 2 -0.6 2.9 13:45 -4.1 8:00 18.8 0.0 0.2 0.0 1.0 13:05 NNE 3 2.4 3.6 13:25 1.2 0:05 15.9 0.0 0.0 0.0 1.0 0:30 S 4 3.0 4.8 23:55 2.3 6:25 15.3 0.0 0.0 0.0 8.0 22:40 NW 5 5.2 6.3 14:45 3.7 19:20 13.1 0.0 0.0 0.0 8.0 16:40 NW 6 7.3 8.7 13:25 5.7 3:05 11.0 0.0 1.8 0.0 4.0 23:40 SE 7 8.9 10.3 13:05 7.4 23:50 9.4 0.0 0.8 2.0 22.0 10:35 SSE 8 5.2 8.1 0:40 0.7 23:00 13.1 0.0 0.0 2.3 22.0 4:25 NW 9 0.1 4.7 14:00 -3.2 5:20 18.2 0.0 0.0 0.0 2.0 0:05 NNW 10 4.5 7.9 15:15 0.5 0:30 13.8 0.0 0.0 0.0 6.0 14:55 NW 11 7.3 8.5 13:10 5.2 6:50 11.0 0.0 0.0 0.1 8.0 2:05 NW 12 8.4 9.4 22:25 7.5 8:05 9.9 0.0 3.2 1.6 15.0 4:25 NW 13 8.4 10.1 11:05 7.0 14:45 9.9 0.0 2.8 3.3 25.0 20:10 NW 14 7.1 8.4 12:15 5.6 8:45 11.3 0.0 0.2 1.3 19.0 5:00 NW 15 8.4 9.1 14:10 7.7 0:05 9.9 0.0 0.0 1.1 16.0 23:25 SSE 16 6.2 8.8 0:50 2.7 20:55 12.1 0.0 3.0 1.0 20.0 6:10 SSE 17 0.8 4.2 12:35 -2.4 00:00 17.4 0.0 0.0 0.6 15.0 0:05 NW 18 1.1 3.6 12:30 -3.4 4:35 17.2 0.0 3.0 0.1 10.0 20:20 SW 19 3.1 3.5 11:10 2.7 0:05 15.2 0.0 1.4 0.0 4.0 0:10 NNE 20 2.9 5.8 13:35 -0.4 23:55 15.4 0.0 0.4 0.0 1.0 12:05 NNW 21 1.4 4.4 13:30 -3.5 5:25 16.9 0.0 11.6 0.2 11.0 17:10 SSE 22 1.3 4.4 11:15 -2.7 23:40 17.0 0.0 7.4 0.1 11.0 0:30 NW 23 -2.5 1.1 14:05 -6.7 8:30 20.8 0.0 0.0 0.0 0.0 --- --- 24 1.5 3.7 13:45 -0.1 7:10 16.8 0.0 5.0 0.0 1.0 2:50 SW 25 7.7 9.2 17:25 3.0 0:35 10.6 0.0 4.0 0.3 14.0 23:00 SW 26 7.7 8.8 12:55 5.4 00:00 10.6 0.0 13.6 1.1 16.0 3:20 SSE 27 3.8 6.3 13:15 1.3 00:00 14.5 0.0 0.0 7.4 30.0 13:05 NW 28 1.2 4.2 13:30 -4.6 7:35 17.1 0.0 0.8 0.3 11.0 12:15 NW 29 2.5 4.8 5:10 -0.8 00:00 15.8 0.0 17.6 0.5 16.0 18:10 NW 30 -0.7 1.2 15:15 -3.3 6:45 18.9 0.0 0.2 0.0 1.0 1:35 NE 31 -1.2 1.1 13:55 -2.2 5:00 19.4 0.0 0.0 0.2 9.0 14:00 NNE ------------------------------------------------------------------------------------- 3.8 10.3 7 -6.7 23 449.4 0.0 77.4 0.8 30.0 27 NW Max >= 32.0: 0 Max <= 0.0: 0 Min <= 0.0: 14 Min <= -18.0: 0 Max Rain: 17.60 ON 29/01/19 Days of Rain: 19 (> .2 mm) 10 (> 2 mm) 0 (> 20 mm) Heat Base: 18.3 Cool Base: 18.3 Method: Integration