2020: Jan | Feb | Mar | Apr | May | Jun | Jul | Aug | Sep | Oct | Nov | Dec 
2019: Jan | Feb | Mar | Apr | May | Jun | Jul | Aug | Sep | Oct | Nov | Dec 
2018: Jan | Feb | Mar | Apr | May | Jun | Jul | Aug | Sep | Oct | Nov | Dec 
2017: Jan | Feb | Mar | Apr | May | Jun | Jul | Aug | Sep | Oct | Nov | Dec 
2016: Jan | Feb | Mar | Apr | May | Jun | Jul | Aug | Sep | Oct | Nov | Dec 
2015: Jan | Feb | Mar | Apr | May | Jun | Jul | Aug | Sep | Oct | Nov | Dec 
2014: Jan | Feb | Mar | Apr | May | Jun | Jul | Aug | Sep | Oct | Nov | Dec 
2013: Jan | Feb | Mar | Apr | May | Jun | Jul | Aug | Sep | Oct | Nov | Dec 
2012: Jan | Feb | Mar | Apr | May | Jun | Jul | Aug | Sep | Oct | Nov | Dec 
2011: Jan | Feb | Mar | Apr | May | Jun | Jul | Aug | Sep | Oct | Nov | Dec 
2010: Jan | Feb | Mar | Apr | May | Jun | Jul | Aug | Sep | Oct | Nov | Dec 
2009: Jan | Feb | Mar | Apr | May | Jun | Jul | Aug | Sep | Oct | Nov | Dec 
2008: Jan | Feb | Mar | Apr | May | Jun | Jul | Aug | Sep | Oct | Nov | Dec 
2007: Jan | Feb | Mar | Apr | May | Jun | Jul | Aug | Sep | Oct | Nov | Dec 

Report for 2019 02
MONTHLY CLIMATOLOGICAL SUMMARY for FEB. 2019 NAME: VantagePro2 CITY: Urswick STATE: Cumbria ELEV: 128 ft LAT: 54 09' 33" N LONG: 3 07' 24" W TEMPERATURE (C), RAIN (mm), WIND SPEED (mph) HEAT COOL AVG MEAN DEG DEG WIND DOM DAY TEMP HIGH TIME LOW TIME DAYS DAYS RAIN SPEED HIGH TIME DIR ------------------------------------------------------------------------------------ 1 -0.4 3.8 13:20 -3.1 23:05 18.7 0.0 0.6 0.0 7.0 11:50 NNW 2 -2.0 3.9 13:15 -6.3 23:35 20.3 0.0 0.2 0.1 9.0 10:55 NW 3 1.1 6.4 17:30 -6.8 1:45 17.2 0.0 7.2 0.1 15.0 15:15 SSE 4 4.9 7.7 13:00 -0.2 23:50 13.4 0.0 10.6 0.6 15.0 12:15 NW 5 4.2 8.1 22:05 -1.8 1:35 14.1 0.0 11.6 0.0 9.0 20:25 SSE 6 5.4 7.7 15:00 1.9 8:40 12.9 0.0 0.2 0.0 11.0 13:35 SSE 7 5.5 7.2 14:10 3.8 6:55 12.8 0.0 5.8 0.4 19.0 10:15 SSE 8 7.2 9.7 14:05 5.1 1:45 11.1 0.0 23.4 3.7 26.0 22:20 SSE 9 6.8 8.9 12:55 5.2 19:00 11.5 0.0 0.8 3.4 39.0 3:05 SSE 10 4.1 6.8 13:25 0.9 7:50 14.2 0.0 2.4 0.5 15.0 13:05 NW 11 3.2 8.6 13:55 -1.2 8:05 15.1 0.0 0.2 0.0 5.0 1:35 NNW 12 6.6 9.2 12:35 1.0 1:50 11.8 0.0 1.8 1.0 16.0 12:50 SSE 13 7.8 8.8 11:55 5.1 21:50 10.5 0.0 0.0 0.7 15.0 9:10 SSE 14 5.9 10.6 13:45 2.1 20:45 12.4 0.0 0.0 0.0 2.0 0:05 SW 15 5.9 11.3 14:00 -0.1 8:15 12.4 0.0 0.0 0.0 4.0 20:00 SE 16 9.3 12.1 13:55 7.8 7:45 9.0 0.0 0.0 0.9 21.0 0:45 SSE 17 8.4 11.8 13:40 6.6 18:55 9.8 0.0 0.0 0.5 16.0 15:20 SSE 18 7.6 9.4 12:25 6.4 1:45 10.7 0.0 2.4 1.5 21.0 16:55 SSE 19 7.2 8.3 14:35 6.5 4:40 11.1 0.0 7.0 0.4 11.0 0:55 SSE 20 7.8 8.6 19:00 6.7 0:05 10.5 0.0 20.8 0.1 9.0 2:20 SSE 21 8.5 10.9 14:50 5.1 00:00 9.8 0.0 8.8 0.1 12.0 10:40 SSE 22 9.4 14.5 13:55 5.1 0:05 8.9 0.0 0.2 0.0 5.0 11:50 SW 23 9.4 13.6 12:30 6.3 7:00 8.9 0.0 0.0 0.1 10.0 13:40 SSE 24 9.4 15.6 12:55 4.5 00:00 8.9 0.0 0.0 0.0 4.0 9:35 NE 25 7.3 15.6 13:20 2.6 7:15 11.0 0.0 0.0 0.0 1.0 8:50 NNE 26 6.9 15.2 13:25 0.7 4:55 11.4 0.0 0.0 0.0 1.0 10:00 NNE 27 5.5 12.5 12:30 0.1 7:35 12.8 0.0 0.0 0.0 4.0 14:05 NNW 28 5.2 7.5 16:40 0.4 3:00 13.1 0.0 3.2 0.0 1.0 7:20 WNW ------------------------------------------------------------------------------------- 6.0 15.6 24 -6.8 3 344.2 0.0 107.2 0.5 39.0 9 SSE Max >= 32.0: 0 Max <= 0.0: 0 Min <= 0.0: 7 Min <= -18.0: 0 Max Rain: 23.39 ON 08/02/19 Days of Rain: 18 (> .2 mm) 11 (> 2 mm) 2 (> 20 mm) Heat Base: 18.3 Cool Base: 18.3 Method: Integration