2020: Jan | Feb | Mar | Apr | May | Jun | Jul | Aug | Sep | Oct | Nov | Dec 
2019: Jan | Feb | Mar | Apr | May | Jun | Jul | Aug | Sep | Oct | Nov | Dec 
2018: Jan | Feb | Mar | Apr | May | Jun | Jul | Aug | Sep | Oct | Nov | Dec 
2017: Jan | Feb | Mar | Apr | May | Jun | Jul | Aug | Sep | Oct | Nov | Dec 
2016: Jan | Feb | Mar | Apr | May | Jun | Jul | Aug | Sep | Oct | Nov | Dec 
2015: Jan | Feb | Mar | Apr | May | Jun | Jul | Aug | Sep | Oct | Nov | Dec 
2014: Jan | Feb | Mar | Apr | May | Jun | Jul | Aug | Sep | Oct | Nov | Dec 
2013: Jan | Feb | Mar | Apr | May | Jun | Jul | Aug | Sep | Oct | Nov | Dec 
2012: Jan | Feb | Mar | Apr | May | Jun | Jul | Aug | Sep | Oct | Nov | Dec 
2011: Jan | Feb | Mar | Apr | May | Jun | Jul | Aug | Sep | Oct | Nov | Dec 
2010: Jan | Feb | Mar | Apr | May | Jun | Jul | Aug | Sep | Oct | Nov | Dec 
2009: Jan | Feb | Mar | Apr | May | Jun | Jul | Aug | Sep | Oct | Nov | Dec 
2008: Jan | Feb | Mar | Apr | May | Jun | Jul | Aug | Sep | Oct | Nov | Dec 
2007: Jan | Feb | Mar | Apr | May | Jun | Jul | Aug | Sep | Oct | Nov | Dec 

Report for 2019 03
MONTHLY CLIMATOLOGICAL SUMMARY for MAR. 2019 NAME: VantagePro2 CITY: Urswick STATE: Cumbria ELEV: 128 ft LAT: 54 09' 33" N LONG: 3 07' 24" W TEMPERATURE (C), RAIN (mm), WIND SPEED (mph) HEAT COOL AVG MEAN DEG DEG WIND DOM DAY TEMP HIGH TIME LOW TIME DAYS DAYS RAIN SPEED HIGH TIME DIR ------------------------------------------------------------------------------------ 1 5.6 7.6 16:05 0.8 7:00 12.8 0.0 0.4 0.0 2.0 0:10 NW 2 8.1 9.9 11:10 6.7 0:05 10.2 0.0 11.6 0.4 23.0 18:25 SSE 3 6.2 8.2 10:15 1.8 21:40 12.1 0.0 10.0 1.0 27.0 22:05 SSE 4 5.2 8.7 12:05 3.0 3:00 13.1 0.0 11.4 0.4 16.0 1:55 NW 5 6.7 10.2 14:05 4.2 0:30 11.6 0.0 8.6 0.6 18.0 11:55 SSE 6 7.9 10.3 12:55 5.6 22:20 10.4 0.0 22.2 0.1 8.0 6:50 SSE 7 6.2 8.6 14:00 2.6 00:00 12.1 0.0 5.0 1.2 20.0 4:10 NW 8 3.7 8.0 19:05 -2.2 5:55 14.6 0.0 7.8 0.1 16.0 18:50 SSE 9 5.9 7.9 14:55 3.1 6:30 12.4 0.0 6.6 0.3 26.0 7:25 NW 10 3.8 6.4 12:05 1.4 9:45 14.5 0.0 7.8 0.3 18.0 10:45 NW 11 5.6 8.3 13:05 1.8 4:00 12.7 0.0 11.8 0.4 25.0 5:05 NW 12 6.6 8.7 4:00 4.3 8:00 11.7 0.0 12.8 1.3 31.0 23:05 SSE 13 7.1 9.7 14:00 5.1 4:20 11.2 0.0 5.6 2.5 32.0 12:00 NW 14 8.0 9.8 12:35 6.6 23:45 10.3 0.0 8.6 2.0 24.0 3:10 NW 15 7.8 9.4 3:25 6.4 20:10 10.5 0.0 2.2 0.6 19.0 4:00 SW 16 6.6 9.5 13:00 3.6 23:00 11.7 0.0 18.8 3.6 27.0 8:10 SSE 17 5.3 8.2 11:50 2.4 5:45 13.0 0.0 1.4 1.9 19.0 7:50 NW 18 6.6 8.7 11:40 3.3 1:45 11.7 0.0 1.0 0.0 8.0 0:05 NW 19 8.3 10.8 13:00 6.1 3:50 10.0 0.0 4.6 0.2 14.0 13:45 SSE 20 8.6 9.6 12:30 7.9 4:35 9.7 0.0 0.2 0.3 12.0 23:35 SSE 21 10.3 12.9 14:15 8.3 6:25 8.0 0.0 0.0 0.1 12.0 0:15 SSE 22 8.7 10.4 10:45 4.3 23:30 9.6 0.0 1.2 1.1 21.0 15:55 SSE 23 5.8 9.1 12:40 2.3 6:45 12.5 0.0 0.0 0.1 9.0 10:30 NW 24 6.1 9.7 12:45 0.6 2:50 12.2 0.0 0.4 1.5 20.0 13:45 NW 25 6.2 11.7 11:20 1.7 21:45 12.2 0.0 0.0 1.1 18.0 0:05 NW 26 7.1 11.1 13:10 1.2 0:45 11.2 0.0 0.0 0.4 13.0 9:55 NW 27 8.1 12.0 12:50 3.1 22:45 10.2 0.0 0.0 0.0 8.0 13:10 SW 28 6.6 12.4 12:50 0.8 23:30 11.8 0.0 0.0 0.1 10.0 9:30 SSE 29 6.2 9.7 13:10 0.8 0:05 12.1 0.0 0.0 0.0 9.0 15:10 SSE 30 7.7 10.7 12:55 3.4 0:05 10.7 0.0 0.0 0.0 6.0 14:30 SSE 31 7.2 13.1 12:40 2.7 4:50 10.6 0.0 0.0 0.2 9.0 10:30 NNE ------------------------------------------------------------------------------------- 6.8 13.1 31 -2.2 8 357.3 0.0 160.0 0.7 32.0 13 SSE Max >= 32.0: 0 Max <= 0.0: 0 Min <= 0.0: 1 Min <= -18.0: 0 Max Rain: 22.20 ON 06/03/19 Days of Rain: 22 (> .2 mm) 16 (> 2 mm) 1 (> 20 mm) Heat Base: 18.3 Cool Base: 18.3 Method: Integration